000
CXUS55 KGJT 011010
CF6VEL
PRELIMINARY LOCAL CLIMATOLOGICAL DATA (WS FORM: F-6)
STATION: VERNAL UT
MONTH: JANUARY
YEAR: 2022
LATITUDE: 40 27 N
LONGITUDE: 109 31 W
TEMPERATURE IN F: :PCPN: SNOW: WIND :SUNSHINE: SKY :PK WND
================================================================================
1 2 3 4 5 6A 6B 7 8 9 10 11 12 13 14 15 16 17 18
12Z AVG MX 2MIN
DY MAX MIN AVG DEP HDD CDD WTR SNW DPTH SPD SPD DIR MIN PSBL S-S WX SPD DR
================================================================================
1 23 2 13 -6 52 0 T M M 4.3 12 280 M M 3 1 16 10
2 21 -4 9 -10 56 0 0.00 M M 2.5 8 330 M M 0 9 330
3 21 -1 10 -9 55 0 0.00 M M 2.2 8 300 M M 0 9 260
4 29 0 15 -4 50 0 0.00 M M 3.5 10 90 M M 0 14 80
5 41 11 26 7 39 0 0.00 M M 3.2 9 290 M M 2 11 290
6 47 20 34 15 31 0 0.00 M M 3.2 9 290 M M 1 10 290
7 46 21 34 15 31 0 0.00 M M 3.6 8 280 M M 0 9 290
8 43 22 33 14 32 0 0.00 M M 5.1 13 60 M M 5 19 80
9 36 16 26 7 39 0 0.00 M M 3.4 9 300 M M 0 11 200
10 34 11 23 4 42 0 0.00 M M 2.8 8 290 M M 0 9 290
11 35 13 24 5 41 0 0.00 M M 2.5 8 300 M M 0 10 300
12 35 16 26 7 39 0 0.00 M M 2.4 9 350 M M 0 10 340
13 37 13 25 6 40 0 0.00 M M 2.0 8 280 M M 0 9 10
14 44 17 31 12 34 0 0.00 M M 2.4 9 260 M M 3 12 260
15 38 19 29 10 36 0 0.00 M M 3.3 8 290 M M 5 12 170
16 36 22 29 10 36 0 0.00 M M 1.7 6 290 M M 0 8 60
17 40 16 28 9 37 0 0.00 M M 2.3 7 290 M M 0 8 270
18 40 18 29 9 36 0 0.00 M M 2.5 7 290 M M 1 8 280
19 40 17 29 9 36 0 0.00 M M 2.6 13 30 M M 1 17 30
20 36 15 26 6 39 0 0.00 M M 4.3 9 290 M M 3 10 170
21 41 28 35 15 30 0 0.00 M M 5.3 16 40 M M 6 22 40
22 37 17 27 7 38 0 0.00 M M 2.8 8 330 M M 0 9 130
23 37 16 27 7 38 0 0.00 M M 1.9 8 270 M M 0 9 290
24 40 17 29 9 36 0 0.00 M M 2.8 15 50 M M 2 20 50
25 36 20 28 8 37 0 T M M 9.5 21 60 M M 5 28 60
26 32 11 22 1 43 0 0.00 M M 3.0 8 50 M M 1 11 70
27 34 15 25 4 40 0 0.00 M M 8.1 25 20 M M 1 38 20
28 35 10 23 2 42 0 0.00 M M 2.8 8 310 M M 0 10 130
29 37 9 23 2 42 0 0.00 M M 1.7 7 260 M M 0 7 260
30 38 11 25 3 40 0 0.00 M M 2.7 7 300 M M 0 8 300
31 41 13 27 5 38 0 0.00 M M 2.8 10 220 M M 0 12 200
================================================================================
SM 1130 431 1225 0 T M 103.2 M 39
================================================================================
AV 36.5 13.9 3.3 FASTST M M 1 MAX(MPH)
MISC ----> 25 20 38 20
================================================================================
NOTES:
# LAST OF SEVERAL OCCURRENCES
COLUMN 17 PEAK WIND IN M.P.H.
PRELIMINARY LOCAL CLIMATOLOGICAL DATA (WS FORM: F-6) , PAGE 2
STATION: VERNAL UT
MONTH: JANUARY
YEAR: 2022
LATITUDE: 40 27 N
LONGITUDE: 109 31 W
[TEMPERATURE DATA] [PRECIPITATION DATA] SYMBOLS USED IN COLUMN 16
AVERAGE MONTHLY: 25.2 TOTAL FOR MONTH: T 1 = FOG OR MIST
DPTR FM NORMAL: 5.5 DPTR FM NORMAL: -0.59 2 = FOG REDUCING VISIBILITY
HIGHEST: 47 ON 6 GRTST 24HR 0.09 ON 25-25 TO 1/4 MILE OR LESS
LOWEST: -4 ON 2 3 = THUNDER
SNOW, ICE PELLETS, HAIL 4 = ICE PELLETS
TOTAL MONTH: M 5 = HAIL
GRTST 24HR M ON M 6 = FREEZING RAIN OR DRIZZLE
GRTST DEPTH: M ON M 7 = DUSTSTORM OR SANDSTORM:
VSBY 1/2 MILE OR LESS
8 = SMOKE OR HAZE
[NO. OF DAYS WITH] [WEATHER - DAYS WITH] 9 = BLOWING SNOW
X = TORNADO
MAX 32 OR BELOW: 5 0.01 INCH OR MORE: 0
MAX 90 OR ABOVE: 0 0.10 INCH OR MORE: 0
MIN 32 OR BELOW: 31 0.50 INCH OR MORE: 0
MIN 0 OR BELOW: 3 1.00 INCH OR MORE: 0
[HDD (BASE 65) ]
TOTAL THIS MO. 1225 CLEAR (SCALE 0-3) 27
DPTR FM NORMAL -181 PTCLDY (SCALE 4-7) 4
TOTAL FM JUL 1 3826 CLOUDY (SCALE 8-10) 0
DPTR FM NORMAL -442
[CDD (BASE 65) ]
TOTAL THIS MO. 0
DPTR FM NORMAL 0 [PRESSURE DATA]
TOTAL FM JAN 1 0 HIGHEST SLP 30.88 ON 10
DPTR FM NORMAL 0 LOWEST SLP 29.70 ON 8
[REMARKS]
#FINAL-01-22#