906
CXUS53 KGJT 011230
CLAVEL
CLIMATE REPORT
NATIONAL WEATHER SERVICE GRAND JUNCTION CO
530 AM MST FRI JAN 01 2021
...................................
...THE VERNAL UT CLIMATE SUMMARY FOR THE YEAR OF 2020...
CLIMATE NORMAL PERIOD 1981 TO 2010
CLIMATE RECORD PERIOD 9999 TO 9999
WEATHER OBSERVED NORMAL DEPART LAST YEAR`S
VALUE DATE(S) VALUE FROM VALUE DATE(S)
NORMAL
................................................................
TEMPERATURE (F)
RECORD
HIGH MM MM
LOW MM MM
HIGHEST 101 08/03 MM MM 98 07/22
LOWEST -5 02/04 MM MM -11 02/10
02/08
02/09
AVG. MAXIMUM 62.2 59.0 3.2 59.3
AVG. MINIMUM 32.6 34.2 -1.6 31.4
MEAN 47.4 46.6 0.8 45.4
DAYS MAX >= 90 68 20.5 47.5 48
DAYS MAX <= 32 63 48.2 14.8 62
DAYS MIN <= 32 176 163.0 13.0 180
DAYS MIN <= 0 15 10.4 4.6 20
PRECIPITATION (INCHES)
RECORD
MAXIMUM MM MM
MINIMUM MM MM
TOTALS 4.75 9.31 -4.56 10.34
DAILY AVG. T 0.03 -0.03 0.03
DAYS >= .01 48 63.2 -15.2 79
DAYS >= .10 15 28.4 -13.4 29
DAYS >= .50 1 3.6 -2.6 2
DAYS >= 1.00 0 0.3 -0.3 0
GREATEST
24 HR. TOTAL 0.81 MM 0.83
STORM TOTAL 0.38 MM
(MM/DD(HH)) MM
SNOWFALL (INCHES)
RECORDS
TOTAL MM MM
24 HR TOTAL MM
SNOW DEPTH MM MM
TOTALS MM MM MM MM
LIQUID EQUIV MM MM MM MM
SINCE 7/1 MM MM MM MM
LIQUID 7/1 MM MM MM MM
SNOWDEPTH AVG. MM MM
DAYS >= TRACE MM MM MM MM
DAYS >= 1.0 MM MM MM MM
GREATEST
SNOW DEPTH MM MM MM
24 HR TOTAL MM MM
STORM TOTAL MM MM
(MM/DD(HH)) MM
DEGREE DAYS
HEATING TOTAL 7196 7222 -26 7695
SINCE 7/1 3013 2972 41 2996
COOLING TOTAL 874 512 362 671
SINCE 1/1 874 511 363 671
FREEZE DATES
RECORD
EARLIEST MM
LATEST MM
EARLIEST 09/08
LATEST 04/25
................................................................
WIND (MPH)
AVERAGE WIND SPEED 5.1
RESULTANT WIND SPEED/DIRECTION 1/270
HIGHEST WIND SPEED/DIRECTION 41/040 DATE 06/06
HIGHEST GUST SPEED/DIRECTION 60/280 DATE 04/30
SKY COVER
POSSIBLE SUNSHINE (PERCENT) MM
AVERAGE SKY COVER 0.22
NUMBER OF DAYS FAIR 272
NUMBER OF DAYS PC 67
NUMBER OF DAYS CLOUDY 27
AVERAGE RH (PERCENT) 49
WEATHER CONDITIONS. NUMBER OF DAYS WITH
THUNDERSTORM 15 MIXED PRECIP 0
HEAVY RAIN 3 RAIN 10
LIGHT RAIN 60 FREEZING RAIN 0
LT FREEZING RAIN 0 HAIL 0
HEAVY SNOW 6 SNOW 9
LIGHT SNOW 36 SLEET 0
FOG 67 FOG W/VIS <= 1/4 MILE 24
HAZE 73
- INDICATES NEGATIVE NUMBERS.
R INDICATES RECORD WAS SET OR TIED.
MM INDICATES DATA IS MISSING.
T INDICATES TRACE AMOUNT.
$$