000
CXUS55 KLBF 011510
CF6VTN
PRELIMINARY LOCAL CLIMATOLOGICAL DATA (WS FORM: F-6)
STATION: VALENTINE
MONTH: JANUARY
YEAR: 2023
LATITUDE: 42 52 N
LONGITUDE: 100 33 W
TEMPERATURE IN F: :PCPN: SNOW: WIND :SUNSHINE: SKY :PK WND
================================================================================
1 2 3 4 5 6A 6B 7 8 9 10 11 12 13 14 15 16 17 18
12Z AVG MX 2MIN
DY MAX MIN AVG DEP HDD CDD WTR SNW DPTH SPD SPD DIR MIN PSBL S-S WX SPD DR
================================================================================
1 40 26 33 9 32 0 0.00 0.0 2 3.3 8 280 M M 9 9 260
2 33 24 29 5 36 0 0.96 11.0 2 10.6 20 10 M M 10 12 25 20
3 28 17 23 -1 42 0 0.18 3.5 15 12.7 21 320 M M 9 1 29 350
4 29 8 19 -5 46 0 0.00 0.0 17 10.2 21 300 M M 6 1 28 290
5 24 1 13 -11 52 0 0.00 0.0 16 7.3 17 290 M M 1 25 290
6 21 0 11 -13 54 0 0.00 0.0 16 3.6 14 230 M M 2 16 200
7 31 8 20 -4 45 0 0.00 0.0 15 5.0 14 220 M M 6 15 210
8 32 7 20 -4 45 0 0.00 0.0 14 8.1 17 220 M M 0 19 210
9 41 19 30 6 35 0 0.00 0.0 14 12.0 22 280 M M 0 32 290
10 39 17 28 4 37 0 0.00 0.0 12 5.6 15 270 M M 4 1 20 290
11 35 13 24 0 41 0 0.00 0.0 10 9.5 18 340 M M 2 1 25 340
12 28 16 22 -2 43 0 0.00 0.0 10 5.7 16 330 M M 10 128 22 330
13 37 5 21 -3 44 0 0.00 0.0 10 3.8 12 220 M M 1 18 13 230
14 48 28 38 14 27 0 0.00 0.0 9 6.8 17 220 M M 0 19 220
15 39 22 31 7 34 0 0.00 0.0 8 5.5 20 230 M M 4 24 230
16 37 31 34 10 31 0 0.02 0.0 6 9.5 16 320 M M 10 1 22 330
17 33 27 30 6 35 0 T T 6 4.8 10 60 M M 10 1 12 40
18 27 20 24 0 41 0 0.75 7.0 6 11.8 18 360 M M 10 12 27 10
19 33 7 20 -4 45 0 0.02 0.3 13 9.2 17 330 M M 6 1 23 320
20 31 7 19 -5 46 0 0.00 0.0 13 7.7 12 250 M M 1 16 290
21 33 16 25 1 40 0 0.01 T 12 8.3 15 290 M M 6 1 21 280
22 26 -2 12 -13 53 0 0.00 0.0 12 6.8 14 220 M M 0 20 300
23 33 9 21 -4 44 0 0.00 0.0 12 7.7 20 320 M M 6 27 320
24 35 11 23 -2 42 0 0.00 0.0 11 9.7 15 210 M M 4 1 21 290
25 30 17 24 -1 41 0 0.03 0.4 11 11.4 23 330 M M 9 1 32 330
26 36 23 30 5 35 0 0.02 0.6 11 15.8 32 270 M M 8 18 41 270
27 38 21 30 5 35 0 0.21 3.0 11 9.1 30 260 M M 5 1 39 260
28 29 -3 13 -12 52 0 0.10 2.3 15 14.4 28 60 M M 10 168 36 60
29 4 -13 -4 -29 69 0 0.06 0.2 16 6.3 14 340 M M 9 18 18 330
30 3 -16 -6 -31 71 0 T T 16 7.6 16 220 M M 2 19 220
31 17 -14 2 -23 63 0 0.00 0.0 16 11.4 17 250 M M 0 22 240
================================================================================
SM 950 352 1356 0 2.36 28.3 261.2 M 160
================================================================================
AV 30.6 11.4 8.4 FASTST M M 5 MAX(MPH)
MISC ----> 32 270 41 270
================================================================================
NOTES:
# LAST OF SEVERAL OCCURRENCES
COLUMN 17 PEAK WIND IN M.P.H.
PRELIMINARY LOCAL CLIMATOLOGICAL DATA (WS FORM: F-6) , PAGE 2
STATION: VALENTINE
MONTH: JANUARY
YEAR: 2023
LATITUDE: 42 52 N
LONGITUDE: 100 33 W
[TEMPERATURE DATA] [PRECIPITATION DATA] SYMBOLS USED IN COLUMN 16
AVERAGE MONTHLY: 21.0 TOTAL FOR MONTH: 2.36 1 = FOG OR MIST
DPTR FM NORMAL: -3.5 DPTR FM NORMAL: 2.04 2 = FOG REDUCING VISIBILITY
HIGHEST: 48 ON 14 GRTST 24HR 1.17 ON 2- 3 TO 1/4 MILE OR LESS
LOWEST: -16 ON 30 3 = THUNDER
SNOW, ICE PELLETS, HAIL 4 = ICE PELLETS
TOTAL MONTH: 28.3 INCHES 5 = HAIL
GRTST 24HR 11.0 ON 2- 2 6 = FREEZING RAIN OR DRIZZLE
GRTST DEPTH: 17 ON 4 7 = DUSTSTORM OR SANDSTORM:
VSBY 1/2 MILE OR LESS
8 = SMOKE OR HAZE
[NO. OF DAYS WITH] [WEATHER - DAYS WITH] 9 = BLOWING SNOW
X = TORNADO
MAX 32 OR BELOW: 15 0.01 INCH OR MORE: 11
MAX 90 OR ABOVE: 0 0.10 INCH OR MORE: 5
MIN 32 OR BELOW: 31 0.50 INCH OR MORE: 2
MIN 0 OR BELOW: 6 1.00 INCH OR MORE: 0
[HDD (BASE 65) ]
TOTAL THIS MO. 1356 CLEAR (SCALE 0-3) 11
DPTR FM NORMAL 101 PTCLDY (SCALE 4-7) 10
TOTAL FM JUL 1 4388 CLOUDY (SCALE 8-10) 10
DPTR FM NORMAL 430
[CDD (BASE 65) ]
TOTAL THIS MO. 0
DPTR FM NORMAL 0 [PRESSURE DATA]
TOTAL FM JAN 1 0 HIGHEST SLP 33.67 ON 30
DPTR FM NORMAL 0 LOWEST SLP 29.49 ON 16
[REMARKS]
#FINAL-01-23#