000
CXUS51 KAKQ 010710
CF6WAL
PRELIMINARY LOCAL CLIMATOLOGICAL DATA (WS FORM: F-6)
STATION: WALLOPS ISLAND VA
MONTH: MAY
YEAR: 2023
LATITUDE: 37 55 N
LONGITUDE: 75 28 W
TEMPERATURE IN F: :PCPN: SNOW: WIND :SUNSHINE: SKY :PK WND
================================================================================
1 2 3 4 5 6A 6B 7 8 9 10 11 12 13 14 15 16 17 18
12Z AVG MX 2MIN
DY MAX MIN AVG DEP HDD CDD WTR SNW DPTH SPD SPD DIR MIN PSBL S-S WX SPD DR
================================================================================
1 65 51 58 -2 7 0 0.06 0.0 0 13.0 26 250 M M 5 35 280
2 67 49 58 -2 7 0 0.00 0.0 0 10.9 24 230 M M 5 33 280
3 62 44 53 -8 12 0 0.04 0.0 0 6.4 22 300 M M 6 28 310
4 64 44 54 -7 11 0 0.00 0.0 0 7.7 20 310 M M 3 35 300
5 70 44 57 -4 8 0 0.00 0.0 0 5.2 17 80 M M 4 22 90
6 68 46 57 -4 8 0 0.00 0.0 0 6.3 15 190 M M 2 1 19 170
7 70 50 60 -2 5 0 0.43 0.0 0 8.7 18 200 M M 3 1 22 190
8 81 63 72 10 0 7 0.00 0.0 0 7.3 15 290 M M 3 1 20 250
9 68 48 58 -4 7 0 0.41 0.0 0 8.8 21 60 M M 6 1 30 330
10 68 46 57 -5 8 0 0.00 0.0 0 6.9 15 200 M M 0 18 190
11 76 51 64 1 1 0 0.00 0.0 0 8.8 15 190 M M 0 21 190
12 79 60 70 7 0 5 0.00 0.0 0 9.3 17 200 M M 2 21 190
13 81 64 73 10 0 8 1.13 0.0 0 9.2 17 10 M M 6 13 23 270
14 70 54 62 -2 3 0 0.00 0.0 0 9.9 25 50 M M 1 1 32 30
15 70 52 61 -3 4 0 0.00 0.0 0 7.1 18 200 M M 2 24 200
16 76 58 67 3 0 2 0.35 0.0 0 10.5 20 240 M M 6 13 29 220
17 73 56 65 1 0 0 0.36 0.0 0 9.1 18 70 M M 5 1 23 60
18 65 49 57 -8 8 0 0.00 0.0 0 8.9 16 80 M M 1 22 90
19 70 60 65 0 0 0 0.02 0.0 0 13.0 20 110 M M 4 1 26 120
20 74 63 69 4 0 4 0.89 0.0 0 8.0 14 210 M M 8 12 18 50
21 74 58 66 1 0 1 0.08 0.0 0 8.1 18 320 M M 5 18 28 320
22 73 57 65 -1 0 0 0.00 0.0 0 10.3 20 50 M M 0 1 23 40
23 66 54 60 -6 5 0 0.00 0.0 0 15.5 24 50 M M 3 29 60
24 71 52 62 -4 3 0 0.00 0.0 0 9.1 22 40 M M 1 25 30
25 64 54 59 -7 6 0 0.00 0.0 0 15.4 30 40 M M 2 38 50
26 68 53 61 -6 4 0 0.00 0.0 0 12.6 22 50 M M 1 27 50
27 69 54 62 -5 3 0 0.00 0.0 0 16.1 26 50 M M 0 30 40
28 66 62 64 -3 1 0 0.39 0.0 0 14.8 21 50 M M 9 1 26 40
29 73 62 68 0 0 3 0.04 0.0 M 13.2 23 50 M M 10 12 30 40
30 65 59 62 -6 3 0 0.18 0.0 0 19.2 28 40 M M 10 18 34 40
31 72 59 66 -2 0 1 0.00 0.0 0 12.8 23 50 M M 8 18 28 50
================================================================================
SM 2178 1676 114 31 4.38 0.0 322.1 M 121
================================================================================
AV 70.3 54.1 10.4 FASTST M M 4 MAX(MPH)
MISC ----> 30 40 38 50
================================================================================
NOTES:
# LAST OF SEVERAL OCCURRENCES
COLUMN 17 PEAK WIND IN M.P.H.
PRELIMINARY LOCAL CLIMATOLOGICAL DATA (WS FORM: F-6) , PAGE 2
STATION: WALLOPS ISLAND VA
MONTH: MAY
YEAR: 2023
LATITUDE: 37 55 N
LONGITUDE: 75 28 W
[TEMPERATURE DATA] [PRECIPITATION DATA] SYMBOLS USED IN COLUMN 16
AVERAGE MONTHLY: 62.2 TOTAL FOR MONTH: 4.38 1 = FOG OR MIST
DPTR FM NORMAL: -1.9 DPTR FM NORMAL: 1.18 2 = FOG REDUCING VISIBILITY
HIGHEST: 81 ON 13, 8 GRTST 24HR 1.13 ON 13-13 TO 1/4 MILE OR LESS
LOWEST: 44 ON 5, 4 3 = THUNDER
SNOW, ICE PELLETS, HAIL 4 = ICE PELLETS
TOTAL MONTH: 0.0 INCH 5 = HAIL
GRTST 24HR 0.0 6 = FREEZING RAIN OR DRIZZLE
GRTST DEPTH: 0 7 = DUSTSTORM OR SANDSTORM:
VSBY 1/2 MILE OR LESS
8 = SMOKE OR HAZE
[NO. OF DAYS WITH] [WEATHER - DAYS WITH] 9 = BLOWING SNOW
X = TORNADO
MAX 32 OR BELOW: 0 0.01 INCH OR MORE: 13
MAX 90 OR ABOVE: 0 0.10 INCH OR MORE: 8
MIN 32 OR BELOW: 0 0.50 INCH OR MORE: 2
MIN 0 OR BELOW: 0 1.00 INCH OR MORE: 1
[HDD (BASE 65) ]
TOTAL THIS MO. 114 CLEAR (SCALE 0-3) 16
DPTR FM NORMAL 4 PTCLDY (SCALE 4-7) 12
TOTAL FM JUL 1 3413 CLOUDY (SCALE 8-10) 3
DPTR FM NORMAL -535
[CDD (BASE 65) ]
TOTAL THIS MO. 31
DPTR FM NORMAL -51 [PRESSURE DATA]
TOTAL FM JAN 1 64 HIGHEST SLP M ON M
DPTR FM NORMAL -33 LOWEST SLP 29.31 ON 1
[REMARKS]
#FINAL-05-23#