000
CXUS51 KAKQ 010810
CF6WAL
PRELIMINARY LOCAL CLIMATOLOGICAL DATA (WS FORM: F-6)
STATION: WALLOPS ISLAND VA
MONTH: NOVEMBER
YEAR: 2022
LATITUDE: 37 55 N
LONGITUDE: 75 28 W
TEMPERATURE IN F: :PCPN: SNOW: WIND :SUNSHINE: SKY :PK WND
================================================================================
1 2 3 4 5 6A 6B 7 8 9 10 11 12 13 14 15 16 17 18
12Z AVG MX 2MIN
DY MAX MIN AVG DEP HDD CDD WTR SNW DPTH SPD SPD DIR MIN PSBL S-S WX SPD DR
================================================================================
1 75 59 67 13 0 2 0.50 0.0 0 7.4 13 300 M M 5 13 24 80
2 69 54 62 8 3 0 0.00 0.0 0 8.5 20 60 M M 3 22 60
3 70 54 62 8 3 0 0.00 0.0 0 9.5 16 40 M M 2 20 50
4 77 53 65 12 0 0 0.00 0.0 0 5.4 13 140 M M 2 15 140
5 77 61 69 16 0 4 0.00 0.0 0 9.3 17 180 M M 1 23 180
6 75 64 70 17 0 5 0.00 0.0 0 11.0 15 190 M M 0 19 190
7 81 58 70 18 0 5 0.00 0.0 0 6.4 13 330 M M 3 16 190
8 63 48 56 4 9 0 0.00 0.0 0 10.7 21 10 M M 0 28 30
9 62 46 54 2 11 0 0.00 0.0 0 14.9 25 50 M M M 32 50
10 72 54 63 12 2 0 0.00 0.0 0 7.7 15 90 M M M 20 90
11 70 64 67 16 0 2 0.37 0.0 0 13.7 25 180 M M M 35 180
12 76 63 70 19 0 5 0.19 0.0 0 11.1 26 200 M M M 37 170
13 67 38 53 3 12 0 T 0.0 0 12.0 22 300 M M M 32 300
14 51 33 42 -8 23 0 0.00 0.0 0 6.1 17 360 M M 1 24 360
15 62 34 48 -2 17 0 0.60 0.0 0 8.4 16 50 M M 6 1 21 70
16 61 44 53 3 12 0 0.01 0.0 0 9.7 22 300 M M 9 1 31 280
17 48 32 40 -9 25 0 0.00 0.0 0 8.5 28 300 M M 4 39 290
18 49 27 38 -11 27 0 0.00 0.0 0 6.6 14 210 M M 0 20 30
19 48 32 40 -9 25 0 0.00 0.0 0 6.0 13 200 M M 0 24 170
20 48 25 37 -11 28 0 0.00 0.0 0 9.6 25 330 M M 1 39 320
21 47 22 35 -13 30 0 0.00 0.0 0 6.8 15 220 M M 0 19 210
22 56 31 44 -4 21 0 0.00 0.0 0 3.5 12 50 M M 0 15 60
23 63 32 48 1 17 0 0.00 0.0 0 4.6 12 310 M M 0 14 320
24 61 32 47 0 18 0 0.00 0.0 0 2.9 10 110 M M 0 13 100
25 58 41 50 3 15 0 0.52 0.0 0 6.9 16 310 M M 4 1 23 320
26 57 34 46 -1 19 0 0.00 0.0 0 6.6 14 290 M M 0 21 290
27 69 42 56 10 9 0 0.50 0.0 0 13.8 32 200 M M 5 13 41 210
28 63 40 52 6 13 0 0.00 0.0 0 8.8 22 310 M M 3 30 300
29 53 33 43 -3 22 0 0.00 0.0 0 5.4 10 150 M M 2 14 140
30 60 43 52 6 13 0 0.24 0.0 0 11.9 25 310 M M 6 1 37 290
================================================================================
SM 1888 1293 374 23 2.93 0.0 253.7 M 57
================================================================================
AV 62.9 43.1 8.5 FASTST M M 2 MAX(MPH)
MISC ----> 32 200 41 210
================================================================================
NOTES:
# LAST OF SEVERAL OCCURRENCES
COLUMN 17 PEAK WIND IN M.P.H.
PRELIMINARY LOCAL CLIMATOLOGICAL DATA (WS FORM: F-6) , PAGE 2
STATION: WALLOPS ISLAND VA
MONTH: NOVEMBER
YEAR: 2022
LATITUDE: 37 55 N
LONGITUDE: 75 28 W
[TEMPERATURE DATA] [PRECIPITATION DATA] SYMBOLS USED IN COLUMN 16
AVERAGE MONTHLY: 53.0 TOTAL FOR MONTH: 2.93 1 = FOG OR MIST
DPTR FM NORMAL: 3.3 DPTR FM NORMAL: 0.05 2 = FOG REDUCING VISIBILITY
HIGHEST: 81 ON 7 GRTST 24HR 0.61 ON 15-16 TO 1/4 MILE OR LESS
LOWEST: 22 ON 21 3 = THUNDER
SNOW, ICE PELLETS, HAIL 4 = ICE PELLETS
TOTAL MONTH: 0.0 INCH 5 = HAIL
GRTST 24HR 0.0 6 = FREEZING RAIN OR DRIZZLE
GRTST DEPTH: 0 7 = DUSTSTORM OR SANDSTORM:
VSBY 1/2 MILE OR LESS
8 = SMOKE OR HAZE
[NO. OF DAYS WITH] [WEATHER - DAYS WITH] 9 = BLOWING SNOW
X = TORNADO
MAX 32 OR BELOW: 0 0.01 INCH OR MORE: 8
MAX 90 OR ABOVE: 0 0.10 INCH OR MORE: 7
MIN 32 OR BELOW: 8 0.50 INCH OR MORE: 4
MIN 0 OR BELOW: 0 1.00 INCH OR MORE: 0
[HDD (BASE 65) ]
TOTAL THIS MO. 374 CLEAR (SCALE 0-3) 18
DPTR FM NORMAL -86 PTCLDY (SCALE 4-7) 6
TOTAL FM JUL 1 604 CLOUDY (SCALE 8-10) 6
DPTR FM NORMAL -63
[CDD (BASE 65) ]
TOTAL THIS MO. 23
DPTR FM NORMAL 21 [PRESSURE DATA]
TOTAL FM JAN 1 1516 HIGHEST SLP 30.58 ON 9
DPTR FM NORMAL 158 LOWEST SLP 29.49 ON 27
[REMARKS]
#FINAL-11-22#