000
CXUS51 KAKQ 010810
CF6WAL
PRELIMINARY LOCAL CLIMATOLOGICAL DATA (WS FORM: F-6)
STATION: WALLOPS ISLAND VA
MONTH: DECEMBER
YEAR: 2021
LATITUDE: 37 55 N
LONGITUDE: 75 28 W
TEMPERATURE IN F: :PCPN: SNOW: WIND :SUNSHINE: SKY :PK WND
================================================================================
1 2 3 4 5 6A 6B 7 8 9 10 11 12 13 14 15 16 17 18
12Z AVG MX 2MIN
DY MAX MIN AVG DEP HDD CDD WTR SNW DPTH SPD SPD DIR MIN PSBL S-S WX SPD DR
================================================================================
1 55 32 44 -1 21 0 0.00 0.0 0 5.4 13 190 M M 1 15 190
2 65 41 53 8 12 0 0.00 0.0 0 11.0 21 240 M M 3 31 240
3 61 36 49 4 16 0 0.00 0.0 0 7.1 22 320 M M 1 27 310
4 61 36 49 4 16 0 0.00 0.0 0 6.7 18 50 M M 1 22 60
5 56 34 45 1 20 0 0.00 0.0 0 8.4 16 50 M M 4 18 50
6 67 49 58 14 7 0 0.00 0.0 0 12.5 30 310 M M 6 12 39 300
7 51 29 40 -4 25 0 0.00 0.0 0 6.9 23 320 M M 3 31 330
8 38 29 34 -10 31 0 0.02 0.0 0 5.7 12 330 M M 7 19 10
9 42 27 35 -8 30 0 0.00 0.0 0 4.3 12 10 M M 2 16 340
10 57 28 43 0 22 0 0.00 0.0 0 5.3 10 210 M M 7 20 200
11 67 52 60 17 5 0 0.27 0.0 0 14.0 26 190 M M M 1 33 210
12 61 29 45 2 20 0 0.22 0.0 0 9.7 25 330 M M M 33 330
13 53 29 41 -1 24 0 0.00 0.0 0 6.0 16 250 M M 0 20 250
14 55 31 43 1 22 0 0.00 0.0 0 7.1 23 220 M M 0 M M
15 62 33 48 6 17 0 0.00 0.0 0 5.4 16 110 M M M 20 110
16 69 47 58 16 7 0 0.00 0.0 0 10.4 23 220 M M M 31 220
17 68 53 61 19 4 0 0.00 0.0 0 7.4 20 230 M M M 27 250
18 64 51 58 16 7 0 0.07 0.0 0 7.2 19 220 M M M 14 190
19 67 32 50 9 15 0 0.27 0.0 0 10.8 32 340 M M M 21 330
20 43 26 35 -6 30 0 0.00 0.0 0 6.8 13 330 M M M 17 350
21 48 29 39 -2 26 0 0.00 0.0 0 5.9 15 60 M M M 17 60
22 52 35 44 3 21 0 0.01 0.0 0 11.5 24 310 M M 0 1 35 340
23 42 26 34 -6 31 0 0.00 0.0 0 5.9 16 330 M M 0 23 330
24 57 30 44 4 21 0 0.00 0.0 0 7.5 16 210 M M 0 26 30
25 65 47 56 16 9 0 T 0.0 0 13.6 23 310 M M 1 37 270
26 63 41 52 12 13 0 0.00 0.0 0 7.2 16 310 M M 0 21 310
27 49 35 42 2 23 0 T 0.0 0 5.4 13 120 M M 6 17 160
28 61 42 52 12 13 0 0.00 0.0 0 5.7 14 190 M M 4 17 190
29 66 50 58 18 7 0 0.33 0.0 0 8.7 21 250 M M 7 1 32 230
30 54 48 51 12 14 0 0.55 0.0 0 6.1 16 60 M M 10 1 19 50
31 55 50 53 14 12 0 0.13 0.0 0 6.0 20 180 M M 10 1 25 180
================================================================================
SM 1774 1157 541 0 1.87 0.0 241.6 M 73
================================================================================
AV 57.2 37.3 7.8 FASTST M M 3 MAX(MPH)
MISC ----> 32 340 39 300
================================================================================
NOTES:
# LAST OF SEVERAL OCCURRENCES
COLUMN 17 PEAK WIND IN M.P.H.
PRELIMINARY LOCAL CLIMATOLOGICAL DATA (WS FORM: F-6) , PAGE 2
STATION: WALLOPS ISLAND VA
MONTH: DECEMBER
YEAR: 2021
LATITUDE: 37 55 N
LONGITUDE: 75 28 W
[TEMPERATURE DATA] [PRECIPITATION DATA] SYMBOLS USED IN COLUMN 16
AVERAGE MONTHLY: 47.3 TOTAL FOR MONTH: 1.87 1 = FOG OR MIST
DPTR FM NORMAL: 5.3 DPTR FM NORMAL: -1.88 2 = FOG REDUCING VISIBILITY
HIGHEST: 69 ON 16 GRTST 24HR 0.88 ON 29-30 TO 1/4 MILE OR LESS
LOWEST: 26 ON 23,20 3 = THUNDER
SNOW, ICE PELLETS, HAIL 4 = ICE PELLETS
TOTAL MONTH: 0.0 INCH 5 = HAIL
GRTST 24HR 0.0 6 = FREEZING RAIN OR DRIZZLE
GRTST DEPTH: 0 7 = DUSTSTORM OR SANDSTORM:
VSBY 1/2 MILE OR LESS
8 = SMOKE OR HAZE
[NO. OF DAYS WITH] [WEATHER - DAYS WITH] 9 = BLOWING SNOW
X = TORNADO
MAX 32 OR BELOW: 0 0.01 INCH OR MORE: 9
MAX 90 OR ABOVE: 0 0.10 INCH OR MORE: 6
MIN 32 OR BELOW: 13 0.50 INCH OR MORE: 1
MIN 0 OR BELOW: 0 1.00 INCH OR MORE: 0
[HDD (BASE 65) ]
TOTAL THIS MO. 541 CLEAR (SCALE 0-3) 11
DPTR FM NORMAL -172 PTCLDY (SCALE 4-7) 9
TOTAL FM JUL 1 1141 CLOUDY (SCALE 8-10) 11
DPTR FM NORMAL -240
[CDD (BASE 65) ]
TOTAL THIS MO. 0
DPTR FM NORMAL 0 [PRESSURE DATA]
TOTAL FM JAN 1 1526 HIGHEST SLP 30.57 ON 14
DPTR FM NORMAL 168 LOWEST SLP 29.57 ON 25
[REMARKS]
#FINAL-12-21#