000
CXUS56 KLKN 071451
CF6WMC
PRELIMINARY LOCAL CLIMATOLOGICAL DATA (WS FORM: F-6)
STATION: WINNEMUCCA AIRPORT NV
MONTH: NOVEMBER
YEAR: 2021
LATITUDE: 40 54 N
LONGITUDE: 117 48 W
TEMPERATURE IN F: :PCPN: SNOW: WIND :SUNSHINE: SKY :PK WND
================================================================================
1 2 3 4 5 6A 6B 7 8 9 10 11 12 13 14 15 16 17 18
12Z AVG MX 2MIN
DY MAX MIN AVG DEP HDD CDD WTR SNW DPTH SPD SPD DIR MIN PSBL S-S WX SPD DR
================================================================================
1 60 40 50 6 15 0 T 0.0 0 5.2 13 60 M M 7 16 40
2 62 35 49 6 16 0 0.00 0.0 0 3.0 8 130 M M 1 11 230
3 67 32 50 7 15 0 0.00 0.0 0 5.2 12 70 M M 0 16 30
4 68 37 53 11 12 0 0.00 0.0 0 10.2 28 270 M M 1 8 38 270
5 57 26 42 0 23 0 0.00 0.0 0 5.2 16 170 M M 0 21 170
6 52 36 44 2 21 0 0.06 0.0 0 5.1 20 290 M M 8 27 280
7 50 24 37 -5 28 0 0.00 0.0 0 4.1 12 260 M M 3 16 280
8 54 23 39 -2 26 0 0.00 0.0 0 6.7 17 70 M M 1 21 80
9 58 39 49 8 16 0 0.14 0.0 0 10.8 25 250 M M 7 1 35 250
10 56 37 47 7 18 0 T 0.0 0 6.4 16 250 M M 6 23 250
11 64 37 51 11 14 0 T 0.0 0 5.7 13 170 M M 3 19 170
12 68 32 50 10 15 0 0.00 0.0 0 3.5 12 40 M M 0 14 50
13 65 29 47 7 18 0 0.00 0.0 0 3.2 12 50 M M 0 16 60
14 68 29 49 10 16 0 0.00 0.0 0 3.1 9 100 M M 0 12 150
15 64 32 48 9 17 0 0.00 0.0 0 4.9 22 240 M M 0 32 230
16 57 32 45 7 20 0 T 0.0 0 10.2 23 240 M M 3 34 240
17 46 26 36 -2 29 0 0.00 0.0 0 10.4 17 60 M M 0 24 60
18 50 22 36 -2 29 0 T 0.0 0 3.6 15 230 M M 5 22 200
19 57 33 45 8 20 0 T 0.0 0 5.4 18 230 M M 8 25 230
20 51 22 37 0 28 0 0.00 0.0 0 4.5 14 80 M M 0 19 50
21 52 19 36 -1 29 0 0.00 0.0 0 6.4 14 70 M M 0 19 80
22 56 15 36 0 29 0 0.00 0.0 0 3.2 10 130 M M 0 12 70
23 54 19 37 1 28 0 0.00 0.0 0 7.5 28 290 M M 2 39 280
24 45 12 29 -7 36 0 0.00 0.0 0 3.8 12 290 M M 0 13 300
25 51 12 32 -3 33 0 0.00 0.0 0 4.4 10 70 M M 0 13 150
26 57 22 40 5 25 0 0.00 0.0 0 3.9 9 150 M M 1 12 330
27 59 20 40 5 25 0 0.00 0.0 0 3.1 12 160 M M 0 13 160
28 61 20 41 7 24 0 0.00 0.0 0 2.7 9 130 M M 0 13 160
29 62 20 41 7 24 0 0.00 0.0 M 3.0 9 290 M M 0 12 320
30 57 21 39 5 26 0 0.00 0.0 0 4.5 9 20 M M 0 12 10
================================================================================
SM 1728 803 675 0 0.20 0.0 158.9 M 56
================================================================================
AV 57.6 26.8 5.3 FASTST M M 2 MAX(MPH)
MISC ----> # 28 270 39 280
================================================================================
NOTES:
# LAST OF SEVERAL OCCURRENCES
COLUMN 17 PEAK WIND IN M.P.H.
PRELIMINARY LOCAL CLIMATOLOGICAL DATA (WS FORM: F-6) , PAGE 2
STATION: WINNEMUCCA AIRPORT NV
MONTH: NOVEMBER
YEAR: 2021
LATITUDE: 40 54 N
LONGITUDE: 117 48 W
[TEMPERATURE DATA] [PRECIPITATION DATA] SYMBOLS USED IN COLUMN 16
AVERAGE MONTHLY: 42.2 TOTAL FOR MONTH: 0.20 1 = FOG OR MIST
DPTR FM NORMAL: 3.6 DPTR FM NORMAL: -0.56 2 = FOG REDUCING VISIBILITY
HIGHEST: 68 ON 14,12 GRTST 24HR 0.14 ON 9- 9 TO 1/4 MILE OR LESS
LOWEST: 12 ON 25,24 3 = THUNDER
SNOW, ICE PELLETS, HAIL 4 = ICE PELLETS
TOTAL MONTH: 0.0 INCH 5 = HAIL
GRTST 24HR 0.0 6 = FREEZING RAIN OR DRIZZLE
GRTST DEPTH: 0 7 = DUSTSTORM OR SANDSTORM:
VSBY 1/2 MILE OR LESS
8 = SMOKE OR HAZE
[NO. OF DAYS WITH] [WEATHER - DAYS WITH] 9 = BLOWING SNOW
X = TORNADO
MAX 32 OR BELOW: 0 0.01 INCH OR MORE: 2
MAX 90 OR ABOVE: 0 0.10 INCH OR MORE: 1
MIN 32 OR BELOW: 22 0.50 INCH OR MORE: 0
MIN 0 OR BELOW: 0 1.00 INCH OR MORE: 0
[HDD (BASE 65) ]
TOTAL THIS MO. 675 CLEAR (SCALE 0-3) 24
DPTR FM NORMAL -117 PTCLDY (SCALE 4-7) 6
TOTAL FM JUL 1 1252 CLOUDY (SCALE 8-10) 0
DPTR FM NORMAL -177
[CDD (BASE 65) ]
TOTAL THIS MO. 0
DPTR FM NORMAL 0 [PRESSURE DATA]
TOTAL FM JAN 1 1055 HIGHEST SLP 30.73 ON 25
DPTR FM NORMAL 372 LOWEST SLP 29.88 ON 9
[REMARKS]
#FINAL-11-21#