000
CXUS55 KLKN 122219
CLSWMC
CLIMATE REPORT
NATIONAL WEATHER SERVICE ELKO NV
214 PM PST THU DEC 12 2019
...................................
...THE WINNEMUCCA AIRPORT NV CLIMATE SUMMARY FOR THE SEASON, FROM
9/1/2019 TO 11/30/2019...
CLIMATE NORMAL PERIOD 1981 TO 2010
CLIMATE RECORD PERIOD 1877 TO 2019
WEATHER OBSERVED NORMAL DEPART LAST YEAR`S
VALUE DATE(S) VALUE FROM VALUE
NORMAL
.............................................................
TEMPERATURE (F)
RECORD
HIGH 103 09/03/2017
09/02/1950
09/02/1950
LOW -10 11/25/2010
HIGHEST 97 09/04 95 2 95
LOWEST -2 10/30 6 -8 2
AVG. MAXIMUM 66.0 66.4 -0.4 68.6
AVG. MINIMUM 27.6 30.5 -2.9 27.9
MEAN 46.8 48.4 -1.6 48.2
DAYS MAX >= 90 9 5.6 3.4 9
DAYS MAX <= 32 2 0.7 1.3 0
DAYS MIN <= 32 59 49.8 9.2 57
DAYS MIN <= 0 1 0.5 0.5 0
PRECIPITATION (INCHES)
RECORD
MAXIMUM 4.79 1998
MINIMUM 0.07 1929
TOTALS 1.32 1.99 -0.67 1.22
DAILY AVG. 0.01 0.02 -0.01 T
DAYS >= .01 14 15.7 -1.7 9
DAYS >= .10 6 6.3 -0.3 4
DAYS >= .50 0 0.5 -0.5 0
DAYS >= 1.00 0 0.0 0.0 0
SNOWFALL (INCHES)
RECORDS
TOTAL 19.6 1985
TOTALS 3.5 3.5 0.0 0.5
DAYS >= 1.0 2 1.3 0.7 0
GREATEST
SNOW DEPTH 1 11/30 0
11/27
DEGREE_DAYS
HEATING TOTAL 1706 1538 168 1529
COOLING TOTAL 65 31 34 31
..............................................................
WIND (MPH)
AVERAGE WIND SPEED 6.1
HIGHEST WIND SPEED/DIRECTION 40/180 DATE 09/04
HIGHEST GUST SPEED/DIRECTION 56/160 DATE 09/04
AVERAGE RH (PERCENT) 46
WEATHER CONDITIONS. NUMBER OF DAYS WITH
THUNDERSTORM 5 MIXED PRECIP 0
HEAVY RAIN 1 RAIN 5
LIGHT RAIN 15 FREEZING RAIN 0
LT FREEZING RAIN 0 HAIL 0
HEAVY SNOW 0 SNOW 0
LIGHT SNOW 7 SLEET 0
FOG 8 FOG W/VIS <= 1/4 MILE 0
HAZE 12
- INDICATES NEGATIVE NUMBERS.
R INDICATES RECORD WAS SET OR TIED.
MM INDICATES DATA IS MISSING.
T INDICATES TRACE AMOUNT.
&&
==============================================================
...16TH COLDEST METEOROLOGICAL FALL ON RECORD IN WINNEMUCCA...
...52ND DRIEST METEOROLOGICAL FALL ON RECORD IN WINNEMUCCA...
...40TH SNOWIEST METEOROLOGICAL FALL ON RECORD IN WINNEMUCCA...
THE AVERAGE TEMPERATURE IN WINNEMUCCA DURING METEOROLOGICAL
FALL (SEP-NOV) 2019 WAS 46.6 DEGREES...WHICH IS 1.8 DEGREES BELOW THE
1981-2010 CLIMATOLOGICAL NORMAL OF 48.4 DEGREES. THIS MAKES
METEOROLOGICAL FALL 2019 THE 16TH COLDEST ON RECORD.
THE TOTAL PRECIPITATION WAS 1.32 INCHES...WHICH IS 0.67 INCHES BELOW
OR 66 PERCENT OF THE 1981-2010 CLIMATOLOGICAL NORMAL OF 1.99 INCHES.
THIS MAKES FALL 2019 THE 52ND DRIEST ON RECORD.
THE TOTAL SNOWFALL WAS 3.5 INCHES...WHICH 100 PERCENT OF THE
1981-2010 CLIMATOLOGICAL NORMAL OF 3.5 INCHES. THIS MAKES FALL 2019
THE 40TH SNOWIEST ON RECORD.
$$
DTK