000
CXUS55 KRIW 011508
CF6WRL
PRELIMINARY LOCAL CLIMATOLOGICAL DATA (WS FORM: F-6)
STATION: WORLAND WY
MONTH: MARCH
YEAR: 2023
LATITUDE: 43 58 N
LONGITUDE: 107 57 W
TEMPERATURE IN F: :PCPN: SNOW: WIND :SUNSHINE: SKY :PK WND
================================================================================
1 2 3 4 5 6A 6B 7 8 9 10 11 12 13 14 15 16 17 18
12Z AVG MX 2MIN
DY MAX MIN AVG DEP HDD CDD WTR SNW DPTH SPD SPD DIR MIN PSBL S-S WX SPD DR
================================================================================
1 32 1 17 -12 48 0 0.00 M M 4.3 18 130 M M 1 20 120
2 31 -1 15 -15 50 0 0.00 M M 2.7 13 240 M M 2 14 240
3 34 8 21 -9 44 0 T M M 6.3 20 350 M M 6 26 350
4 33 -1 16 -15 49 0 T M M 3.4 10 190 M M 1 12 190
5 28 10 19 -12 46 0 0.01 M M 3.8 10 50 M M 5 128 13 50
6 30 7 19 -13 46 0 0.01 M M 3.9 9 180 M M 6 1 10 20
7 31 -2 15 -17 50 0 0.00 M M 2.1 10 170 M M 0 12 170
8 30 0 15 -18 50 0 T M M 3.5 13 350 M M 4 1 16 360
9 26 11 19 -15 46 0 T M M 3.4 9 360 M M 4 1 12 360
10 43 7 25 -9 40 0 0.00 M M 6.9 23 310 M M 1 32 200
11 39 14 27 -8 38 0 0.00 M M 7.2 18 330 M M 2 23 340
12 35 10 23 -12 42 0 0.00 M M 2.3 12 130 M M 2 13 130
13 41 7 24 -12 41 0 0.00 M M 3.6 12 230 M M 0 15 190
14 49 18 34 -2 31 0 0.00 M M 10.3 22 120 M M 0 32 120
15 50 28 39 3 26 0 0.00 M M 16.2 33 330 M M 4 43 330
16 38 22 30 -7 35 0 0.00 M M 9.5 24 330 M M 5 30 320
17 39 16 28 -9 37 0 0.00 M M 8.1 18 330 M M 1 25 340
18 46 12 29 -9 36 0 0.00 M M 6.9 16 160 M M 0 21 170
19 49 17 33 -5 32 0 0.00 M M 7.7 16 130 M M 0 19 130
20 49 21 35 -3 30 0 0.00 M M 4.6 13 160 M M 2 15 140
21 36 22 29 -10 36 0 T M M 5.2 23 30 M M 6 12 30 30
22 36 21 29 -10 36 0 0.02 M M 2.3 7 270 M M 8 1 9 60
23 47 22 35 -5 30 0 T M M 5.3 10 150 M M 3 12 15 160
24 49 21 35 -5 30 0 T M M 5.9 18 350 M M 3 1 24 350
25 31 24 28 -12 37 0 0.12 M M 7.0 17 330 M M 10 1 22 360
26 28 15 22 -18 43 0 0.05 M M 5.0 12 20 M M 10 1 15 10
27 31 19 25 -16 40 0 T M M 7.0 14 120 M M 5 1 18 160
28 42 14 28 -13 37 0 0.00 M M 5.1 13 180 M M 1 18 110
29 47 23 35 -6 30 0 0.00 M M 4.6 12 360 M M 2 17 350
30 38 20 29 -12 36 0 T M M 7.0 17 350 M M 6 128 22 360
31 40 19 30 -12 35 0 0.23 M M 5.7 13 120 M M 6 1 15 100
================================================================================
SM 1178 425 1207 0 0.44 M 176.8 M 106
================================================================================
AV 38.0 13.7 5.7 FASTST M M 3 MAX(MPH)
MISC ----> 33 330 43 330
================================================================================
NOTES:
# LAST OF SEVERAL OCCURRENCES
COLUMN 17 PEAK WIND IN M.P.H.
PRELIMINARY LOCAL CLIMATOLOGICAL DATA (WS FORM: F-6) , PAGE 2
STATION: WORLAND WY
MONTH: MARCH
YEAR: 2023
LATITUDE: 43 58 N
LONGITUDE: 107 57 W
[TEMPERATURE DATA] [PRECIPITATION DATA] SYMBOLS USED IN COLUMN 16
AVERAGE MONTHLY: 25.9 TOTAL FOR MONTH: 0.44 1 = FOG OR MIST
DPTR FM NORMAL: -10.5 DPTR FM NORMAL: 0.00 2 = FOG REDUCING VISIBILITY
HIGHEST: 50 ON 15 GRTST 24HR 0.23 ON 30-31 TO 1/4 MILE OR LESS
LOWEST: -2 ON 7 3 = THUNDER
SNOW, ICE PELLETS, HAIL 4 = ICE PELLETS
TOTAL MONTH: M 5 = HAIL
GRTST 24HR M ON M 6 = FREEZING RAIN OR DRIZZLE
GRTST DEPTH: M ON M 7 = DUSTSTORM OR SANDSTORM:
VSBY 1/2 MILE OR LESS
8 = SMOKE OR HAZE
[NO. OF DAYS WITH] [WEATHER - DAYS WITH] 9 = BLOWING SNOW
X = TORNADO
MAX 32 OR BELOW: 10 0.01 INCH OR MORE: 6
MAX 90 OR ABOVE: 0 0.10 INCH OR MORE: 2
MIN 32 OR BELOW: 31 0.50 INCH OR MORE: 0
MIN 0 OR BELOW: 4 1.00 INCH OR MORE: 0
[HDD (BASE 65) ]
TOTAL THIS MO. 1207 CLEAR (SCALE 0-3) 16
DPTR FM NORMAL 319 PTCLDY (SCALE 4-7) 12
TOTAL FM JUL 1 7743 CLOUDY (SCALE 8-10) 3
DPTR FM NORMAL 816
[CDD (BASE 65) ]
TOTAL THIS MO. 0
DPTR FM NORMAL 0 [PRESSURE DATA]
TOTAL FM JAN 1 0 HIGHEST SLP 30.49 ON 18
DPTR FM NORMAL 0 LOWEST SLP 29.40 ON 10
[REMARKS]
#FINAL-03-23#