000
CXUS56 KPDT 020532
CF6YKM
PRELIMINARY LOCAL CLIMATOLOGICAL DATA (WS FORM: F-6)

                                          STATION:   YAKIMA WA
                                          MONTH:     JANUARY
                                          YEAR:      2013
                                          LATITUDE:   46 34 N
                                          LONGITUDE: 120 32 W

  TEMPERATURE IN F:       :PCPN:    SNOW:  WIND      :SUNSHINE: SKY     :PK WND
================================================================================
1   2   3   4   5  6A  6B    7    8   9   10  11  12  13   14  15   16   17  18
                                     12Z  AVG MX 2MIN
DY MAX MIN AVG DEP HDD CDD  WTR  SNW DPTH SPD SPD DIR MIN PSBL S-S WX    SPD DR
================================================================================

 1  30  27  29   1  36   0 0.00  0.0    6  3.7  8 240   M    M  10         9 270
 2  29  25  27  -1  38   0 0.00  0.0    6  4.8  9  80   M    M  10        13  50
 3  31  25  28   0  37   0 0.00  0.0    5  2.9  9 250   M    M  10 8      12 250
 4  30  18  24  -5  41   0 0.00  0.0    5  3.5  8 240   M    M  10 18     18 280
 5  34  28  31   2  34   0 0.09  1.1    6  1.2 14 160   M    M  10 18     33 180
 6  32  27  30   1  35   0 0.00  0.0    6  1.8 15 260   M    M  10 18     38 270
 7  55  29  42  13  23   0 0.00  0.0    4  9.4 47 270   M    M   5 18     62 270
 8  48  30  39  10  26   0    T  0.0    3  1.9 10 300   M    M   6 1      16 320
 9  53  32  43  13  22   0 0.00  0.0    T 12.7 30 200   M    M   1        39 200
10  46  22  34   4  31   0 0.00  0.0    T  6.0 20 320   M    M   1        56  30
11  40  18  29  -1  36   0 0.00  0.0    0  4.7  9 270   M    M   3        12 250
12  36  16  26  -4  39   0 0.00  0.0    0  4.6  9 270   M    M   0        10 270
13  34  13  24  -6  41   0 0.00  0.0    0  3.4 12 270   M    M   0        41 320
14  37  21  29  -2  36   0 0.00  0.0    0  1.6  8 110   M    M   4 18     21  30
15  40  17  29  -2  36   0 0.00  0.0    0  2.0  7 270   M    M   0 18     21 150
16  28  14  21 -10  44   0 0.00  0.0    0  1.4  7 280   M    M   7 18      7 150
17  29  27  28  -3  37   0    T    T    0  1.7 13 260   M    M  10 18     26 320
18  30  27  29  -2  36   0    T    T    0  1.4  7 340   M    M  10 18      8 320
19  29  26  28  -4  37   0 0.00  0.0    0  1.4  7 250   M    M  10 18      8 250
20  29  27  28  -4  37   0    T    T    0  1.3  7 230   M    M  10 18      8 230
21  27  24  26  -6  39   0    T    T    0  2.6  7 240   M    M  10 18      8 250
22  27  24  26  -6  39   0    T    T    0  2.3  7 250   M    M  10 18     17 330
23  31  19  25  -7  40   0 0.01    T    0  0.9  6 260   M    M   8 18     35  80
24  34  16  25  -7  40   0    T    T    0  2.0  M   M   M    M   7 128     M  M
25  38  28  33   0  32   0 0.00  0.0    0  0.8  7 110   M    M  10 18     14 210
26  38  33  36   3  29   0 0.00  0.0    0  1.6  7 340   M    M  10 128     M  M
27  35  24  30  -3  35   0 0.00  0.0    0  1.8  7 310   M    M   9 18      8 300
28  41  24  33   0  32   0    T    T    0  2.2  8 310   M    M   3 168    18 270
29  54  29  42   9  23   0 0.00  0.0    0  2.4  M   M   M    M   5 18      M  M
30  61  27  44  10  21   0    T  0.0    0  4.2 22 280   M    M   2 18     26 300
31  54  29  42   8  23   0 0.00  0.0    0  2.5 14 330   M    M   3        18 340
================================================================================
SM 1160  746      1055   0  0.10     1.1  94.7          M      204
================================================================================
AV 37.4 24.1                               3.1 FASTST   M    M   7    MAX(MPH)
                                 MISC ---->  # 47 270               # 62  270
================================================================================
NOTES:
# LAST OF SEVERAL OCCURRENCES

COLUMN 17 PEAK WIND IN M.P.H.

PRELIMINARY LOCAL CLIMATOLOGICAL DATA (WS FORM: F-6) , PAGE 2

                                          STATION:  YAKIMA WA
                                          MONTH:    JANUARY
                                          YEAR:     2013
                                          LATITUDE:   46 34 N
                                          LONGITUDE: 120 32 W

[TEMPERATURE DATA]      [PRECIPITATION DATA]       SYMBOLS USED IN COLUMN 16

AVERAGE MONTHLY: 30.7   TOTAL FOR MONTH:   0.10    1 = FOG OR MIST
DPTR FM NORMAL:  -0.3   DPTR FM NORMAL:   -1.04    2 = FOG REDUCING VISIBILITY
HIGHEST:    61 ON 30    GRTST 24HR  0.09 ON  5- 5      TO 1/4 MILE OR LESS
LOWEST:     13 ON 13                               3 = THUNDER
                        SNOW, ICE PELLETS, HAIL    4 = ICE PELLETS
                        TOTAL MONTH:   1.1 INCHES  5 = HAIL
                        GRTST 24HR   1.1 ON   M    6 = FREEZING RAIN OR DRIZZLE
                        GRTST DEPTH:   6 ON  6, 5  7 = DUSTSTORM OR SANDSTORM:
                                                       VSBY 1/2 MILE OR LESS
                                                   8 = SMOKE OR HAZE
[NO. OF DAYS WITH]      [WEATHER - DAYS WITH]      9 = BLOWING SNOW
                                                   X = TORNADO
MAX 32 OR BELOW:  13    0.01 INCH OR MORE:   2
MAX 90 OR ABOVE:   0    0.10 INCH OR MORE:   0
MIN 32 OR BELOW:  30    0.50 INCH OR MORE:   0
MIN  0 OR BELOW:   0    1.00 INCH OR MORE:   0

[HDD (BASE 65) ]
TOTAL THIS MO.  1055    CLEAR  (SCALE 0-3)   9
DPTR FM NORMAL     0    PTCLDY (SCALE 4-7)   6
TOTAL FM JUL 1  3269    CLOUDY (SCALE 8-10) 16
DPTR FM NORMAL  -449

[CDD (BASE 65) ]
TOTAL THIS MO.     0
DPTR FM NORMAL     0    [PRESSURE DATA]
TOTAL FM JAN 1     0    HIGHEST SLP 30.68 ON  2
DPTR FM NORMAL     0    LOWEST  SLP 29.63 ON  9

[REMARKS]
#FINAL-01-13#
