000
CXUS56 KPDT 020532
CF6YKM
PRELIMINARY LOCAL CLIMATOLOGICAL DATA (WS FORM: F-6)

                                          STATION:   YAKIMA WA
                                          MONTH:     JANUARY
                                          YEAR:      2012
                                          LATITUDE:   46 34 N
                                          LONGITUDE: 120 32 W

  TEMPERATURE IN F:       :PCPN:    SNOW:  WIND      :SUNSHINE: SKY     :PK WND
================================================================================
1   2   3   4   5  6A  6B    7    8   9   10  11  12  13   14  15   16   17  18
                                     12Z  AVG MX 2MIN
DY MAX MIN AVG DEP HDD CDD  WTR  SNW DPTH SPD SPD DIR MIN PSBL S-S WX    SPD DR
================================================================================

 1  43  28  36   8  29   0 0.00  0.0    0  7.5 15 290   M    M   3        29 320
 2  42  22  32   4  33   0 0.00  0.0    0  4.1 15 140   M    M   1        21 150
 3  46  21  34   6  31   0 0.00  0.0    0  2.3 10 300   M    M   3        13  30
 4  56  23  40  11  25   0 0.00  0.0    0  5.5 26 180   M    M   3 1      38 180
 5  52  26  39  10  26   0 0.00  0.0    0  9.1 26 290   M    M   2        37 270
 6  42  22  32   3  33   0 0.00  0.0    0  1.7 12 280   M    M   2        14  50
 7  42  18  30   1  35   0 0.00  0.0    0  0.9  8 300   M    M   2        16  40
 8  47  21  34   5  31   0 0.00  0.0    0  1.9  8 310   M    M   0 1      18 160
 9  39  20  30   0  35   0 0.06  0.0    0  1.7  8 290   M    M   5 18     12  40
10  50  25  38   8  27   0 0.00  0.0    0  3.3 16 350   M    M   2 1      24 350
11  35  14  25  -5  40   0 0.00  0.0    0  4.6 10 280   M    M   1        25 220
12  33  11  22  -8  43   0 0.00  0.0    0  3.1  9 270   M    M   0 18      9 270
13  34  11  23  -7  42   0 0.00  0.0    0  2.1  9 300   M    M   0        10 300
14  50  12  31   0  34   0 0.00  0.0    0  5.9 28 290   M    M   2 18     37 300
15  36  11  24  -7  41   0    T    T    0  3.8 17 160   M    M   4 18     18 160
16  37   6  22  -9  43   0 0.00  0.0    0  6.8 21 200   M    M   3        28 200
17  43  17  30  -1  35   0    T    T    0  8.1 25 200   M    M   6        31 200
18  30  24  27  -4  38   0 0.56  6.0    6  3.8 10 360   M    M  10 128    15 270
19  24  13  19 -13  46   0 0.39  4.5   10  3.2 10 320   M    M   9 16     13 330
20  24  12  18 -14  47   0 0.12  1.5   10  1.2  6 240   M    M  10 126    14 260
21  34  18  26  -6  39   0 0.00  0.0    9  1.6 12 310   M    M   6 18     17 330
22  34   M   M   M   M   M    M  4.2   12  3.7  8 280   M    M   8 128     M  M
23  28   8  18 -14  47   0 0.00  0.0   11  3.0 10 330   M    M   2 128    12 330
24  48  13  31  -1  34   0 0.03    T   10  3.0 25 220   M    M   6 18     33 230
25  52  26  39   6  26   0 0.00  0.0    7  7.5 26 230   M    M   0        35 240
26  45  25  35   2  30   0 0.00  0.0    6 11.4 36 290   M    M   0        45 290
27  38  13  26  -7  39   0 0.00  0.0    6  4.8 12 310   M    M   0        14 280
28  35  22  29  -4  36   0 0.00  0.0    6  1.8  8 290   M    M   1        17 220
29  55  18  37   4  28   0 0.00  0.0    5  3.6 15 200   M    M   5        22 190
30  50  31  41   7  24   0 0.00  0.0    4  3.7 14 260   M    M   3        21 290
31  45  23  34   0  31   0 0.02  0.0    4  2.7 15 200   M    M   1        29 330
================================================================================
SM 1269  554      1048   0  1.18    16.2 127.4          M      100
================================================================================
AV 40.9 18.5                               4.1 FASTST   M    M   3    MAX(MPH)
                                 MISC ---->  # 36 290               # 45  290
================================================================================
NOTES:
# LAST OF SEVERAL OCCURRENCES

COLUMN 17 PEAK WIND IN M.P.H.

PRELIMINARY LOCAL CLIMATOLOGICAL DATA (WS FORM: F-6) , PAGE 2

                                          STATION:  YAKIMA WA
                                          MONTH:    JANUARY
                                          YEAR:     2012
                                          LATITUDE:   46 34 N
                                          LONGITUDE: 120 32 W

[TEMPERATURE DATA]      [PRECIPITATION DATA]       SYMBOLS USED IN COLUMN 16

AVERAGE MONTHLY: 29.7   TOTAL FOR MONTH:   1.18    1 = FOG OR MIST
DPTR FM NORMAL:  -1.3   DPTR FM NORMAL:    0.03    2 = FOG REDUCING VISIBILITY
HIGHEST:    56 ON  4    GRTST 24HR  0.56 ON 18-18      TO 1/4 MILE OR LESS
LOWEST:      6 ON 16                               3 = THUNDER
                        SNOW, ICE PELLETS, HAIL    4 = ICE PELLETS
                        TOTAL MONTH:  16.2 INCHES  5 = HAIL
                        GRTST 24HR   6.0 ON 18-18  6 = FREEZING RAIN OR DRIZZLE
                        GRTST DEPTH:  12 ON 22     7 = DUSTSTORM OR SANDSTORM:
                                                       VSBY 1/2 MILE OR LESS
                                                   8 = SMOKE OR HAZE
[NO. OF DAYS WITH]      [WEATHER - DAYS WITH]      9 = BLOWING SNOW
                                                   X = TORNADO
MAX 32 OR BELOW:   4    0.01 INCH OR MORE:   6
MAX 90 OR ABOVE:   0    0.10 INCH OR MORE:   3
MIN 32 OR BELOW:  30    0.50 INCH OR MORE:   1
MIN  0 OR BELOW:   0    1.00 INCH OR MORE:   0

[HDD (BASE 65) ]
TOTAL THIS MO.  1048    CLEAR  (SCALE 0-3)  21
DPTR FM NORMAL    -7    PTCLDY (SCALE 4-7)   7
TOTAL FM JUL 1  3522    CLOUDY (SCALE 8-10)  3
DPTR FM NORMAL  -196

[CDD (BASE 65) ]
TOTAL THIS MO.     0
DPTR FM NORMAL     0    [PRESSURE DATA]
TOTAL FM JAN 1     0    HIGHEST SLP 30.71 ON 11
DPTR FM NORMAL     0    LOWEST  SLP 29.28 ON 21

[REMARKS]
#FINAL-01-12#
