000
CXUS56 KPDT 020532
CF6YKM
PRELIMINARY LOCAL CLIMATOLOGICAL DATA (WS FORM: F-6)

                                          STATION:   YAKIMA WA
                                          MONTH:     JULY
                                          YEAR:      2012
                                          LATITUDE:   46 34 N
                                          LONGITUDE: 120 32 W

  TEMPERATURE IN F:       :PCPN:    SNOW:  WIND      :SUNSHINE: SKY     :PK WND
================================================================================
1   2   3   4   5  6A  6B    7    8   9   10  11  12  13   14  15   16   17  18
                                     12Z  AVG MX 2MIN
DY MAX MIN AVG DEP HDD CDD  WTR  SNW DPTH SPD SPD DIR MIN PSBL S-S WX    SPD DR
================================================================================

 1  85  54  70   3   0   5 0.00  0.0    0  4.7 17 320   M    M   3         M  M
 2  86  50  68   0   0   3    T  0.0    0  6.3 16 300   M    M   1        21 200
 3  73  51  62  -6   3   0 0.00  0.0    0 10.6 25 270   M    M   3        35 110
 4  80  40  60  -8   5   0 0.00  0.0    0  3.0  8 290   M    M   1        13 280
 5  87  45  66  -2   0   1 0.00  0.0    0  4.9 12 130   M    M   1        16 140
 6  94  51  73   4   0   8 0.00  0.0    0  5.2 13 250   M    M   2        17 240
 7 100  58  79  10   0  14 0.00  0.0    0  5.4 13 260   M    M   1        15 290
 8 104  62  83  14   0  18 0.22  0.0    0  5.5 35 170   M    M   1 3      43 160
 9 102  64  83  13   0  18 0.00  0.0    0  6.6 22 320   M    M   3        29 310
10 100  75  88  18   0  23 0.00  0.0    0  6.7 47 250   M    M   0        67 220
11 100  63  82  12   0  17 0.00  0.0    0  5.2 15 330   M    M   0        17 330
12  97  61  79   9   0  14    T  0.0    0  5.1 13 340   M    M   2 3      29 210
13  96  68  82  12   0  17 0.00  0.0    0  7.0 16 330   M    M   3        26 290
14  90  68  79   8   0  14 0.01  0.0    0  4.8 28 270   M    M   5 3       M  M
15  89  59  74   3   0   9 0.00  0.0    0  7.4 22 330   M    M   1 18     31 340
16  87  56  72   1   0   7 0.03  0.0    0  5.8 16 150   M    M   4        21 130
17  94  61  78   7   0  13    T  0.0    0  5.9 18 310   M    M   2 3      22 330
18  96  62  79   8   0  14 0.00  0.0    0  5.1 14 340   M    M   2        18 350
19  95  65  80   8   0  15 0.00  0.0    0  5.2 10 150   M    M   2        15 340
20  85  60  73   1   0   8 0.00  0.0    0  8.6 22 240   M    M   4        29 310
21  88  50  69  -3   0   4 0.00  0.0    0  4.8 22 240   M    M   1        28 220
22  89  55  72   0   0   7 0.00  0.0    0 11.3 28 280   M    M   0        35 280
23  82  48  65  -7   0   0 0.00  0.0    0  5.1 17 280   M    M   1        23 280
24  93  49  71  -1   0   6 0.00  0.0    0  5.0  9 290   M    M   0        16 130
25  93  54  74   2   0   9 0.00  0.0    0  6.6 12 140   M    M   1         M  M
26  97  59  78   6   0  13 0.00  0.0    0  7.4 13 310   M    M   2         M  M
27  94  56  75   3   0  10 0.00  0.0    0  7.6 22 320   M    M   0        26 330
28  90  49  70  -2   0   5 0.00  0.0    0  4.1 12 340   M    M   0        16 320
29  93  56  75   3   0  10 0.00  0.0    0  4.9 15 330   M    M   0        20 320
30  93  64  79   7   0  14 0.00  0.0    0  9.2 20 330   M    M   0 8      29 330
31  91  49  70  -2   0   5 0.00  0.0    0  5.5 12 330   M    M   0        16 300
================================================================================
SM 2843 1762         8 301  0.26     0.0 190.5          M       46
================================================================================
AV 91.7 56.8                               6.1 FASTST   M    M   1    MAX(MPH)
                                 MISC ---->  # 47 250                999999 M
================================================================================
NOTES:
# LAST OF SEVERAL OCCURRENCES

COLUMN 17 PEAK WIND IN M.P.H.

PRELIMINARY LOCAL CLIMATOLOGICAL DATA (WS FORM: F-6) , PAGE 2

                                          STATION:  YAKIMA WA
                                          MONTH:    JULY
                                          YEAR:     2012
                                          LATITUDE:   46 34 N
                                          LONGITUDE: 120 32 W

[TEMPERATURE DATA]      [PRECIPITATION DATA]       SYMBOLS USED IN COLUMN 16

AVERAGE MONTHLY: 74.3   TOTAL FOR MONTH:   0.26    1 = FOG OR MIST
DPTR FM NORMAL:   3.7   DPTR FM NORMAL:    0.04    2 = FOG REDUCING VISIBILITY
HIGHEST:   104 ON  8    GRTST 24HR  0.22 ON  8- 8      TO 1/4 MILE OR LESS
LOWEST:     40 ON  4                               3 = THUNDER
                        SNOW, ICE PELLETS, HAIL    4 = ICE PELLETS
                        TOTAL MONTH:   0.0 INCH    5 = HAIL
                        GRTST 24HR     0.0         6 = FREEZING RAIN OR DRIZZLE
                        GRTST DEPTH:   0           7 = DUSTSTORM OR SANDSTORM:
                                                       VSBY 1/2 MILE OR LESS
                                                   8 = SMOKE OR HAZE
[NO. OF DAYS WITH]      [WEATHER - DAYS WITH]      9 = BLOWING SNOW
                                                   X = TORNADO
MAX 32 OR BELOW:   0    0.01 INCH OR MORE:   3
MAX 90 OR ABOVE:  20    0.10 INCH OR MORE:   1
MIN 32 OR BELOW:   0    0.50 INCH OR MORE:   0
MIN  0 OR BELOW:   0    1.00 INCH OR MORE:   0

[HDD (BASE 65) ]
TOTAL THIS MO.     8    CLEAR  (SCALE 0-3)  28
DPTR FM NORMAL   -13    PTCLDY (SCALE 4-7)   3
TOTAL FM JUL 1     8    CLOUDY (SCALE 8-10)  0
DPTR FM NORMAL   -13

[CDD (BASE 65) ]
TOTAL THIS MO.   301
DPTR FM NORMAL   106    [PRESSURE DATA]
TOTAL FM JAN 1   379    HIGHEST SLP 30.16 ON 23
DPTR FM NORMAL    99    LOWEST  SLP 29.70 ON 15

[REMARKS]
#FINAL-07-12#
