000
CXUS56 KPDT 020532
CF6YKM
PRELIMINARY LOCAL CLIMATOLOGICAL DATA (WS FORM: F-6)

                                          STATION:   YAKIMA WA
                                          MONTH:     NOVEMBER
                                          YEAR:      2012
                                          LATITUDE:   46 34 N
                                          LONGITUDE: 120 32 W

  TEMPERATURE IN F:       :PCPN:    SNOW:  WIND      :SUNSHINE: SKY     :PK WND
================================================================================
1   2   3   4   5  6A  6B    7    8   9   10  11  12  13   14  15   16   17  18
                                     12Z  AVG MX 2MIN
DY MAX MIN AVG DEP HDD CDD  WTR  SNW DPTH SPD SPD DIR MIN PSBL S-S WX    SPD DR
================================================================================

 1  61  38  50   7  15   0    T  0.0    0  4.7 21 190   M    M   5        26 190
 2  59  34  47   5  18   0 0.05  0.0    0  1.4  8 320   M    M   4 1       9 230
 3  57  46  52  10  13   0 0.01  0.0    0  1.8  8 280   M    M   7 1       M  M
 4  63  43  53  11  12   0 0.00  0.0    0  1.7  8 300   M    M   3 18     14 210
 5  66  40  53  12  12   0 0.00  0.0    0  4.4 10 250   M    M   1 12     18  60
 6  62  37  50   9  15   0 0.00  0.0    0  3.4  9 230   M    M   1        14 210
 7  58  30  44   3  21   0 0.00  0.0    0  6.9 20 280   M    M   3 8      30 210
 8  50  27  39  -1  26   0 0.00  0.0    0  6.8 18 290   M    M   5         M  M
 9  46  24  35  -5  30   0 0.03  0.1    T  4.1  9  80   M    M   7 1      18 240
10  41  29  35  -5  30   0 0.05  0.3    0  2.9  M   M   M    M   9 1      13 320
11  39  28  34  -5  31   0 0.09    T    0  0.1  M   M   M    M   9 1       M 999
12  44  34  39   0  26   0 0.01  0.3    0  2.3 10 240   M    M  10 18      M  M
13  44  40  42   4  23   0 0.00  0.0    0  0.3  5 250   M    M  10 18     10 130
14  46  40  43   5  22   0 0.00  0.0    0  2.5  7 200   M    M  10 18     16 330
15  41  38  40   2  25   0 0.00  0.0    0  1.5  M   M   M    M  10 1       M  M
16  45  39  42   5  23   0 0.00  0.0    0  0.3  9  30   M    M  10 18     33 340
17  44  34  39   2  26   0 0.15  0.0    0  1.1 10 310   M    M   9 18     13 310
18  51  31  41   5  24   0 0.09  0.0    0  5.8 17 150   M    M   5 1       M  M
19  57  42  50  14  15   0 0.07  0.0    0  6.9 24 200   M    M   9 1      32 200
20  58  40  49  13  16   0 0.01  0.0    0  7.3 26 190   M    M   4        36 200
21  52  33  43   8  22   0    T  0.0    0  7.2 25 190   M    M   2        31 190
22  46  27  37   2  28   0 0.00  0.0    0  2.5 12 270   M    M   1        24 220
23  44  31  38   4  27   0 0.02  0.0    0  0.4  7 100   M    M   6        12  90
24  52  28  40   6  25   0 0.00  0.0    0  3.5 13  70   M    M   4 1      17  30
25  51  24  38   4  27   0 0.00  0.0    0  3.5  8 270   M    M   0        15 330
26  44  21  33   0  32   0 0.00  0.0    0  4.7 23 220   M    M   3 18     25 220
27  40  27  34   1  31   0 0.00  0.0    0  0.3  5 220   M    M   9 1       M  M
28  38  29  34   1  31   0 0.03    T    0  2.3 17 250   M    M   6 128     M  M
29  40  32  36   4  29   0 0.05  0.0    0  1.3  8 170   M    M  10 126    21 120
30  43  34  39   7  26   0    T  0.0    0  1.5  8 280   M    M   9 12      M  M
================================================================================
SM 1482 1000       701   0  0.66     0.7  93.4          M      181
================================================================================
AV 49.4 33.3                               3.1 FASTST   M    M   6    MAX(MPH)
                                 MISC ---->  # 26 190               # 36  200
================================================================================
NOTES:
# LAST OF SEVERAL OCCURRENCES

COLUMN 17 PEAK WIND IN M.P.H.

PRELIMINARY LOCAL CLIMATOLOGICAL DATA (WS FORM: F-6) , PAGE 2

                                          STATION:  YAKIMA WA
                                          MONTH:    NOVEMBER
                                          YEAR:     2012
                                          LATITUDE:   46 34 N
                                          LONGITUDE: 120 32 W

[TEMPERATURE DATA]      [PRECIPITATION DATA]       SYMBOLS USED IN COLUMN 16

AVERAGE MONTHLY: 41.4   TOTAL FOR MONTH:   0.66    1 = FOG OR MIST
DPTR FM NORMAL:   4.1   DPTR FM NORMAL:   -0.39    2 = FOG REDUCING VISIBILITY
HIGHEST:    66 ON  5    GRTST 24HR  0.15 ON 17-17      TO 1/4 MILE OR LESS
LOWEST:     21 ON 26                               3 = THUNDER
                        SNOW, ICE PELLETS, HAIL    4 = ICE PELLETS
                        TOTAL MONTH:   0.7 INCH    5 = HAIL
                        GRTST 24HR   0.3 ON   M    6 = FREEZING RAIN OR DRIZZLE
                        GRTST DEPTH:   T           7 = DUSTSTORM OR SANDSTORM:
                                                       VSBY 1/2 MILE OR LESS
                                                   8 = SMOKE OR HAZE
[NO. OF DAYS WITH]      [WEATHER - DAYS WITH]      9 = BLOWING SNOW
                                                   X = TORNADO
MAX 32 OR BELOW:   0    0.01 INCH OR MORE:  13
MAX 90 OR ABOVE:   0    0.10 INCH OR MORE:   1
MIN 32 OR BELOW:  14    0.50 INCH OR MORE:   0
MIN  0 OR BELOW:   0    1.00 INCH OR MORE:   0

[HDD (BASE 65) ]
TOTAL THIS MO.   701    CLEAR  (SCALE 0-3)   8
DPTR FM NORMAL  -128    PTCLDY (SCALE 4-7)  10
TOTAL FM JUL 1  1238    CLOUDY (SCALE 8-10) 12
DPTR FM NORMAL  -295

[CDD (BASE 65) ]
TOTAL THIS MO.     0
DPTR FM NORMAL     0    [PRESSURE DATA]
TOTAL FM JAN 1   667    HIGHEST SLP 30.47 ON 22
DPTR FM NORMAL   195    LOWEST  SLP 29.52 ON 30

[REMARKS]
#FINAL-11-12#
