000
CXUS56 KPDT 020532
CF6YKM
PRELIMINARY LOCAL CLIMATOLOGICAL DATA (WS FORM: F-6)

                                          STATION:   YAKIMA WA
                                          MONTH:     APRIL
                                          YEAR:      2012
                                          LATITUDE:   46 34 N
                                          LONGITUDE: 120 32 W

  TEMPERATURE IN F:       :PCPN:    SNOW:  WIND      :SUNSHINE: SKY     :PK WND
================================================================================
1   2   3   4   5  6A  6B    7    8   9   10  11  12  13   14  15   16   17  18
                                     12Z  AVG MX 2MIN
DY MAX MIN AVG DEP HDD CDD  WTR  SNW DPTH SPD SPD DIR MIN PSBL S-S WX    SPD DR
================================================================================

 1  55  30  43  -3  22   0 0.01  0.0    0  7.8 24 280   M    M   5 1      32 280
 2  56  28  42  -5  23   0 0.00  0.0    0  3.7 10 140   M    M   1        20 310
 3  60  35  48   1  17   0    T  0.0    0  5.7 18 300   M    M   5        24 190
 4  58  36  47   0  18   0 0.00  0.0    0  6.2 22 280   M    M   5        26 270
 5  52  32  42  -5  23   0 0.01  0.0    0  4.4 16 330   M    M   8        21 330
 6  54  29  42  -5  23   0 0.00  0.0    0  4.3 14 360   M    M   6        18 270
 7  59  26  43  -4  22   0 0.00  0.0    0  5.2 13  70   M    M   3        22 290
 8  65  41  53   5  12   0 0.00  0.0    0  8.4 16  50   M    M   1        22  20
 9  70  38  54   6  11   0 0.00  0.0    0  4.7 13 260   M    M   0        26 230
10  71  41  56   8   9   0 0.00  0.0    0  3.7 12 280   M    M   0        15  50
11  66  38  52   4  13   0 0.01  0.0    0  6.5 18 200   M    M   4        24 200
12  64  32  48   0  17   0    T  0.0    0  5.7 20 200   M    M   4        26 270
13  64  28  46  -2  19   0 0.00  0.0    0  5.9 20 310   M    M   1        25 320
14  71  33  52   3  13   0 0.00  0.0    0  8.4 25 350   M    M   1        32 360
15  69  41  55   6  10   0    T  0.0    0  3.3 13 330   M    M   4        16 340
16  61  37  49   0  16   0 0.01  0.0    0  4.7 21 290   M    M   6        26 280
17  55  31  43  -6  22   0    T  0.0    0  3.1 17 250   M    M   3        22 240
18  65  33  49   0  16   0 0.00  0.0    0  6.6 21 300   M    M   4        26 290
19  60  31  46  -4  19   0 0.10  0.0    0  2.6 10 170   M    M   6        20 140
20  70  43  57   7   8   0 0.00  0.0    0  4.4 15  20   M    M   6 1      22 360
21  78  40  59   9   6   0 0.00  0.0    0  4.1 10 260   M    M   0        14 110
22  84  48  66  16   0   1 0.00  0.0    0  5.2  9 270   M    M   0        31 210
23  90  49  70  20   0   5 0.01  0.0    0  5.5 24 190   M    M   3        30 190
24  81  51  66  15   0   1 0.00  0.0    0  7.6 23 260   M    M   2        31 280
25  76  44  60   9   5   0 0.45  0.0    0  3.5 28 220   M    M   5 13     36 240
26  61  41  51   0  14   0 0.21  0.0    0  6.3 24 290   M    M   6 1      30 300
27  64  33  49  -3  16   0 0.00  0.0    0  3.0 15 270   M    M   4        20 270
28  70  47  59   7   6   0 0.00  0.0    0  4.1 16 320   M    M   6        22 320
29  71  40  56   4   9   0    T  0.0    0  3.2 14  10   M    M   3        17  10
30  68  40  54   2  11   0    T  0.0    0  8.4 26 280   M    M   4        33 290
================================================================================
SM 1988 1116       400   7  0.81     0.0 156.2          M      106
================================================================================
AV 66.3 37.2                               5.2 FASTST   M    M   4    MAX(MPH)
                                 MISC ---->  # 28 220               # 36  240
================================================================================
NOTES:
# LAST OF SEVERAL OCCURRENCES

COLUMN 17 PEAK WIND IN M.P.H.

PRELIMINARY LOCAL CLIMATOLOGICAL DATA (WS FORM: F-6) , PAGE 2

                                          STATION:  YAKIMA WA
                                          MONTH:    APRIL
                                          YEAR:     2012
                                          LATITUDE:   46 34 N
                                          LONGITUDE: 120 32 W

[TEMPERATURE DATA]      [PRECIPITATION DATA]       SYMBOLS USED IN COLUMN 16

AVERAGE MONTHLY: 51.7   TOTAL FOR MONTH:   0.81    1 = FOG OR MIST
DPTR FM NORMAL:   2.6   DPTR FM NORMAL:    0.26    2 = FOG REDUCING VISIBILITY
HIGHEST:    90 ON 23    GRTST 24HR  0.66 ON 25-26      TO 1/4 MILE OR LESS
LOWEST:     26 ON  7                               3 = THUNDER
                        SNOW, ICE PELLETS, HAIL    4 = ICE PELLETS
                        TOTAL MONTH:   0.0 INCH    5 = HAIL
                        GRTST 24HR     0.0         6 = FREEZING RAIN OR DRIZZLE
                        GRTST DEPTH:   0           7 = DUSTSTORM OR SANDSTORM:
                                                       VSBY 1/2 MILE OR LESS
                                                   8 = SMOKE OR HAZE
[NO. OF DAYS WITH]      [WEATHER - DAYS WITH]      9 = BLOWING SNOW
                                                   X = TORNADO
MAX 32 OR BELOW:   0    0.01 INCH OR MORE:   8
MAX 90 OR ABOVE:   1    0.10 INCH OR MORE:   3
MIN 32 OR BELOW:   9    0.50 INCH OR MORE:   0
MIN  0 OR BELOW:   0    1.00 INCH OR MORE:   0

[HDD (BASE 65) ]
TOTAL THIS MO.   400    CLEAR  (SCALE 0-3)  11
DPTR FM NORMAL   -78    PTCLDY (SCALE 4-7)  19
TOTAL FM JUL 1  5390    CLOUDY (SCALE 8-10)  0
DPTR FM NORMAL  -292

[CDD (BASE 65) ]
TOTAL THIS MO.     7
DPTR FM NORMAL     6    [PRESSURE DATA]
TOTAL FM JAN 1     7    HIGHEST SLP 30.33 ON  7
DPTR FM NORMAL     6    LOWEST  SLP 29.50 ON 11

[REMARKS]
#FINAL-04-12#
