000
CXUS56 KPDT 020532
CF6YKM
PRELIMINARY LOCAL CLIMATOLOGICAL DATA (WS FORM: F-6)

                                          STATION:   YAKIMA WA
                                          MONTH:     OCTOBER
                                          YEAR:      2011
                                          LATITUDE:   46 34 N
                                          LONGITUDE: 120 32 W

  TEMPERATURE IN F:       :PCPN:    SNOW:  WIND      :SUNSHINE: SKY     :PK WND
================================================================================
1   2   3   4   5  6A  6B    7    8   9   10  11  12  13   14  15   16   17  18
                                     12Z  AVG MX 2MIN
DY MAX MIN AVG DEP HDD CDD  WTR  SNW DPTH SPD SPD DIR MIN PSBL S-S WX    SPD DR
================================================================================

 1  72  43  58   3   7   0 0.00  0.0    0  4.6 12 200   M    M   4        16 260
 2  71  44  58   3   7   0    T  0.0    0  2.4 15 360   M    M   5        21 160
 3  65  50  58   4   7   0 0.17  0.0    0  2.2 10 180   M    M   8 1      12 180
 4  61  51  56   2   9   0 0.04  0.0    0  4.2 14 170   M    M   8 1      18 180
 5  54  49  52  -2  13   0 0.47  0.0    0  2.4  M   M   M    M   9 1       M  M
 6  66  48  57   4   8   0    T  0.0    0  7.4 26 310   M    M   6         0 210
 7  70  42  56   3   9   0 0.03  0.0    0  8.5 21 270   M    M   3         0 220
 8  66  35  51  -1  14   0 0.00  0.0    0  4.0 15 220   M    M   1         0 330
 9  65  42  54   2  11   0 0.03  0.0    0  2.8 16 310   M    M   5 1      24 230
10  63  47  55   4  10   0 0.13  0.0    0  4.5 15 180   M    M   5 1       M  M
11  68  44  56   5   9   0    T  0.0    0  7.0 21 230   M    M   5        30 220
12  64  35  50   0  15   0 0.00  0.0    0  3.2 14 360   M    M   5        16  10
13  58  42  50   0  15   0 0.00  0.0    0  2.3 10 280   M    M   5        12 280
14  60  47  54   4  11   0    M  0.0    0   M   M   M   M    M  10         M  M
15  63  38  51   2  14   0 0.00  0.0    0  2.7  8 290   M    M   4 18     32 260
16  65  38  52   3  13   0 0.02  0.0    0  3.6  9 260   M    M   4 1       M  M
17  65  33  49   1  16   0 0.00  0.0    0  4.7  9 270   M    M   0         M  M
18  68  35  52   4  13   0 0.00  0.0    0  6.7 15 250   M    M   0        28 230
19  68  37  53   5  12   0 0.00  0.0    0  4.1  9 270   M    M   1 8      12  30
20  66  45  56   9   9   0 0.01  0.0    0  1.6  7 290   M    M   4         8 290
21  67  42  55   8  10   0 0.00  0.0    0  3.2  9  60   M    M   5        12 220
22  75  39  57  11   8   0 0.00  0.0    0  5.9 24 290   M    M   4        33 290
23  63  38  51   5  14   0 0.00  0.0    0  3.7  9 270   M    M   0        12 320
24  61  33  47   1  18   0 0.00  0.0    0  8.7 21 330   M    M   1        30 360
25  58  25  42  -3  23   0 0.00  0.0    0  4.7 13 260   M    M   0        26 230
26  46  20  33 -12  32   0 0.00  0.0    0  2.1  9 270   M    M   2        17 260
27  55  20  38  -7  27   0 0.00  0.0    0  3.6 20 270   M    M   0         M 330
28  53  29  41  -3  24   0    T  0.0    0  2.5 23 230   M    M   3        28 190
29  62  33  48   4  17   0 0.00  0.0    0  4.2 10 280   M    M   0        16  50
30  61  29  45   1  20   0 0.00  0.0    0  3.0  9 300   M    M   3        10 300
31  58  30  44   1  21   0    T  0.0    0  7.1 26 280   M    M   1        38 290
================================================================================
SM 1957 1183       436   0  0.90     0.0 127.6          M      111
================================================================================
AV 63.1 38.2                               4.3 FASTST   M    M   4    MAX(MPH)
                                 MISC ---->  # 26 310               # 38  290
================================================================================
NOTES:
# LAST OF SEVERAL OCCURRENCES

COLUMN 17 PEAK WIND IN M.P.H.

PRELIMINARY LOCAL CLIMATOLOGICAL DATA (WS FORM: F-6) , PAGE 2

                                          STATION:  YAKIMA WA
                                          MONTH:    OCTOBER
                                          YEAR:     2011
                                          LATITUDE:   46 34 N
                                          LONGITUDE: 120 32 W

[TEMPERATURE DATA]      [PRECIPITATION DATA]       SYMBOLS USED IN COLUMN 16

AVERAGE MONTHLY: 50.6   TOTAL FOR MONTH:   0.90    1 = FOG OR MIST
DPTR FM NORMAL:   1.6   DPTR FM NORMAL:    0.36    2 = FOG REDUCING VISIBILITY
HIGHEST:    75 ON 22    GRTST 24HR  0.48 ON  4- 5      TO 1/4 MILE OR LESS
LOWEST:     20 ON 27,26                            3 = THUNDER
                        SNOW, ICE PELLETS, HAIL    4 = ICE PELLETS
                        TOTAL MONTH:   0.0 INCH    5 = HAIL
                        GRTST 24HR     0.0         6 = FREEZING RAIN OR DRIZZLE
                        GRTST DEPTH:   0           7 = DUSTSTORM OR SANDSTORM:
                                                       VSBY 1/2 MILE OR LESS
                                                   8 = SMOKE OR HAZE
[NO. OF DAYS WITH]      [WEATHER - DAYS WITH]      9 = BLOWING SNOW
                                                   X = TORNADO
MAX 32 OR BELOW:   0    0.01 INCH OR MORE:   8
MAX 90 OR ABOVE:   0    0.10 INCH OR MORE:   3
MIN 32 OR BELOW:   6    0.50 INCH OR MORE:   0
MIN  0 OR BELOW:   0    1.00 INCH OR MORE:   0

[HDD (BASE 65) ]
TOTAL THIS MO.   436    CLEAR  (SCALE 0-3)  13
DPTR FM NORMAL   -60    PTCLDY (SCALE 4-7)  15
TOTAL FM JUL 1   543    CLOUDY (SCALE 8-10)  3
DPTR FM NORMAL  -161

[CDD (BASE 65) ]
TOTAL THIS MO.     0
DPTR FM NORMAL     0    [PRESSURE DATA]
TOTAL FM JAN 1   485    HIGHEST SLP 30.46 ON 26
DPTR FM NORMAL    13    LOWEST  SLP 29.43 ON  5

[REMARKS]
#FINAL-10-11#
