000
CXUS56 KPDT 020532
CF6YKM
PRELIMINARY LOCAL CLIMATOLOGICAL DATA (WS FORM: F-6)

                                          STATION:   YAKIMA WA
                                          MONTH:     MAY
                                          YEAR:      2012
                                          LATITUDE:   46 34 N
                                          LONGITUDE: 120 32 W

  TEMPERATURE IN F:       :PCPN:    SNOW:  WIND      :SUNSHINE: SKY     :PK WND
================================================================================
1   2   3   4   5  6A  6B    7    8   9   10  11  12  13   14  15   16   17  18
                                     12Z  AVG MX 2MIN
DY MAX MIN AVG DEP HDD CDD  WTR  SNW DPTH SPD SPD DIR MIN PSBL S-S WX    SPD DR
================================================================================

 1  62  39  51  -2  14   0 0.02  0.0    0  4.8 16 310   M    M   5        25 300
 2  61  36  49  -4  16   0 0.00  0.0    0  3.3 14 160   M    M   5        18  80
 3  59  43  51  -2  14   0 0.10  0.0    0  4.9 22 200   M    M   8        28 220
 4  64  41  53  -1  12   0    T  0.0    0  6.6 24 310   M    M   4        29 270
 5  64  35  50  -4  15   0 0.00  0.0    0  7.2 24 330   M    M   2        30 310
 6  69  32  51  -3  14   0 0.00  0.0    0  4.1 10 100   M    M   0        16 210
 7  76  35  56   1   9   0 0.00  0.0    0  3.6 10 290   M    M   0        16 320
 8  84  41  63   8   2   0 0.00  0.0    0  5.8 18 320   M    M   1        23 330
 9  65  38  52  -3  13   0 0.00  0.0    0 10.4 22 330   M    M   1        29 320
10  65  31  48  -8  17   0 0.00  0.0    0  5.1 15  10   M    M   1        18  20
11  70  32  51  -5  14   0 0.00  0.0    0  6.2 12 260   M    M   0        13 130
12  77  32  55  -1  10   0 0.00  0.0    0  4.6 10 260   M    M   0        14 320
13  86  37  62   6   3   0 0.00  0.0    0  4.7  9 270   M    M   0        15 270
14  93  44  69  12   0   4 0.00  0.0    0  5.6 10 270   M    M   0        16 360
15  94  53  74  17   0   9 0.00  0.0    0  8.1 22 330   M    M   0        29 330
16  83  49  66   9   0   1 0.00  0.0    0 10.5 21 280   M    M   0        25 270
17  76  46  61   3   4   0 0.00  0.0    0  9.5 23 330   M    M   1        32 330
18  72  43  58   0   7   0 0.00  0.0    0  6.5 18 320   M    M   1        23 310
19  74  40  57  -1   8   0 0.00  0.0    0  4.6 14 340   M    M   3        24 340
20  75  51  63   5   2   0 0.01  0.0    0  5.7 17 170   M    M   8        25 190
21  68  54  61   2   4   0    T  0.0    0  9.8 24 190   M    M   5        32 190
22  64  43  54  -5  11   0 0.03  0.0    0  8.3 30 310   M    M   6        37 310
23  70  46  58  -1   7   0 0.00  0.0    0  9.3 24 290   M    M   6        32 280
24  69  37  53  -6  12   0    T  0.0    0  5.3 17 350   M    M   5        21 340
25  75  50  63   3   2   0 0.00  0.0    0 12.6 28  40   M    M   7 8      36  50
26  74  48  61   1   4   0 0.00  0.0    0  7.6 20 290   M    M   6        28 320
27  80  41  61   1   4   0 0.00  0.0    0  9.2 21 290   M    M   1        28 280
28  75  43  59  -1   6   0 0.00  0.0    0  7.4 22 190   M    M   3        31 190
29  75  35  55  -5  10   0 0.00  0.0    0  4.4 15 300   M    M   2        18 300
30  79  52  66   5   0   1 0.00  0.0    0  3.1  8 100   M    M   4         M  M
31  80  54  67   6   0   2 0.00  0.0    0  3.7 17  10   M    M   M        22  20
================================================================================
SM 2278 1301       234  17  0.16     0.0 202.5          M       85
================================================================================
AV 73.5 42.0                               6.5 FASTST   M    M   3    MAX(MPH)
                                 MISC ---->  # 30 310               # 37  310
================================================================================
NOTES:
# LAST OF SEVERAL OCCURRENCES

COLUMN 17 PEAK WIND IN M.P.H.

PRELIMINARY LOCAL CLIMATOLOGICAL DATA (WS FORM: F-6) , PAGE 2

                                          STATION:  YAKIMA WA
                                          MONTH:    MAY
                                          YEAR:     2012
                                          LATITUDE:   46 34 N
                                          LONGITUDE: 120 32 W

[TEMPERATURE DATA]      [PRECIPITATION DATA]       SYMBOLS USED IN COLUMN 16

AVERAGE MONTHLY: 57.7   TOTAL FOR MONTH:   0.16    1 = FOG OR MIST
DPTR FM NORMAL:   0.6   DPTR FM NORMAL:   -0.42    2 = FOG REDUCING VISIBILITY
HIGHEST:    94 ON 15    GRTST 24HR  0.10 ON  3- 3      TO 1/4 MILE OR LESS
LOWEST:     31 ON 10                               3 = THUNDER
                        SNOW, ICE PELLETS, HAIL    4 = ICE PELLETS
                        TOTAL MONTH:   0.0 INCH    5 = HAIL
                        GRTST 24HR     0.0         6 = FREEZING RAIN OR DRIZZLE
                        GRTST DEPTH:   0           7 = DUSTSTORM OR SANDSTORM:
                                                       VSBY 1/2 MILE OR LESS
                                                   8 = SMOKE OR HAZE
[NO. OF DAYS WITH]      [WEATHER - DAYS WITH]      9 = BLOWING SNOW
                                                   X = TORNADO
MAX 32 OR BELOW:   0    0.01 INCH OR MORE:   4
MAX 90 OR ABOVE:   2    0.10 INCH OR MORE:   1
MIN 32 OR BELOW:   4    0.50 INCH OR MORE:   0
MIN  0 OR BELOW:   0    1.00 INCH OR MORE:   0

[HDD (BASE 65) ]
TOTAL THIS MO.   234    CLEAR  (SCALE 0-3)  18
DPTR FM NORMAL   -28    PTCLDY (SCALE 4-7)  12
TOTAL FM JUL 1  5624    CLOUDY (SCALE 8-10)  0
DPTR FM NORMAL  -320

[CDD (BASE 65) ]
TOTAL THIS MO.    17
DPTR FM NORMAL    -2    [PRESSURE DATA]
TOTAL FM JAN 1    24    HIGHEST SLP 29.86 ON 26
DPTR FM NORMAL     4    LOWEST  SLP 29.65 ON  3

[REMARKS]
#FINAL-05-12#
