000
CXUS56 KPDT 020532
CF6YKM
PRELIMINARY LOCAL CLIMATOLOGICAL DATA (WS FORM: F-6)

                                          STATION:   YAKIMA WA
                                          MONTH:     MARCH
                                          YEAR:      2012
                                          LATITUDE:   46 34 N
                                          LONGITUDE: 120 32 W

  TEMPERATURE IN F:       :PCPN:    SNOW:  WIND      :SUNSHINE: SKY     :PK WND
================================================================================
1   2   3   4   5  6A  6B    7    8   9   10  11  12  13   14  15   16   17  18
                                     12Z  AVG MX 2MIN
DY MAX MIN AVG DEP HDD CDD  WTR  SNW DPTH SPD SPD DIR MIN PSBL S-S WX    SPD DR
================================================================================

 1  51  24  38  -1  27   0 0.00  0.0    T  5.4 21 270   M    M   2        25 270
 2  52  28  40   0  25   0 0.00  0.0    T  2.0  8 310   M    M   4        10  90
 3  60  28  44   4  21   0 0.00  0.0    0  5.0 24 200   M    M   4        33 200
 4  63  28  46   6  19   0 0.00  0.0    0  3.1 12 240   M    M   0        15 240
 5  58  33  46   6  19   0 0.00  0.0    0 13.5 31 290   M    M   2        41 250
 6  50  21  36  -5  29   0 0.00  0.0    0  7.7 23 340   M    M   2        29 340
 7  52  21  37  -4  28   0 0.00  0.0    0  3.9 14 330   M    M   0        17 320
 8  58  21  40  -1  25   0 0.00  0.0    0  4.1  9 260   M    M   0        12 140
 9  71  28  50   8  15   0 0.00  0.0    0  4.9 20 200   M    M   0        28 190
10  60  35  48   6  17   0 0.00  0.0    0 10.9 29 190   M    M   3        39 190
11  54  36  45   3  20   0 0.00  0.0    0 10.1 30 220   M    M   4        39 220
12  50  36  43   1  22   0 0.08    T    0  8.2 18 180   M    M   8        24 150
13  49  27  38  -5  27   0 0.00  0.0    0 10.5 26 220   M    M   2        38 210
14  42  26  34  -9  31   0 0.02    T    0  2.8  9 290   M    M   6 1      10 260
15  59  34  47   4  18   0 0.03  0.0    0  8.8 26 200   M    M   6 1      36 200
16  55  35  45   2  20   0 0.04  0.0    0  8.7 25 190   M    M   5        32 190
17  55  29  42  -2  23   0 0.11  0.0    0  7.5 22 290   M    M   4 1      28 310
18  52  25  39  -5  26   0    T  0.0    0  5.5 17 270   M    M   5        23 290
19  50  20  35  -9  30   0    T  0.0    0  7.1 24 190   M    M   4        29 190
20  56  35  46   2  19   0 0.01  0.0    0  8.6 31 270   M    M   4        43 260
21  44  33  39  -5  26   0 0.06    T    0  4.2 17 200   M    M   9 1      22 200
22  50  28  39  -6  26   0 0.05  0.2    0  2.3  9 160   M    M   6 1      16 210
23  54  26  40  -5  25   0 0.00  0.0    0  4.9 14 180   M    M   4        16 180
24  58  29  44  -1  21   0 0.00  0.0    0  7.8 18  20   M    M   2        23  20
25  66  32  49   4  16   0 0.00  0.0    0  4.4 10 310   M    M   2        17  90
26  62  31  47   1  18   0 0.00  0.0    0  5.4 17 190   M    M   3        21 200
27  52  31  42  -4  23   0 0.23  0.0    0  3.2 10 260   M    M   8 1      14 260
28  58  39  49   3  16   0 0.09  0.0    0 13.8 29 200   M    M   4 1      40 210
29  54  46  50   4  15   0 0.28  0.0    0  6.9 20 160   M    M   9        24 170
30  52  43  48   2  17   0 0.31  0.0    0  6.9 28 220   M    M   9 1      37 210
31  51  36  44  -2  21   0 0.13  0.0    0  6.0 15 160   M    M   8 1      18 160
================================================================================
SM 1698  944       685   0  1.44     0.2 204.1          M      129
================================================================================
AV 54.8 30.5                               6.6 FASTST   M    M   4    MAX(MPH)
                                 MISC ---->  # 31 290               # 43  260
================================================================================
NOTES:
# LAST OF SEVERAL OCCURRENCES

COLUMN 17 PEAK WIND IN M.P.H.

PRELIMINARY LOCAL CLIMATOLOGICAL DATA (WS FORM: F-6) , PAGE 2

                                          STATION:  YAKIMA WA
                                          MONTH:    MARCH
                                          YEAR:     2012
                                          LATITUDE:   46 34 N
                                          LONGITUDE: 120 32 W

[TEMPERATURE DATA]      [PRECIPITATION DATA]       SYMBOLS USED IN COLUMN 16

AVERAGE MONTHLY: 42.6   TOTAL FOR MONTH:   1.44    1 = FOG OR MIST
DPTR FM NORMAL:  -0.6   DPTR FM NORMAL:    0.82    2 = FOG REDUCING VISIBILITY
HIGHEST:    71 ON  9    GRTST 24HR  0.59 ON 29-30      TO 1/4 MILE OR LESS
LOWEST:     20 ON 19                               3 = THUNDER
                        SNOW, ICE PELLETS, HAIL    4 = ICE PELLETS
                        TOTAL MONTH:   0.2 INCH    5 = HAIL
                        GRTST 24HR   0.2 ON   M    6 = FREEZING RAIN OR DRIZZLE
                        GRTST DEPTH:   0           7 = DUSTSTORM OR SANDSTORM:
                                                       VSBY 1/2 MILE OR LESS
                                                   8 = SMOKE OR HAZE
[NO. OF DAYS WITH]      [WEATHER - DAYS WITH]      9 = BLOWING SNOW
                                                   X = TORNADO
MAX 32 OR BELOW:   0    0.01 INCH OR MORE:  13
MAX 90 OR ABOVE:   0    0.10 INCH OR MORE:   5
MIN 32 OR BELOW:  19    0.50 INCH OR MORE:   0
MIN  0 OR BELOW:   0    1.00 INCH OR MORE:   0

[HDD (BASE 65) ]
TOTAL THIS MO.   685    CLEAR  (SCALE 0-3)  11
DPTR FM NORMAL     8    PTCLDY (SCALE 4-7)  15
TOTAL FM JUL 1  4990    CLOUDY (SCALE 8-10)  5
DPTR FM NORMAL  -214

[CDD (BASE 65) ]
TOTAL THIS MO.     0
DPTR FM NORMAL     0    [PRESSURE DATA]
TOTAL FM JAN 1     0    HIGHEST SLP 30.47 ON  8
DPTR FM NORMAL     0    LOWEST  SLP 29.23 ON 13

[REMARKS]
#FINAL-03-12#
