000
CXUS56 KPDT 021717
CF6YKM
PRELIMINARY LOCAL CLIMATOLOGICAL DATA (WS FORM: F-6)

                                          STATION:   YAKIMA WA
                                          MONTH:     FEBRUARY
                                          YEAR:      2012
                                          LATITUDE:   46 34 N
                                          LONGITUDE: 120 32 W

  TEMPERATURE IN F:       :PCPN:    SNOW:  WIND      :SUNSHINE: SKY     :PK WND
================================================================================
1   2   3   4   5  6A  6B    7    8   9   10  11  12  13   14  15   16   17  18
                                     12Z  AVG MX 2MIN
DY MAX MIN AVG DEP HDD CDD  WTR  SNW DPTH SPD SPD DIR MIN PSBL S-S WX    SPD DR
================================================================================

 1  50  30  40   6  25   0 0.04  0.0    3  4.9 20 290   M    M   4 1      24 290
 2  48  25  37   3  28   0 0.00  0.0    3  4.5 10 260   M    M   3        15 320
 3  48  25  37   3  28   0 0.00  0.0    2  5.8 12 330   M    M   1        15 320
 4  50  23  37   3  28   0 0.00  0.0    2  5.4 12 280   M    M   0        15 340
 5  48  22  35   1  30   0 0.00  0.0    1  4.2  9 280   M    M   0        10 300
 6  50  23  37   3  28   0 0.00  0.0    1  7.9 16 360   M    M   0        21  10
 7  50  30  40   5  25   0    T  0.0    T  6.2 15  20   M    M   3        21  20
 8  42  35  39   4  26   0 0.11  0.0    T  3.0  7 260   M    M  10 18     23 210
 9  42  36  39   4  26   0 0.05  0.0    T  3.1  8 240   M    M  10 18     13 270
10  46  38  42   7  23   0 0.11  0.0    T  3.9  8 250   M    M  10 1      10 250
11  52  29  41   6  24   0    T  0.0    0  2.8  9 270   M    M   6 1      12 250
12  48  24  36   0  29   0 0.00  0.0    0  2.0  8 300   M    M   5 12     10 100
13  53  28  41   5  24   0 0.00  0.0    0  1.7  8 300   M    M   7         9 270
14  43  25  34  -2  31   0 0.02    T    0  4.2 18 320   M    M   6 1      23 330
15  50  22  36   0  29   0 0.00  0.0    0  3.5 10 240   M    M   0        18 290
16  47  26  37   1  28   0    T    T    0  2.4  9 270   M    M   4 18     10  40
17  40  26  33  -3  32   0 0.11  0.0    0  2.9  9 280   M    M   7 128    12 280
18  47  28  38   1  27   0 0.00  0.0    0  6.9 21 200   M    M   3 12     30 210
19  48  25  37   0  28   0 0.00  0.0    0  4.8 18 320   M    M   1        24 320
20  45  26  36  -1  29   0    T    T    0  3.2  9 180   M    M   8        16 150
21  65  26  46   9  19   0 0.00  0.0    0  8.9 40 310   M    M   2 18     55 310
22  57  39  48  10  17   0 0.00  0.0    0 17.3 46 270   M    M   1        59 270
23  52  26  39   1  26   0 0.00  0.0    0  3.7 20 290   M    M   2        23 290
24  55  28  42   4  23   0 0.00  0.0    0  3.9 20 210   M    M   6        28 220
25  50  38  44   6  21   0 0.00  0.0    0 18.9 35 300   M    M   4        48 310
26  47  31  39   1  26   0    T    T    0  6.1 21  10   M    M   6        26  20
27  44  20  32  -7  33   0 0.00  0.0    0  4.2 18  10   M    M   3        23  20
28  39  17  28 -11  37   0 0.29  4.3    5  3.5 12  90   M    M   5 1      16 150
29  44  19  32  -7  33   0 0.05  0.8    2  6.4 22 210   M    M   6 12     30 200
================================================================================
SM 1400  790       783   0  0.78     5.1 156.2          M      123
================================================================================
AV 48.3 27.2                               5.4 FASTST   M    M   4    MAX(MPH)
                                 MISC ---->  # 46 270               # 59  270
================================================================================
NOTES:
# LAST OF SEVERAL OCCURRENCES

COLUMN 17 PEAK WIND IN M.P.H.

PRELIMINARY LOCAL CLIMATOLOGICAL DATA (WS FORM: F-6) , PAGE 2

                                          STATION:  YAKIMA WA
                                          MONTH:    FEBRUARY
                                          YEAR:     2012
                                          LATITUDE:   46 34 N
                                          LONGITUDE: 120 32 W

[TEMPERATURE DATA]      [PRECIPITATION DATA]       SYMBOLS USED IN COLUMN 16

AVERAGE MONTHLY: 37.8   TOTAL FOR MONTH:   0.78    1 = FOG OR MIST
DPTR FM NORMAL:   1.7   DPTR FM NORMAL:    0.00    2 = FOG REDUCING VISIBILITY
HIGHEST:    65 ON 21    GRTST 24HR  0.34 ON 28-29      TO 1/4 MILE OR LESS
LOWEST:     17 ON 28                               3 = THUNDER
                        SNOW, ICE PELLETS, HAIL    4 = ICE PELLETS
                        TOTAL MONTH:   5.1 INCHES  5 = HAIL
                        GRTST 24HR   4.3 ON   M    6 = FREEZING RAIN OR DRIZZLE
                        GRTST DEPTH:   5 ON 28     7 = DUSTSTORM OR SANDSTORM:
                                                       VSBY 1/2 MILE OR LESS
                                                   8 = SMOKE OR HAZE
[NO. OF DAYS WITH]      [WEATHER - DAYS WITH]      9 = BLOWING SNOW
                                                   X = TORNADO
MAX 32 OR BELOW:   0    0.01 INCH OR MORE:   8
MAX 90 OR ABOVE:   0    0.10 INCH OR MORE:   4
MIN 32 OR BELOW:  24    0.50 INCH OR MORE:   0
MIN  0 OR BELOW:   0    1.00 INCH OR MORE:   0

[HDD (BASE 65) ]
TOTAL THIS MO.   783    CLEAR  (SCALE 0-3)  13
DPTR FM NORMAL   -26    PTCLDY (SCALE 4-7)  12
TOTAL FM JUL 1  4305    CLOUDY (SCALE 8-10)  4
DPTR FM NORMAL  -248

[CDD (BASE 65) ]
TOTAL THIS MO.     0
DPTR FM NORMAL     0    [PRESSURE DATA]
TOTAL FM JAN 1     0    HIGHEST SLP 30.51 ON  2
DPTR FM NORMAL     0    LOWEST  SLP 29.53 ON 25

[REMARKS]
#FINAL-02-12#
