000
CXUS56 KPDT 020532
CF6YKM
PRELIMINARY LOCAL CLIMATOLOGICAL DATA (WS FORM: F-6)

                                          STATION:   YAKIMA WA
                                          MONTH:     SEPTEMBER
                                          YEAR:      2012
                                          LATITUDE:   46 34 N
                                          LONGITUDE: 120 32 W

  TEMPERATURE IN F:       :PCPN:    SNOW:  WIND      :SUNSHINE: SKY     :PK WND
================================================================================
1   2   3   4   5  6A  6B    7    8   9   10  11  12  13   14  15   16   17  18
                                     12Z  AVG MX 2MIN
DY MAX MIN AVG DEP HDD CDD  WTR  SNW DPTH SPD SPD DIR MIN PSBL S-S WX    SPD DR
================================================================================

 1  81  44  63  -2   2   0 0.00  0.0    0  5.2 16 310   M    M   0        21 230
 2  83  42  63  -2   2   0 0.00  0.0    0  4.7 14 140   M    M   0         M  M
 3  86  45  66   1   0   1 0.00  0.0    0  4.8 16 330   M    M   0        20 340
 4  85  47  66   2   0   1 0.00  0.0    0  5.1 12 260   M    M   0        14 150
 5  87  48  68   4   0   3 0.00  0.0    0  5.2 24 100   M    M   0        26 100
 6  84  52  68   4   0   3 0.00  0.0    0  6.2 17 350   M    M   0        24  10
 7  87  46  67   3   0   2 0.00  0.0    0  4.7 10 280   M    M   0        13 250
 8  91  48  70   7   0   5 0.03  0.0    0  6.1 13 260   M    M   2 3      16 260
 9  85  58  72   9   0   7 0.01  0.0    0  8.5 25 320   M    M   1 3      30 310
10  71  43  57  -6   8   0 0.00  0.0    0  6.4 22 290   M    M   1        32 290
11  70  37  54  -8  11   0 0.00  0.0    0  4.1 14 280   M    M   0        31 330
12  76  39  58  -4   7   0 0.00  0.0    0  4.9 10 270   M    M   0 8      13 260
13  80  36  58  -4   7   0 0.00  0.0    0  5.3 12 290   M    M   0 8       M  M
14  84  43  64   3   1   0 0.00  0.0    0  5.0  M   M   M    M   0 8       M  M
15  91  47  69   8   0   4 0.00  0.0    0  4.7 15  20   M    M   0 8      20 350
16  86  48  67   6   0   2 0.00  0.0    0  5.0 14 200   M    M   0 8      25 220
17  86  45  66   6   0   1 0.00  0.0    0  5.2  8 300   M    M   0 8      15 160
18  87  43  65   5   0   0 0.00  0.0    0  4.3 16 230   M    M   0 8       M  M
19  90  47  69   9   0   4 0.00  0.0    0  4.5 10 270   M    M   0        14 120
20  90  47  69  10   0   4 0.00  0.0    0  4.2  9 280   M    M   0 8      10 290
21  89  47  68   9   0   3 0.00  0.0    0  4.7 12 270   M    M   1 8      13 260
22  78  51  65   6   0   0 0.00  0.0    0  6.9 13 320   M    M   0 8      24  20
23  73  48  61   3   4   0    T  0.0    0  4.9 12 250   M    M   2 8      18 150
24  79  42  61   3   4   0 0.00  0.0    0  3.0 12 320   M    M   0 18     25 340
25  80  51  66   8   0   1 0.00  0.0    0  4.5 18 250   M    M   0         M  M
26  79  42  61   4   4   0 0.00  0.0    0  4.0 13 260   M    M   0        17 270
27  81  42  62   5   3   0 0.00  0.0    0  4.4 10 270   M    M   0 8      10 200
28  79  43  61   5   4   0 0.00  0.0    0  4.4 20 300   M    M   0         M  M
29  84  48  66  10   0   1 0.00  0.0    0  5.4 15 350   M    M   0        26 330
30  80  39  60   4   5   0 0.00  0.0    0  4.2 16 230   M    M   0        22 220
================================================================================
SM 2482 1358        62  42  0.04     0.0 150.5          M        7
================================================================================
AV 82.7 45.3                               5.0 FASTST   M    M   0    MAX(MPH)
                                 MISC ---->  # 25 320               # 32  290
================================================================================
NOTES:
# LAST OF SEVERAL OCCURRENCES

COLUMN 17 PEAK WIND IN M.P.H.

PRELIMINARY LOCAL CLIMATOLOGICAL DATA (WS FORM: F-6) , PAGE 2

                                          STATION:  YAKIMA WA
                                          MONTH:    SEPTEMBER
                                          YEAR:     2012
                                          LATITUDE:   46 34 N
                                          LONGITUDE: 120 32 W

[TEMPERATURE DATA]      [PRECIPITATION DATA]       SYMBOLS USED IN COLUMN 16

AVERAGE MONTHLY: 64.0   TOTAL FOR MONTH:   0.04    1 = FOG OR MIST
DPTR FM NORMAL:   3.2   DPTR FM NORMAL:   -0.32    2 = FOG REDUCING VISIBILITY
HIGHEST:    91 ON 15, 8 GRTST 24HR  0.04 ON  8- 9      TO 1/4 MILE OR LESS
LOWEST:     36 ON 13                               3 = THUNDER
                        SNOW, ICE PELLETS, HAIL    4 = ICE PELLETS
                        TOTAL MONTH:   0.0 INCH    5 = HAIL
                        GRTST 24HR     0.0         6 = FREEZING RAIN OR DRIZZLE
                        GRTST DEPTH:   0           7 = DUSTSTORM OR SANDSTORM:
                                                       VSBY 1/2 MILE OR LESS
                                                   8 = SMOKE OR HAZE
[NO. OF DAYS WITH]      [WEATHER - DAYS WITH]      9 = BLOWING SNOW
                                                   X = TORNADO
MAX 32 OR BELOW:   0    0.01 INCH OR MORE:   2
MAX 90 OR ABOVE:   4    0.10 INCH OR MORE:   0
MIN 32 OR BELOW:   0    0.50 INCH OR MORE:   0
MIN  0 OR BELOW:   0    1.00 INCH OR MORE:   0

[HDD (BASE 65) ]
TOTAL THIS MO.    62    CLEAR  (SCALE 0-3)  30
DPTR FM NORMAL   -98    PTCLDY (SCALE 4-7)   0
TOTAL FM JUL 1    82    CLOUDY (SCALE 8-10)  0
DPTR FM NORMAL  -126

[CDD (BASE 65) ]
TOTAL THIS MO.    42
DPTR FM NORMAL    10    [PRESSURE DATA]
TOTAL FM JAN 1   667    HIGHEST SLP 30.15 ON 10
DPTR FM NORMAL   195    LOWEST  SLP 29.78 ON  9

[REMARKS]
#FINAL-09-12#
