000
CXUS56 KPDT 131420
CF6YKM
PRELIMINARY LOCAL CLIMATOLOGICAL DATA (WS FORM: F-6)

                                          STATION:   YAKIMA WA
                                          MONTH:     JUNE
                                          YEAR:      2012
                                          LATITUDE:   46 34 N
                                          LONGITUDE: 120 32 W

  TEMPERATURE IN F:       :PCPN:    SNOW:  WIND      :SUNSHINE: SKY     :PK WND
================================================================================
1   2   3   4   5  6A  6B    7    8   9   10  11  12  13   14  15   16   17  18
                                     12Z  AVG MX 2MIN
DY MAX MIN AVG DEP HDD CDD  WTR  SNW DPTH SPD SPD DIR MIN PSBL S-S WX    SPD DR
================================================================================

 1  87  57  72  11   0   7 0.00  0.0    0  5.0 23 240   M    M   M        30 230
 2  77  55  66   5   0   1 0.02  0.0    0  6.7 20 280   M    M   4        26 280
 3  73  51  62   0   3   0    T  0.0    0  4.6 20 210   M    M   5        26 220
 4  60  53  57  -5   8   0 0.33  0.0    0  3.1  9 160   M    M   8 1      22 210
 5  64  46  55  -7  10   0 0.13  0.0    0 13.6 26 300   M    M   7 1      35 300
 6  69  41  55  -7  10   0 0.00  0.0    0  6.1 22 320   M    M   1        28 320
 7  66  41  54  -8  11   0 0.09  0.0    0  5.7 17 180   M    M   7        21 180
 8  66  36  51 -11  14   0    T  0.0    0  6.3 20 280   M    M   5        25 200
 9  64  39  52 -10  13   0 0.00  0.0    0 11.3 25 280   M    M   3        31 270
10  82  60  71   8   0   6 0.00  0.0    0  7.5 18 320   M    M   0        28 330
11  83  50  67   4   0   2 0.00  0.0    0  5.7 13 130   M    M   0        18 150
12  82  56  69   6   0   4 0.00  0.0    0  7.6 22 300   M    M   5        28 300
13  77  55  66   3   0   1 0.00  0.0    0 11.4 24 310   M    M   0        31 320
14  78  39  59  -4   6   0 0.00  0.0    0  6.3 20 280   M    M   0        24 350
15  82  40  61  -3   4   0 0.00  0.0    0  4.0 10 290   M    M   0        14 310
16  90  54  72   8   0   7 0.00  0.0    0  6.0 17 310   M    M   3        28 310
17  80  58  69   5   0   4 0.00  0.0    0 20.9 31 270   M    M   2        38 270
18  72  53  63  -1   2   0 0.00  0.0    0 12.0 18 300   M    M   M        21 300
19  73  41  57  -7   8   0 0.00  0.0    0  3.8 17 320   M    M   M        23 330
20  82  42  62  -3   3   0 0.00  0.0    0  4.7 13 320   M    M   M        16 320
21  89  51  70   5   0   5    T  0.0    0  4.9 12 250   M    M   M        14 270
22  77  54  66   1   0   1 0.06  0.0    0  6.5 20 310   M    M   8        26 320
23  73  48  61  -4   4   0    T  0.0    0  6.8 18 200   M    M   4 12     31 330
24  77  50  64  -2   1   0    T  0.0    0  6.3 17 240   M    M   5        31 330
25  79  55  67   1   0   2    T  0.0    0  6.9 20 220   M    M   4        25 220
26  67  45  56 -10   9   0 0.16  0.0    0  5.8 21 280   M    M   8        36 280
27  79  38  59  -7   6   0 0.00  0.0    0  4.2 12  80   M    M   1        20 250
28  87  47  67   0   0   2    T  0.0    0  5.0 21 250   M    M   4         M  20
29  87  53  70   3   0   5 0.01  0.0    0  3.9 15 210   M    M   7        21 200
30  87  57  72   5   0   7 0.05  0.0    0  4.6 15 310   M    M   5        20 300
================================================================================
SM 2309 1465       112  54  0.85     0.0 207.2          M       96
================================================================================
AV 77.0 48.8                               6.9 FASTST   M    M   4    MAX(MPH)
                                 MISC ---->    31   M               # 38  270
================================================================================
NOTES:
# LAST OF SEVERAL OCCURRENCES

COLUMN 17 PEAK WIND IN M.P.H.

PRELIMINARY LOCAL CLIMATOLOGICAL DATA (WS FORM: F-6) , PAGE 2

                                          STATION:  YAKIMA WA
                                          MONTH:    JUNE
                                          YEAR:     2012
                                          LATITUDE:   46 34 N
                                          LONGITUDE: 120 32 W

[TEMPERATURE DATA]      [PRECIPITATION DATA]       SYMBOLS USED IN COLUMN 16

AVERAGE MONTHLY: 62.9   TOTAL FOR MONTH:   0.85    1 = FOG OR MIST
DPTR FM NORMAL:  -1.0   DPTR FM NORMAL:    0.23    2 = FOG REDUCING VISIBILITY
HIGHEST:    90 ON 16    GRTST 24HR  0.43 ON  4- 5      TO 1/4 MILE OR LESS
LOWEST:     36 ON  8                               3 = THUNDER
                        SNOW, ICE PELLETS, HAIL    4 = ICE PELLETS
                        TOTAL MONTH:   0.0 INCH    5 = HAIL
                        GRTST 24HR     0.0         6 = FREEZING RAIN OR DRIZZLE
                        GRTST DEPTH:   0           7 = DUSTSTORM OR SANDSTORM:
                                                       VSBY 1/2 MILE OR LESS
                                                   8 = SMOKE OR HAZE
[NO. OF DAYS WITH]      [WEATHER - DAYS WITH]      9 = BLOWING SNOW
                                                   X = TORNADO
MAX 32 OR BELOW:   0    0.01 INCH OR MORE:   8
MAX 90 OR ABOVE:   1    0.10 INCH OR MORE:   3
MIN 32 OR BELOW:   0    0.50 INCH OR MORE:   0
MIN  0 OR BELOW:   0    1.00 INCH OR MORE:   0

[HDD (BASE 65) ]
TOTAL THIS MO.   112    CLEAR  (SCALE 0-3)   9
DPTR FM NORMAL    14    PTCLDY (SCALE 4-7)  15
TOTAL FM JUL 1  5736    CLOUDY (SCALE 8-10)  1
DPTR FM NORMAL  -306

[CDD (BASE 65) ]
TOTAL THIS MO.    54
DPTR FM NORMAL   -11    [PRESSURE DATA]
TOTAL FM JAN 1    78    HIGHEST SLP 30.16 ON 15
DPTR FM NORMAL    -7    LOWEST  SLP 29.60 ON 22

[REMARKS]
#FINAL-06-12#
