000
CXUS56 KPDT 020532
CF6YKM
PRELIMINARY LOCAL CLIMATOLOGICAL DATA (WS FORM: F-6)

                                          STATION:   YAKIMA WA
                                          MONTH:     JUNE
                                          YEAR:      2011
                                          LATITUDE:   46 34 N
                                          LONGITUDE: 120 32 W

  TEMPERATURE IN F:       :PCPN:    SNOW:  WIND      :SUNSHINE: SKY     :PK WND
================================================================================
1   2   3   4   5  6A  6B    7    8   9   10  11  12  13   14  15   16   17  18
                                     12Z  AVG MX 2MIN
DY MAX MIN AVG DEP HDD CDD  WTR  SNW DPTH SPD SPD DIR MIN PSBL S-S WX    SPD DR
================================================================================

 1  65  49  57  -3   8   0 0.04  0.0    0  9.1 29 240   M    M   7 1      29 300
 2  69  43  56  -4   9   0    T  0.0    0 13.0 25 300   M    M   7        31 300
 3  73  35  54  -6  11   0 0.00  0.0    0  3.7 26 220   M    M   1         M 210
 4  82  40  61   1   4   0 0.00  0.0    0  5.7 20 240   M    M   0        26 220
 5  84  48  66   5   0   1 0.00  0.0    0  4.4 13 310   M    M   4        25 220
 6  87  64  76  15   0  11 0.00  0.0    0 10.3 23 300   M    M   4        30 310
 7  74  50  62   1   3   0 0.00  0.0    0 12.7 30 280   M    M   1        37 270
 8  66  48  57  -4   8   0 0.11  0.0    0  3.1 16  10   M    M   8 1       M 210
 9  75  44  60  -1   5   0    T  0.0    0  4.5 21 260   M    M   4         M 210
10  80  55  68   6   0   3 0.00  0.0    0  5.8 18  20   M    M   5        25  10
11  79  50  65   3   0   0 0.00  0.0    0  6.0 18 350   M    M   1        30 230
12  76  42  59  -3   6   0 0.00  0.0    0  5.7 26 230   M    M   2        37 230
13  76  51  64   2   1   0 0.01  0.0    0 11.1 31 280   M    M   4        38 280
14  79  45  62   0   3   0 0.00  0.0    0  6.8 56 220   M    M   1         M 210
15  71  44  58  -5   7   0 0.00  0.0    0 11.0 28 320   M    M   2         M 220
16  77  38  58  -5   7   0 0.00  0.0    0 11.6 21 330   M    M   2        17 320
17  81  46  64   1   1   0 0.00  0.0    0  5.7 14 340   M    M   1        33 230
18  73  55  64   1   1   0 0.05  0.0    0  5.0 20 290   M    M   6         M 220
19  81  45  63  -1   2   0 0.00  0.0    0  9.5 24 330   M    M   1         M 220
20  83  43  63  -1   2   0 0.00  0.0    0  4.4 15 350   M    M   1        38 230
21  85  50  68   4   0   3 0.00  0.0    0  4.4 18 350   M    M   0        31 220
22  89  52  71   7   0   6 0.00  0.0    0  6.5 31 310   M    M   1        32 220
23  73  48  61  -4   4   0 0.00  0.0    0 12.8 23 290   M    M   1        29 350
24  75  41  58  -7   7   0 0.00  0.0    0  6.1 17 290   M    M   3        26 210
25  77  38  58  -7   7   0 0.00  0.0    0  4.6 21  10   M    M   2        24 270
26  80  40  60  -5   5   0 0.00  0.0    0  3.9 21  10   M    M   0        26 220
27  87  53  70   4   0   5 0.00  0.0    0  5.6 21 250   M    M   2        66 210
28  87  58  73   7   0   8    T  0.0    0  8.3 22 230   M    M   4 8      33 230
29  81  52  67   1   0   2 0.00  0.0    0  7.8 26 300   M    M   3        32 300
30  75  46  61  -5   4   0 0.00  0.0    0  7.5 18 270   M    M   2        24 270
================================================================================
SM 2340 1413       105  39  0.21     0.0 216.6          M       80
================================================================================
AV 78.0 47.1                               7.2 FASTST   M    M   3    MAX(MPH)
                                 MISC ---->  # 56 220               # 66  210
================================================================================
NOTES:
# LAST OF SEVERAL OCCURRENCES

COLUMN 17 PEAK WIND IN M.P.H.

PRELIMINARY LOCAL CLIMATOLOGICAL DATA (WS FORM: F-6) , PAGE 2

                                          STATION:  YAKIMA WA
                                          MONTH:    JUNE
                                          YEAR:     2011
                                          LATITUDE:   46 34 N
                                          LONGITUDE: 120 32 W

[TEMPERATURE DATA]      [PRECIPITATION DATA]       SYMBOLS USED IN COLUMN 16

AVERAGE MONTHLY: 62.5   TOTAL FOR MONTH:   0.21    1 = FOG OR MIST
DPTR FM NORMAL:  -0.4   DPTR FM NORMAL:   -0.41    2 = FOG REDUCING VISIBILITY
HIGHEST:    89 ON 22    GRTST 24HR  0.30 ON 31- 1      TO 1/4 MILE OR LESS
LOWEST:     35 ON  3                               3 = THUNDER
                        SNOW, ICE PELLETS, HAIL    4 = ICE PELLETS
                        TOTAL MONTH:   0.0 INCH    5 = HAIL
                        GRTST 24HR     0.0         6 = FREEZING RAIN OR DRIZZLE
                        GRTST DEPTH:   0           7 = DUSTSTORM OR SANDSTORM:
                                                       VSBY 1/2 MILE OR LESS
                                                   8 = SMOKE OR HAZE
[NO. OF DAYS WITH]      [WEATHER - DAYS WITH]      9 = BLOWING SNOW
                                                   X = TORNADO
MAX 32 OR BELOW:   0    0.01 INCH OR MORE:   4
MAX 90 OR ABOVE:   0    0.10 INCH OR MORE:   1
MIN 32 OR BELOW:   0    0.50 INCH OR MORE:   0
MIN  0 OR BELOW:   0    1.00 INCH OR MORE:   0

[HDD (BASE 65) ]
TOTAL THIS MO.   105    CLEAR  (SCALE 0-3)  20
DPTR FM NORMAL    -7    PTCLDY (SCALE 4-7)   9
TOTAL FM JUL 1  6026    CLOUDY (SCALE 8-10)  1
DPTR FM NORMAL   -78

[CDD (BASE 65) ]
TOTAL THIS MO.    39
DPTR FM NORMAL   -26    [PRESSURE DATA]
TOTAL FM JAN 1    40    HIGHEST SLP 30.19 ON 14
DPTR FM NORMAL   -44    LOWEST  SLP 29.57 ON 28

[REMARKS]
#FINAL-06-11#
