000
CXUS56 KPDT 311832
CF6YKM
PRELIMINARY LOCAL CLIMATOLOGICAL DATA (WS FORM: F-6)

                                          STATION:   YAKIMA WA
                                          MONTH:     DECEMBER
                                          YEAR:      2011
                                          LATITUDE:   46 34 N
                                          LONGITUDE: 120 32 W

  TEMPERATURE IN F:       :PCPN:    SNOW:  WIND      :SUNSHINE: SKY     :PK WND
================================================================================
1   2   3   4   5  6A  6B    7    8   9   10  11  12  13   14  15   16   17  18
                                     12Z  AVG MX 2MIN
DY MAX MIN AVG DEP HDD CDD  WTR  SNW DPTH SPD SPD DIR MIN PSBL S-S WX    SPD DR
================================================================================

 1  46  19  33   1  32   0 0.00  0.0    0  3.3 12 270   M    M   1        13 250
 2  53  20  37   6  28   0 0.00  0.0    0  7.8 22 320   M    M   0        29 320
 3  46  17  32   1  33   0 0.00  0.0    0  3.2 12 290   M    M   0        12 290
 4  51  20  36   6  29   0 0.00  0.0    0  5.7 14  60   M    M   0        18  50
 5  42  14  28  -2  37   0 0.00  0.0    0  2.9  8 290   M    M   0 1      10  60
 6  42  14  28  -2  37   0 0.00  0.0    0  2.1  8 310   M    M   0 1      13  80
 7  41  15  28  -2  37   0 0.00  0.0    0  1.8  8 300   M    M   0 18     12 270
 8  40  11  26  -3  39   0 0.00  0.0    0  2.1  9  80   M    M   0 18     12  70
 9  35  10  23  -6  42   0    T    T    0  2.5  7  60   M    M   3 128    17  60
10  22  20  21  -8  44   0 0.00  0.0    0  0.8  6  60   M    M  10 12     15 330
11  25  14  20  -9  45   0    T    T    0  0.8  7 280   M    M  10 18      M  M
12  40   7  24  -4  41   0    T    T    0  2.4  9 280   M    M   1 128     M  M
13  25  12  19  -9  46   0    T    T    0  2.0  8 230   M    M  10 128    10 270
14  30  22  26  -2  39   0 0.01  0.2    0  1.7  7 250   M    M  10 18     10 280
15  34  17  26  -2  39   0    T    T    0  1.4  6 290   M    M   5 18     12 130
16  36  19  28   0  37   0 0.00  0.0    0  1.4  6 120   M    M   7 18     12 230
17  29  25  27  -1  38   0    T    T    0  1.9  8 250   M    M  10 1      14 330
18  34  22  28   0  37   0 0.00  0.0    0  3.1 12  70   M    M   7 128    14  60
19  29  21  25  -3  40   0    T    T    0  1.8 10 270   M    M  10 12     15 340
20  40  22  31   3  34   0    T    T    0  2.3 14 260   M    M   6 1      17 280
21  48  16  32   4  33   0 0.00  0.0    0  5.0 16 310   M    M   0        18 310
22  38   8  23  -4  42   0 0.00  0.0    0  3.6  7 290   M    M   0         8 290
23  37  16  27   0  38   0    T    T    0  1.4  8 300   M    M   1 18     10  90
24  34  22  28   0  37   0 0.00  0.0    0  0.6  6 260   M    M   1 18      8 190
25  46  21  34   6  31   0    T  0.0    0  4.5 22 280   M    M   2 18     31 270
26  41   M   M   M   M   M    M    M    0  4.1  7 290   M    M   6         M  M
27  51  20  36   8  29   0    T  0.0    0  2.8 12  30   M    M   6 18     13  40
28  56  36  46  18  19   0 0.06  0.0    0  7.6 20 250   M    M   5 1      29 250
29  50  30  40  12  25   0 0.23  0.0    0  4.6 23 240   M    M   5 1      28 330
30  52  33  43  15  22   0 0.04  0.0    0  8.6 30 270   M    M   6 1      39 260
================================================================================
SM 1193  543      1030   0  0.34     0.2  93.8          M      122
================================================================================
AV 39.8 18.7                               3.1 FASTST   M    M   4    MAX(MPH)
                                 MISC ---->  # 30 270               # 39  260
================================================================================
NOTES:
# LAST OF SEVERAL OCCURRENCES

COLUMN 17 PEAK WIND IN M.P.H.

PRELIMINARY LOCAL CLIMATOLOGICAL DATA (WS FORM: F-6) , PAGE 2

                                          STATION:  YAKIMA WA
                                          MONTH:    DECEMBER
                                          YEAR:     2011
                                          LATITUDE:   46 34 N
                                          LONGITUDE: 120 32 W

[TEMPERATURE DATA]      [PRECIPITATION DATA]       SYMBOLS USED IN COLUMN 16

AVERAGE MONTHLY: 29.2   TOTAL FOR MONTH:   0.34    1 = FOG OR MIST
DPTR FM NORMAL:   0.6   DPTR FM NORMAL:   -1.15    2 = FOG REDUCING VISIBILITY
HIGHEST:    56 ON 28    GRTST 24HR  0.27 ON 29-30      TO 1/4 MILE OR LESS
LOWEST:      7 ON 12                               3 = THUNDER
                        SNOW, ICE PELLETS, HAIL    4 = ICE PELLETS
                        TOTAL MONTH:   0.2 INCH    5 = HAIL
                        GRTST 24HR   0.2 ON   M    6 = FREEZING RAIN OR DRIZZLE
                        GRTST DEPTH:   0           7 = DUSTSTORM OR SANDSTORM:
                                                       VSBY 1/2 MILE OR LESS
                                                   8 = SMOKE OR HAZE
[NO. OF DAYS WITH]      [WEATHER - DAYS WITH]      9 = BLOWING SNOW
                                                   X = TORNADO
MAX 32 OR BELOW:   6    0.01 INCH OR MORE:   4
MAX 90 OR ABOVE:   0    0.10 INCH OR MORE:   1
MIN 32 OR BELOW:  27    0.50 INCH OR MORE:   0
MIN  0 OR BELOW:   0    1.00 INCH OR MORE:   0

[HDD (BASE 65) ]
TOTAL THIS MO.  1030    CLEAR  (SCALE 0-3)  15
DPTR FM NORMAL   -61    PTCLDY (SCALE 4-7)   9
TOTAL FM JUL 1  2441    CLOUDY (SCALE 8-10)  6
DPTR FM NORMAL  -183

[CDD (BASE 65) ]
TOTAL THIS MO.     0
DPTR FM NORMAL     0    [PRESSURE DATA]
TOTAL FM JAN 1   485    HIGHEST SLP M ON M
DPTR FM NORMAL    13    LOWEST  SLP 29.61 ON 30

[REMARKS]
