000
CXUS56 KPDT 020532
CF6YKM
PRELIMINARY LOCAL CLIMATOLOGICAL DATA (WS FORM: F-6)

                                          STATION:   YAKIMA WA
                                          MONTH:     NOVEMBER
                                          YEAR:      2013
                                          LATITUDE:   46 34 N
                                          LONGITUDE: 120 32 W

  TEMPERATURE IN F:       :PCPN:    SNOW:  WIND      :SUNSHINE: SKY     :PK WND
================================================================================
1   2   3   4   5  6A  6B    7    8   9   10  11  12  13   14  15   16   17  18
                                     12Z  AVG MX 2MIN
DY MAX MIN AVG DEP HDD CDD  WTR  SNW DPTH SPD SPD DIR MIN PSBL S-S WX    SPD DR
================================================================================

 1  63  30  47   4  18   0    T  0.0    0  3.1 10 300   M    M   0        14 140
 2  59  36  48   6  17   0 0.15  0.0    0 10.0 29 270   M    M   4 1      39 300
 3  54  25  40  -2  25   0 0.00  0.0    0  4.8 24 270   M    M   3        33 280
 4  51  32  42   0  23   0    T  0.0    0  2.3  9 250   M    M   5        12 280
 5  48  27  38  -3  27   0 0.02  0.0    0  3.1  8 300   M    M   7 1       9 270
 6  46  26  36  -5  29   0 0.10  0.0    0  1.5  7 260   M    M   8 18      8 260
 7  48  40  44   3  21   0 0.09  0.0    0  3.5 16 170   M    M   9 1      21 170
 8  57  34  46   6  19   0 0.00  0.0    0  2.6 13 290   M    M   3 1      15 290
 9  50  33  42   2  23   0 0.00  0.0    0  4.7  9 260   M    M   4        10 270
10  54  36  45   5  20   0 0.00  0.0    0  3.3  7  60   M    M   6         9 100
11  58  47  53  14  12   0 0.00  0.0    0  4.8 12  20   M    M   9        23 220
12  57  34  46   7  19   0 0.02  0.0    0  2.3 10  90   M    M   5 18     14 260
13  56  30  43   5  22   0 0.00  0.0    0  2.2 10 280   M    M   4 128    14 280
14  55  31  43   5  22   0 0.00  0.0    0  2.3 10 220   M    M   1        13 330
15  49  26  38   0  27   0    T  0.0    0  4.7 18 270   M    M   3        24 270
16  54  32  43   6  22   0    T  0.0    0 12.4 33 270   M    M   3        40 270
17  56  33  45   8  20   0 0.00  0.0    0 11.1 29 200   M    M   7        39 200
18  58  40  49  13  16   0 0.00  0.0    0 11.2 28 190   M    M   5        37 200
19  58  38  48  12  17   0 0.00  0.0    0  8.1 15 190   M    M   3        25 340
20  45  14  30  -6  35   0 0.00  0.0    0  6.2 28 330   M    M   0        34 330
21  41  11  26  -9  39   0 0.00  0.0    0  5.2  9 310   M    M   0        10 310
22  41   9  25 -10  40   0 0.00  0.0    0  4.3 10 290   M    M   0        11 290
23  42  11  27  -7  38   0 0.00  0.0    0  4.0 10 260   M    M   0        11 280
24  41  12  27  -7  38   0 0.00  0.0    0  2.6  9 280   M    M   0        10 280
25  45  15  30  -4  35   0 0.00  0.0    0  2.4  9 290   M    M   0 8       9 280
26  43  16  30  -3  35   0 0.00  0.0    0  2.5  8 270   M    M   0 18      8 280
27  42  19  31  -2  34   0 0.00  0.0    0  2.6  8 280   M    M   0 18      9 280
28  45  17  31  -2  34   0 0.00  0.0    0  3.2  8 280   M    M   0 18      8 280
29  38  16  27  -5  38   0 0.00  0.0    0  1.0  7 280   M    M   1 18      8 280
30  38  22  30  -2  35   0    T  0.0    0  0.8  8 280   M    M   3 18      8 290
================================================================================
SM 1492  792       800   0  0.38     0.0 132.8          M       93
================================================================================
AV 49.7 26.4                               4.4 FASTST   M    M   3    MAX(MPH)
                                 MISC ---->  # 33 270               # 40  270
================================================================================
NOTES:
# LAST OF SEVERAL OCCURRENCES

COLUMN 17 PEAK WIND IN M.P.H.

PRELIMINARY LOCAL CLIMATOLOGICAL DATA (WS FORM: F-6) , PAGE 2

                                          STATION:  YAKIMA WA
                                          MONTH:    NOVEMBER
                                          YEAR:     2013
                                          LATITUDE:   46 34 N
                                          LONGITUDE: 120 32 W

[TEMPERATURE DATA]      [PRECIPITATION DATA]       SYMBOLS USED IN COLUMN 16

AVERAGE MONTHLY: 38.1   TOTAL FOR MONTH:   0.38    1 = FOG OR MIST
DPTR FM NORMAL:   0.8   DPTR FM NORMAL:   -0.67    2 = FOG REDUCING VISIBILITY
HIGHEST:    63 ON  1    GRTST 24HR  0.19 ON  6- 7      TO 1/4 MILE OR LESS
LOWEST:      9 ON 22                               3 = THUNDER
                        SNOW, ICE PELLETS, HAIL    4 = ICE PELLETS
                        TOTAL MONTH:   0.0 INCH    5 = HAIL
                        GRTST 24HR     0.0         6 = FREEZING RAIN OR DRIZZLE
                        GRTST DEPTH:   0           7 = DUSTSTORM OR SANDSTORM:
                                                       VSBY 1/2 MILE OR LESS
                                                   8 = SMOKE OR HAZE
[NO. OF DAYS WITH]      [WEATHER - DAYS WITH]      9 = BLOWING SNOW
                                                   X = TORNADO
MAX 32 OR BELOW:   0    0.01 INCH OR MORE:   5
MAX 90 OR ABOVE:   0    0.10 INCH OR MORE:   2
MIN 32 OR BELOW:  20    0.50 INCH OR MORE:   0
MIN  0 OR BELOW:   0    1.00 INCH OR MORE:   0

[HDD (BASE 65) ]
TOTAL THIS MO.   800    CLEAR  (SCALE 0-3)  17
DPTR FM NORMAL   -29    PTCLDY (SCALE 4-7)  11
TOTAL FM JUL 1  1416    CLOUDY (SCALE 8-10)  2
DPTR FM NORMAL  -117

[CDD (BASE 65) ]
TOTAL THIS MO.     0
DPTR FM NORMAL     0    [PRESSURE DATA]
TOTAL FM JAN 1   970    HIGHEST SLP 30.36 ON 11
DPTR FM NORMAL   498    LOWEST  SLP 29.27 ON 16

[REMARKS]
#FINAL-11-13#
