000
CXUS56 KPDT 020532
CF6YKM
PRELIMINARY LOCAL CLIMATOLOGICAL DATA (WS FORM: F-6)

                                          STATION:   YAKIMA WA
                                          MONTH:     JUNE
                                          YEAR:      2013
                                          LATITUDE:   46 34 N
                                          LONGITUDE: 120 32 W

  TEMPERATURE IN F:       :PCPN:    SNOW:  WIND      :SUNSHINE: SKY     :PK WND
================================================================================
1   2   3   4   5  6A  6B    7    8   9   10  11  12  13   14  15   16   17  18
                                     12Z  AVG MX 2MIN
DY MAX MIN AVG DEP HDD CDD  WTR  SNW DPTH SPD SPD DIR MIN PSBL S-S WX    SPD DR
================================================================================

 1  79  49  64   3   1   0 0.00  0.0    0  5.1 21 270   M    M   4         M 330
 2  76  45  61   0   4   0 0.00  0.0    0 14.2 28 320   M    M   2        39 340
 3  83  49  66   4   0   1 0.00  0.0    0  5.2 14  10   M    M   2        17 330
 4  85  52  69   7   0   4 0.00  0.0    0   M  12 260   M    M   1         M  M
 5  92  51  72  10   0   7 0.00  0.0    0  4.8 15  10   M    M   1        24 210
 6  94  58  76  14   0  11 0.00  0.0    0  5.1 14 330   M    M   1        20 330
 7  86  60  73  11   0   8 0.00  0.0    0 11.6 33 270   M    M   1        44 270
 8  90  56  73  11   0   8 0.00  0.0    0  5.2 20 280   M    M   0        24 280
 9  85  50  68   6   0   3 0.00  0.0    0  7.7 17 310   M    M   0        24 290
10  82  45  64   1   1   0 0.00  0.0    0  4.7 15 300   M    M   0        20 300
11  73  48  61  -2   4   0 0.00  0.0    0 12.5 25 270   M    M   1 8      32 270
12  75  38  57  -6   8   0    T  0.0    0  6.5 18 320   M    M   2        28 280
13  72  42  57  -6   8   0    T  0.0    0  6.4 22 330   M    M   4        26 310
14  78  46  62  -1   3   0 0.00  0.0    0  5.0 13 140   M    M   2        26 220
15  85  47  66   2   0   1 0.00  0.0    0  5.9 18 280   M    M   1         M  M
16  91  58  75  11   0  10    T  0.0    0  6.3 18 320   M    M   3        24 340
17  86  65  76  12   0  11    T  0.0    0  5.9 18 230   M    M   4        29 220
18  72  58  65   1   0   0 0.00  0.0    0  7.2 18 320   M    M   8        28 220
19  74  50  62  -2   3   0 0.00  0.0    0 10.9 23 310   M    M   5        30 300
20  70  53  62  -3   3   0 0.15  0.0    0  5.1 21 310   M    M   7         M  M
21  73  50  62  -3   3   0 0.00  0.0    0  2.3  8 290   M    M   8        15 360
22  81  49  65   0   0   0 0.00  0.0    0  5.4 14 160   M    M   4        22 150
23  73  56  65   0   0   0 0.10  0.0    0  3.6  9 310   M    M   8        14  70
24  74  55  65  -1   0   0 0.01  0.0    0  4.5 38  10   M    M   8         M  M
25  75  53  64  -2   1   0 0.13  0.0    0  5.1 24 230   M    M   7 1       M  M
26  79  52  66   0   0   1 0.00  0.0    0  5.8 23 190   M    M   5        30 190
27  86  57  72   6   0   7    T  0.0    0  5.0 10 270   M    M   6        14 140
28  94  58  76   9   0  11 0.00  0.0    0  4.7 10 280   M    M   2        15 120
29  95  66  81  14   0  16 0.00  0.0    0  6.4 23 310   M    M   5        29 300
30  99  64  82  15   0  17 0.00  0.0    0  5.0  8 270   M    M   1         9 270
================================================================================
SM 2457 1580        39 116  0.39     0.0 183.1          M      103
================================================================================
AV 81.9 52.7                               6.3 FASTST   M    M   3    MAX(MPH)
                                 MISC ---->  # 38  10               # 44  270
================================================================================
NOTES:
# LAST OF SEVERAL OCCURRENCES

COLUMN 17 PEAK WIND IN M.P.H.

PRELIMINARY LOCAL CLIMATOLOGICAL DATA (WS FORM: F-6) , PAGE 2

                                          STATION:  YAKIMA WA
                                          MONTH:    JUNE
                                          YEAR:     2013
                                          LATITUDE:   46 34 N
                                          LONGITUDE: 120 32 W

[TEMPERATURE DATA]      [PRECIPITATION DATA]       SYMBOLS USED IN COLUMN 16

AVERAGE MONTHLY: 67.3   TOTAL FOR MONTH:   0.39    1 = FOG OR MIST
DPTR FM NORMAL:   3.4   DPTR FM NORMAL:   -0.23    2 = FOG REDUCING VISIBILITY
HIGHEST:    99 ON 30    GRTST 24HR  0.15 ON 20-20      TO 1/4 MILE OR LESS
LOWEST:     38 ON 12                               3 = THUNDER
                        SNOW, ICE PELLETS, HAIL    4 = ICE PELLETS
                        TOTAL MONTH:   0.0 INCH    5 = HAIL
                        GRTST 24HR     0.0         6 = FREEZING RAIN OR DRIZZLE
                        GRTST DEPTH:   0           7 = DUSTSTORM OR SANDSTORM:
                                                       VSBY 1/2 MILE OR LESS
                                                   8 = SMOKE OR HAZE
[NO. OF DAYS WITH]      [WEATHER - DAYS WITH]      9 = BLOWING SNOW
                                                   X = TORNADO
MAX 32 OR BELOW:   0    0.01 INCH OR MORE:   4
MAX 90 OR ABOVE:   7    0.10 INCH OR MORE:   3
MIN 32 OR BELOW:   0    0.50 INCH OR MORE:   0
MIN  0 OR BELOW:   0    1.00 INCH OR MORE:   0

[HDD (BASE 65) ]
TOTAL THIS MO.    39    CLEAR  (SCALE 0-3)  16
DPTR FM NORMAL   -59    PTCLDY (SCALE 4-7)  12
TOTAL FM JUL 1  5186    CLOUDY (SCALE 8-10)  2
DPTR FM NORMAL  -856

[CDD (BASE 65) ]
TOTAL THIS MO.   116
DPTR FM NORMAL    51    [PRESSURE DATA]
TOTAL FM JAN 1   168    HIGHEST SLP 30.20 ON 28
DPTR FM NORMAL    83    LOWEST  SLP 29.59 ON 24

[REMARKS]
#FINAL-06-13#
