000
CXUS56 KPDT 020532
CF6YKM
PRELIMINARY LOCAL CLIMATOLOGICAL DATA (WS FORM: F-6)

                                          STATION:   YAKIMA WA
                                          MONTH:     JULY
                                          YEAR:      2013
                                          LATITUDE:   46 34 N
                                          LONGITUDE: 120 32 W

  TEMPERATURE IN F:       :PCPN:    SNOW:  WIND      :SUNSHINE: SKY     :PK WND
================================================================================
1   2   3   4   5  6A  6B    7    8   9   10  11  12  13   14  15   16   17  18
                                     12Z  AVG MX 2MIN
DY MAX MIN AVG DEP HDD CDD  WTR  SNW DPTH SPD SPD DIR MIN PSBL S-S WX    SPD DR
================================================================================

 1 106  63  85  18   0  20    T  0.0    0  6.2 15 260   M    M   2        18 260
 2 106  67  87  19   0  22 0.00  0.0    M  6.2 18 330   M    M   0        24 330
 3  99  66  83  15   0  18 0.00  0.0    0  7.8 17 320   M    M   0        22 310
 4  92  61  77   9   0  12 0.00  0.0    0 10.3 26 320   M    M   0        33 330
 5  87  62  75   7   0  10 0.00  0.0    0 10.4 22 340   M    M   0        29 330
 6  89  52  71   2   0   6 0.00  0.0    0  5.0 13 330   M    M   1 8      16 320
 7  93  58  76   7   0  11 0.00  0.0    0  6.5 17 320   M    M   1        22 320
 8  93  66  80  11   0  15 0.00  0.0    0  7.0 17 340   M    M   1        23 340
 9  97  57  77   7   0  12 0.00  0.0    0  4.9 15 320   M    M   1        20 320
10  99  59  79   9   0  14 0.00  0.0    0  7.2 18 330   M    M   0        24 290
11  90  53  72   2   0   7 0.00  0.0    0  7.8 20  10   M    M   0        25  10
12  84  55  70   0   0   5 0.00  0.0    0  8.6 23 320   M    M   2        29 310
13  84  49  67  -3   0   2 0.00  0.0    0  5.6 20 320   M    M   0        24 320
14  92  50  71   0   0   6 0.00  0.0    0  6.9 17 330   M    M   0        22 330
15  90  60  75   4   0  10 0.00  0.0    0  4.7 13 350   M    M   0        16 350
16  95  56  76   5   0  11    T  0.0    0  6.8 16  50   M    M   1        22  70
17  97  66  82  11   0  17    T  0.0    0  8.1 17 190   M    M   1 3      23 200
18  98  51  75   4   0  10 0.00  0.0    0  5.1 16 310   M    M   0        22 320
19 101  59  80   8   0  15 0.00  0.0    0  5.5 18 340   M    M   0        23 330
20 102  65  84  12   0  19 0.00  0.0    0  7.3 18 340   M    M   0         M  M
21 100  52  76   4   0  11 0.00  0.0    0  6.3 23 330   M    M   0        29 350
22 100  66  83  11   0  18 0.00  0.0    0  7.3 21 340   M    M   0        28 310
23 101  65  83  11   0  18 0.00  0.0    0  4.7 15 310   M    M   0        18 320
24 101  71  86  14   0  21 0.00  0.0    0  6.0 14 310   M    M   0        20 300
25 102  62  82  10   0  17 0.00  0.0    0  5.7 14 340   M    M   0        21 310
26 101  63  82  10   0  17 0.00  0.0    0  6.9 20 320   M    M   1        24 320
27  94  60  77   5   0  12 0.00  0.0    0  5.5 20 350   M    M   0        25 360
28  91  54  73   1   0   8 0.00  0.0    0  6.0 18 340   M    M   0        28 350
29  90  58  74   2   0   9 0.00  0.0    0  4.9 13 330   M    M   0        17 320
30  92  60  76   4   0  11 0.00  0.0    0  4.6 10 180   M    M   0 8      15 130
31  90  62  76   4   0  11 0.00  0.0    0  6.8 14 250   M    M   1 8      16 270
================================================================================
SM 2956 1848         0 395    T      0.0 202.6          M       12
================================================================================
AV 95.4 59.6                               6.5 FASTST   M    M   0    MAX(MPH)
                                 MISC ---->  # 26 320               # 33  330
================================================================================
NOTES:
# LAST OF SEVERAL OCCURRENCES

COLUMN 17 PEAK WIND IN M.P.H.

PRELIMINARY LOCAL CLIMATOLOGICAL DATA (WS FORM: F-6) , PAGE 2

                                          STATION:  YAKIMA WA
                                          MONTH:    JULY
                                          YEAR:     2013
                                          LATITUDE:   46 34 N
                                          LONGITUDE: 120 32 W

[TEMPERATURE DATA]      [PRECIPITATION DATA]       SYMBOLS USED IN COLUMN 16

AVERAGE MONTHLY: 77.5   TOTAL FOR MONTH:      T    1 = FOG OR MIST
DPTR FM NORMAL:   6.9   DPTR FM NORMAL:   -0.22    2 = FOG REDUCING VISIBILITY
HIGHEST:   106 ON  2, 1 GRTST 24HR    T  ON 17-17      TO 1/4 MILE OR LESS
LOWEST:     49 ON 13                               3 = THUNDER
                        SNOW, ICE PELLETS, HAIL    4 = ICE PELLETS
                        TOTAL MONTH:   0.0 INCH    5 = HAIL
                        GRTST 24HR     0.0         6 = FREEZING RAIN OR DRIZZLE
                        GRTST DEPTH:   0           7 = DUSTSTORM OR SANDSTORM:
                                                       VSBY 1/2 MILE OR LESS
                                                   8 = SMOKE OR HAZE
[NO. OF DAYS WITH]      [WEATHER - DAYS WITH]      9 = BLOWING SNOW
                                                   X = TORNADO
MAX 32 OR BELOW:   0    0.01 INCH OR MORE:   0
MAX 90 OR ABOVE:  27    0.10 INCH OR MORE:   0
MIN 32 OR BELOW:   0    0.50 INCH OR MORE:   0
MIN  0 OR BELOW:   0    1.00 INCH OR MORE:   0

[HDD (BASE 65) ]
TOTAL THIS MO.     0    CLEAR  (SCALE 0-3)  31
DPTR FM NORMAL   -21    PTCLDY (SCALE 4-7)   0
TOTAL FM JUL 1     0    CLOUDY (SCALE 8-10)  0
DPTR FM NORMAL   -21

[CDD (BASE 65) ]
TOTAL THIS MO.   395
DPTR FM NORMAL   200    [PRESSURE DATA]
TOTAL FM JAN 1   563    HIGHEST SLP 30.03 ON 26
DPTR FM NORMAL   283    LOWEST  SLP 29.69 ON 21

[REMARKS]
#FINAL-07-13#
