000
CXUS56 KPDT 020532
CF6YKM
PRELIMINARY LOCAL CLIMATOLOGICAL DATA (WS FORM: F-6)

                                          STATION:   YAKIMA WA
                                          MONTH:     DECEMBER
                                          YEAR:      2015
                                          LATITUDE:   46 34 N
                                          LONGITUDE: 120 32 W

  TEMPERATURE IN F:       :PCPN:    SNOW:  WIND      :SUNSHINE: SKY     :PK WND
================================================================================
1   2   3   4   5  6A  6B    7    8   9   10  11  12  13   14  15   16   17  18
                                     12Z  AVG MX 2MIN
DY MAX MIN AVG DEP HDD CDD  WTR  SNW DPTH SPD SPD DIR MIN PSBL S-S WX    SPD DR
================================================================================

 1  29  24  27  -5  38   0 0.04  0.4    T  1.0  6 240   M    M  10 8       7 250
 2  32  27  30  -1  35   0 0.10  0.9    1  2.4  8 250   M    M  10 18      9 250
 3  37  31  34   3  31   0 0.24  0.0    T  2.0  8  60   M    M   9 1268   44  30
 4  37  26  32   2  33   0 0.00  0.0    T  2.6 10 320   M    M   9 128    15 320
 5  37  22  30   0  35   0 0.08  0.0    0  0.8  8 300   M    M   7 168    57 150
 6  51  34  43  13  22   0 0.05  0.0    0  6.5 23 190   M    M   8 128    32 190
 7  49  33  41  11  24   0 0.78  0.0    0  3.8 16 210   M    M   7 12     24 210
 8  64  34  49  20  16   0 0.26  0.0    0  3.6 18 190   M    M   8 18     23 190
 9  56  36  46  17  19   0 0.04  0.0    0  7.4 23 360   M    M   2        33 330
10  50  34  42  13  23   0 0.31  0.0    0  8.2 29 320   M    M   6 1      32 320
11  45  30  38   9  27   0 0.03  0.0    0  6.1 16 320   M    M   5        18 310
12  43  34  39  11  26   0 0.37  0.0    0  4.9 17 140   M    M   7 1      23 130
13  51  33  42  14  23   0 0.00  0.0    0  5.2 17 280   M    M   1        31 300
14  50  27  39  11  26   0 0.00  0.0    0  6.5 22 310   M    M   1        29 310
15  44  22  33   5  32   0    T  0.0    0  2.0 14 330   M    M   0        16 320
16  44  24  34   6  31   0    T    T    0  5.5 15 310   M    M   2        17 310
17  34  30  32   4  33   0 0.39  5.5    5  5.3 12 360   M    M  10 1      17  30
18  36  16  26  -2  39   0 0.06  0.4    4  4.5 15 310   M    M   5 128    18 230
19  33  17  25  -3  40   0 0.00  0.0    0  2.9 12 310   M    M   6 128    16 310
20  36  23  30   2  35   0 0.02  0.6    4  4.1 13 300   M    M   9 18     20 310
21  36  22  29   1  36   0 0.43  5.0    7  4.0 10 270   M    M   8 128    16 310
22  33  11  22  -5  43   0 0.03  0.5    6  2.5 10 290   M    M   4 18     17 320
23  42  18  30   3  35   0 0.00  0.0    7  4.7 17 180   M    M   3 128    20 200
24  39  10  25  -3  40   0 0.00  0.0    7  6.6 16 320   M    M   1        23 320
25  32   7  20  -8  45   0 0.00  0.0    7  3.8 13 310   M    M   3        17 290
26  27   2  15 -13  50   0    T    T    7  5.4 17 320   M    M   6        25 330
27  31  26  29   1  36   0 0.23  2.3    8  4.1 12 320   M    M  10 18     16 340
28  34  21  28   0  37   0 0.01  0.3    9  4.7 14 310   M    M   9 1      14 310
29  36  23  30   2  35   0    T    T    8  2.9 13 310   M    M  10        13 310
30  38   5  22  -6  43   0 0.00  0.0    8  5.1  9 280   M    M   5        14 310
31  31   4  18 -10  47   0 0.00  0.0    8  6.0 15 290   M    M   3        16 300
================================================================================
SM 1237  706      1035   0  3.47    15.9 135.1          M      184
================================================================================
AV 39.9 22.8                               4.4 FASTST   M    M   6    MAX(MPH)
                                 MISC ---->  # 29 320               # 57  150
================================================================================
NOTES:
# LAST OF SEVERAL OCCURRENCES

COLUMN 17 PEAK WIND IN M.P.H.

PRELIMINARY LOCAL CLIMATOLOGICAL DATA (WS FORM: F-6) , PAGE 2

                                          STATION:  YAKIMA WA
                                          MONTH:    DECEMBER
                                          YEAR:     2015
                                          LATITUDE:   46 34 N
                                          LONGITUDE: 120 32 W

[TEMPERATURE DATA]      [PRECIPITATION DATA]       SYMBOLS USED IN COLUMN 16

AVERAGE MONTHLY: 31.3   TOTAL FOR MONTH:   3.47    1 = FOG OR MIST
DPTR FM NORMAL:   2.8   DPTR FM NORMAL:    1.94    2 = FOG REDUCING VISIBILITY
HIGHEST:    64 ON  8    GRTST 24HR  0.78 ON  7- 7      TO 1/4 MILE OR LESS
LOWEST:      2 ON 26                               3 = THUNDER
                        SNOW, ICE PELLETS, HAIL    4 = ICE PELLETS
                        TOTAL MONTH:  15.9 INCHES  5 = HAIL
                        GRTST 24HR   5.5 ON 17-17  6 = FREEZING RAIN OR DRIZZLE
                        GRTST DEPTH:   9 ON 28     7 = DUSTSTORM OR SANDSTORM:
                                                       VSBY 1/2 MILE OR LESS
                                                   8 = SMOKE OR HAZE
[NO. OF DAYS WITH]      [WEATHER - DAYS WITH]      9 = BLOWING SNOW
                                                   X = TORNADO
MAX 32 OR BELOW:   6    0.01 INCH OR MORE:  18
MAX 90 OR ABOVE:   0    0.10 INCH OR MORE:   9
MIN 32 OR BELOW:  24    0.50 INCH OR MORE:   1
MIN  0 OR BELOW:   0    1.00 INCH OR MORE:   0

[HDD (BASE 65) ]
TOTAL THIS MO.  1035    CLEAR  (SCALE 0-3)   8
DPTR FM NORMAL   -95    PTCLDY (SCALE 4-7)  14
TOTAL FM JUL 1  2149    CLOUDY (SCALE 8-10)  9
DPTR FM NORMAL  -514

[CDD (BASE 65) ]
TOTAL THIS MO.     0
DPTR FM NORMAL     0    [PRESSURE DATA]
TOTAL FM JAN 1  1094    HIGHEST SLP 30.83 ON 31
DPTR FM NORMAL   622    LOWEST  SLP 29.16 ON 21

[REMARKS]
#FINAL-12-15#
