000
CXUS56 KPDT 020532
CF6YKM
PRELIMINARY LOCAL CLIMATOLOGICAL DATA (WS FORM: F-6)

                                          STATION:   YAKIMA WA
                                          MONTH:     FEBRUARY
                                          YEAR:      2013
                                          LATITUDE:   46 34 N
                                          LONGITUDE: 120 32 W

  TEMPERATURE IN F:       :PCPN:    SNOW:  WIND      :SUNSHINE: SKY     :PK WND
================================================================================
1   2   3   4   5  6A  6B    7    8   9   10  11  12  13   14  15   16   17  18
                                     12Z  AVG MX 2MIN
DY MAX MIN AVG DEP HDD CDD  WTR  SNW DPTH SPD SPD DIR MIN PSBL S-S WX    SPD DR
================================================================================

 1  56  29  43   9  22   0 0.00  0.0    0  3.4 10 280   M    M   0        14 190
 2  53  24  39   5  26   0 0.00  0.0    0  2.4 24 220   M    M   0        26 220
 3  45  25  35   1  30   0 0.00  0.0    0  2.0 12 280   M    M   2 18     25 230
 4  52  30  41   7  24   0 0.00  0.0    0  1.8  9 270   M    M   3 18     13 250
 5  57  27  42   8  23   0 0.00  0.0    0  5.0 26 200   M    M   3 18     36 200
 6  51  27  39   5  26   0    T  0.0    0  3.8 22 200   M    M   5        26 200
 7  53  28  41   6  24   0 0.00  0.0    0  3.1 12 320   M    M   4        15 320
 8  53  24  39   4  26   0 0.00  0.0    0  2.8 14 340   M    M   0        20 340
 9  52  25  39   4  26   0 0.00  0.0    0  4.8 13 330   M    M   0        16 330
10  55  26  41   6  24   0 0.00  0.0    0  5.0 12 250   M    M   0        13 260
11  55  22  39   4  26   0 0.00  0.0    0  2.9 16 150   M    M   1 18     20 150
12  58  31  45   9  20   0 0.00  0.0    0  2.0 12 140   M    M   2 18     21  30
13  59  32  46  10  19   0 0.00  0.0    0  6.4 24 280   M    M   1        28 290
14  56  30  43   7  22   0 0.00  0.0    0  2.0  8 270   M    M   3         9 270
15  57  26  42   6  23   0 0.00  0.0    0  2.8  9 300   M    M   0 1       9 120
16  59  26  43   7  22   0 0.00  0.0    0  6.3 29 280   M    M   2 18     36 290
17  54  26  40   4  25   0 0.00  0.0    0  3.4 14 350   M    M   1        16 350
18  46  26  36  -1  29   0 0.00  0.0    0  3.3  9 270   M    M   5        10 250
19  49  22  36  -1  29   0 0.00  0.0    0  3.7  9 270   M    M   3 1      15 240
20  49  20  35  -2  30   0 0.00  0.0    0  1.8 15 200   M    M   2 18     20 160
21  53  23  38   1  27   0 0.00  0.0    0  4.2 16 250   M    M   3        22 240
22  55  30  43   5  22   0 0.00  0.0    0 11.0 32 280   M    M   4        58 330
23  53  26  40   2  25   0 0.00  0.0    0 11.1 31 280   M    M   1        36 270
24  48  28  38   0  27   0    T  0.0    0  1.9 14 330   M    M   3         M  M
25  54  27  41   3  24   0 0.00  0.0    0 10.4 33 300   M    M   3        41 270
26  51  23  37  -1  28   0 0.00  0.0    0  3.3 12 110   M    M   1        21 140
27  56  22  39   0  26   0    T  0.0    0  2.4  9 290   M    M   3        12 150
28  51  40  46   7  19   0 0.03  0.0    0  3.0 10 250   M    M   9        28 220
================================================================================
SM 1490  745       694   0  0.03     0.0 116.0          M       64
================================================================================
AV 53.2 26.6                               4.1 FASTST   M    M   2    MAX(MPH)
                                 MISC ---->  # 33 300               # 58  330
================================================================================
NOTES:
# LAST OF SEVERAL OCCURRENCES

COLUMN 17 PEAK WIND IN M.P.H.

PRELIMINARY LOCAL CLIMATOLOGICAL DATA (WS FORM: F-6) , PAGE 2

                                          STATION:  YAKIMA WA
                                          MONTH:    FEBRUARY
                                          YEAR:     2013
                                          LATITUDE:   46 34 N
                                          LONGITUDE: 120 32 W

[TEMPERATURE DATA]      [PRECIPITATION DATA]       SYMBOLS USED IN COLUMN 16

AVERAGE MONTHLY: 39.9   TOTAL FOR MONTH:   0.03    1 = FOG OR MIST
DPTR FM NORMAL:   3.8   DPTR FM NORMAL:   -0.75    2 = FOG REDUCING VISIBILITY
HIGHEST:    59 ON 16,13 GRTST 24HR  0.03 ON 28-28      TO 1/4 MILE OR LESS
LOWEST:     20 ON 20                               3 = THUNDER
                        SNOW, ICE PELLETS, HAIL    4 = ICE PELLETS
                        TOTAL MONTH:   0.0 INCH    5 = HAIL
                        GRTST 24HR     0.0         6 = FREEZING RAIN OR DRIZZLE
                        GRTST DEPTH:   0           7 = DUSTSTORM OR SANDSTORM:
                                                       VSBY 1/2 MILE OR LESS
                                                   8 = SMOKE OR HAZE
[NO. OF DAYS WITH]      [WEATHER - DAYS WITH]      9 = BLOWING SNOW
                                                   X = TORNADO
MAX 32 OR BELOW:   0    0.01 INCH OR MORE:   1
MAX 90 OR ABOVE:   0    0.10 INCH OR MORE:   0
MIN 32 OR BELOW:  27    0.50 INCH OR MORE:   0
MIN  0 OR BELOW:   0    1.00 INCH OR MORE:   0

[HDD (BASE 65) ]
TOTAL THIS MO.   694    CLEAR  (SCALE 0-3)  19
DPTR FM NORMAL  -115    PTCLDY (SCALE 4-7)   8
TOTAL FM JUL 1  3963    CLOUDY (SCALE 8-10)  1
DPTR FM NORMAL  -564

[CDD (BASE 65) ]
TOTAL THIS MO.     0
DPTR FM NORMAL     0    [PRESSURE DATA]
TOTAL FM JAN 1     0    HIGHEST SLP 30.56 ON 15
DPTR FM NORMAL     0    LOWEST  SLP 29.66 ON 22

[REMARKS]
#FINAL-02-13#
