000
CXUS56 KPDT 020532
CF6YKM
PRELIMINARY LOCAL CLIMATOLOGICAL DATA (WS FORM: F-6)

                                          STATION:   YAKIMA WA
                                          MONTH:     AUGUST
                                          YEAR:      2013
                                          LATITUDE:   46 34 N
                                          LONGITUDE: 120 32 W

  TEMPERATURE IN F:       :PCPN:    SNOW:  WIND      :SUNSHINE: SKY     :PK WND
================================================================================
1   2   3   4   5  6A  6B    7    8   9   10  11  12  13   14  15   16   17  18
                                     12Z  AVG MX 2MIN
DY MAX MIN AVG DEP HDD CDD  WTR  SNW DPTH SPD SPD DIR MIN PSBL S-S WX    SPD DR
================================================================================

 1  89  56  73   1   0   8 0.00  0.0    0  8.6 23 320   M    M   1 8      29 320
 2  79  60  70  -2   0   5 0.00  0.0    0  4.2 13 310   M    M   4        16 320
 3  85  56  71  -1   0   6 0.00  0.0    0  4.6  9 140   M    M   2        14 160
 4  93  55  74   2   0   9 0.00  0.0    0  5.3  9 260   M    M   1        13  90
 5  96  61  79   7   0  14    T  0.0    0  5.3 13 360   M    M   1        20 330
 6  98  61  80   8   0  15 0.00  0.0    0  5.9 16 320   M    M   0        21 330
 7  98  63  81  10   0  16 0.00  0.0    0  6.0 15 320   M    M   0        21 320
 8  95  64  80   9   0  15 0.00  0.0    0  4.0 14 320   M    M   1        20 330
 9  97  66  82  11   0  17 0.00  0.0    0  6.7 33 200   M    M   2 378    44 190
10  93  65  79   8   0  14    T  0.0    0  5.5 24 220   M    M   2 3      33 220
11  88  62  75   4   0  10 0.00  0.0    0  4.5 13 320   M    M   2        15 290
12  91  54  73   3   0   8 0.00  0.0    0  5.7 12 320   M    M   0        18  20
13  93  56  75   5   0  10 0.00  0.0    0  5.3 15 280   M    M   0         M  M
14  96  54  75   5   0  10 0.00  0.0    0  5.4 16 190   M    M   0        29 320
15  92  59  76   6   0  11 0.00  0.0    0  4.5 18 170   M    M   1        26 230
16  88  66  77   7   0  12 0.01  0.0    0  4.3 13 340   M    M   4        15 320
17  89  56  73   4   0   8 0.00  0.0    0  6.2 18 310   M    M   1        24 320
18  92  52  72   3   0   7 0.00  0.0    0  4.0 16 340   M    M   0        24 280
19  91  54  73   4   0   8 0.00  0.0    0  6.5  M 290   M    M   0         M  M
20  89  50  70   1   0   5 0.00  0.0    0  4.6 15 240   M    M   0         M  M
21  91  51  71   3   0   6 0.00  0.0    0  6.0  M   M   M    M   0         M  M
22  90  52  71   3   0   6 0.00  0.0    0  4.8 13 240   M    M   0 3      29 330
23  87  63  75   7   0  10 0.01  0.0    0  5.5 16 350   M    M   5         M  M
24  85  54  70   2   0   5    T  0.0    0  5.6 20 190   M    M   3        26 190
25  83  56  70   3   0   5 0.13  0.0    0  4.6 17 180   M    M   4        23 180
26  81  52  67   0   0   2    T  0.0    0  5.5 25 190   M    M   3 1       M  M
27  86  49  68   1   0   3 0.00  0.0    0  4.3 10 160   M    M   1        14 130
28  90  56  73   7   0   8 0.00  0.0    0  5.0 16 320   M    M   2        21 160
29  86  61  74   8   0   9 0.04  0.0    0  5.5 17 220   M    M   2 8      23 230
30  87  53  70   4   0   5 0.00  0.0    0  4.2 10 270   M    M   2        13 140
31  88  51  70   4   0   5 0.00  0.0    0  4.7 13 290   M    M   0        15 280
================================================================================
SM 2786 1768         0 272  0.19     0.0 162.8          M       44
================================================================================
AV 89.9 57.0                               5.3 FASTST   M    M   1    MAX(MPH)
                                 MISC ---->  # 33 200               # 44  190
================================================================================
NOTES:
# LAST OF SEVERAL OCCURRENCES

COLUMN 17 PEAK WIND IN M.P.H.

PRELIMINARY LOCAL CLIMATOLOGICAL DATA (WS FORM: F-6) , PAGE 2

                                          STATION:  YAKIMA WA
                                          MONTH:    AUGUST
                                          YEAR:     2013
                                          LATITUDE:   46 34 N
                                          LONGITUDE: 120 32 W

[TEMPERATURE DATA]      [PRECIPITATION DATA]       SYMBOLS USED IN COLUMN 16

AVERAGE MONTHLY: 73.5   TOTAL FOR MONTH:   0.19    1 = FOG OR MIST
DPTR FM NORMAL:   4.2   DPTR FM NORMAL:   -0.07    2 = FOG REDUCING VISIBILITY
HIGHEST:    98 ON  7, 6 GRTST 24HR  0.13 ON 25-25      TO 1/4 MILE OR LESS
LOWEST:     49 ON 27                               3 = THUNDER
                        SNOW, ICE PELLETS, HAIL    4 = ICE PELLETS
                        TOTAL MONTH:   0.0 INCH    5 = HAIL
                        GRTST 24HR     0.0         6 = FREEZING RAIN OR DRIZZLE
                        GRTST DEPTH:   0           7 = DUSTSTORM OR SANDSTORM:
                                                       VSBY 1/2 MILE OR LESS
                                                   8 = SMOKE OR HAZE
[NO. OF DAYS WITH]      [WEATHER - DAYS WITH]      9 = BLOWING SNOW
                                                   X = TORNADO
MAX 32 OR BELOW:   0    0.01 INCH OR MORE:   4
MAX 90 OR ABOVE:  16    0.10 INCH OR MORE:   1
MIN 32 OR BELOW:   0    0.50 INCH OR MORE:   0
MIN  0 OR BELOW:   0    1.00 INCH OR MORE:   0

[HDD (BASE 65) ]
TOTAL THIS MO.     0    CLEAR  (SCALE 0-3)  26
DPTR FM NORMAL   -27    PTCLDY (SCALE 4-7)   5
TOTAL FM JUL 1     0    CLOUDY (SCALE 8-10)  0
DPTR FM NORMAL   -48

[CDD (BASE 65) ]
TOTAL THIS MO.   272
DPTR FM NORMAL   112    [PRESSURE DATA]
TOTAL FM JAN 1   835    HIGHEST SLP 30.11 ON 30
DPTR FM NORMAL   395    LOWEST  SLP 29.70 ON  9

[REMARKS]
#FINAL-08-13#
