000
CXUS56 KPDT 241855
CF6YKM
PRELIMINARY LOCAL CLIMATOLOGICAL DATA (WS FORM: F-6)

                                          STATION:   YAKIMA WA
                                          MONTH:     DECEMBER
                                          YEAR:      2013
                                          LATITUDE:   46 34 N
                                          LONGITUDE: 120 32 W

  TEMPERATURE IN F:       :PCPN:    SNOW:  WIND      :SUNSHINE: SKY     :PK WND
================================================================================
1   2   3   4   5  6A  6B    7    8   9   10  11  12  13   14  15   16   17  18
                                     12Z  AVG MX 2MIN
DY MAX MIN AVG DEP HDD CDD  WTR  SNW DPTH SPD SPD DIR MIN PSBL S-S WX    SPD DR
================================================================================

 1  52  30  41   9  24   0 0.32  0.0    0  3.8 23 200   M    M   6 18     31 200
 2  50  25  38   7  27   0 0.00  0.0    0  9.5 28 260   M    M   2        36 260
 3  37  25  31   0  34   0    T    T    0  6.3 23  30   M    M   8        30  40
 4  33  10  22  -8  43   0 0.00  0.0    0  3.8 12 200   M    M   1        14 200
 5  25   5  15 -15  50   0 0.00  0.0    0  2.4  7 290   M    M   4 8       8 200
 6  25  18  22  -8  43   0    T  0.0    0  9.6 26  20   M    M  10        37  10
 7  24   0  12 -18  53   0 0.00  0.0    0  6.5 22  20   M    M   1        27  20
 8  21  -2  10 -19  55   0 0.00  0.0    0  2.2  9 280   M    M   1        10 150
 9  26   3  15 -14  50   0 0.00  0.0    0  3.2  8 270   M    M   1         9 270
10  31   8  20  -9  45   0 0.00  0.0    0  2.6  8 290   M    M   5 8      10 130
11  33   8  21  -8  44   0 0.00  0.0    0  2.6  8 280   M    M   1 18     10  90
12  31  14  23  -5  42   0 0.00  0.0    0  1.8  9 280   M    M   1 18     10 250
13  38  14  26  -2  39   0 0.00  0.0    0  1.6  9 280   M    M   2 18     10 280
14  44  24  34   6  31   0 0.00  0.0    0  2.9 22 300   M    M   1 18     28 300
15  48  19  34   6  31   0 0.00  0.0    0  1.8  9 290   M    M   0 18     11 310
16  53  21  37   9  28   0 0.00  0.0    0  3.2 10 290   M    M   0 1      11 300
17  46  19  33   5  32   0 0.00  0.0    0  2.5 10 270   M    M   0 1      13 280
18  46  19  33   5  32   0 0.00  0.0    0  2.4 10 270   M    M   2 18     12 270
19  40  15  28   0  37   0 0.00  0.0    0  4.0 10 280   M    M   0        12 290
20  37  20  29   1  36   0    T  0.0    0  2.1 10 270   M    M   3        15 260
21  41  18  30   2  35   0 0.00  0.0    0  3.4  8 270   M    M   2 18     13 250
22  40  22  31   4  34   0 0.00  0.0    0  1.7  8 280   M    M   2 18      9 280
23  56  25  41  14  24   0 0.00  0.0    0  7.5 43 280   M    M   2 18     51 280
24  48  19  34   6  31   0 0.00  0.0    0  3.4 10 300   M    M   0        11 310
25  40  15  28   0  37   0 0.00  0.0    0  2.6 10 280   M    M   0        11 270
26  40  15  28   0  37   0 0.00  0.0    0  2.8 10 320   M    M   0 1      10 320
27  35  13  24  -4  41   0 0.00  0.0    0  3.1 10 270   M    M   1 18     11  40
28  49  17  33   5  32   0 0.00  0.0    0  2.8 10 330   M    M   0 18     14 310
29  34  16  25  -3  40   0 0.00  0.0    0  1.7  8  80   M    M   1 18      9  80
30  33  19  26  -2  39   0 0.00  0.0    0  2.4 10 290   M    M   1 18     11 300
31  49  22  36   8  29   0    T    T    0  2.2 12 270   M    M   4 18     14  50
================================================================================
SM 1205  496      1155   0  0.32    T    108.4          M       62
================================================================================
AV 38.9 16.0                               3.5 FASTST   M    M   2    MAX(MPH)
                                 MISC ---->  # 43 280               # 51  280
================================================================================
NOTES:
# LAST OF SEVERAL OCCURRENCES

COLUMN 17 PEAK WIND IN M.P.H.

PRELIMINARY LOCAL CLIMATOLOGICAL DATA (WS FORM: F-6) , PAGE 2

                                          STATION:  YAKIMA WA
                                          MONTH:    DECEMBER
                                          YEAR:     2013
                                          LATITUDE:   46 34 N
                                          LONGITUDE: 120 32 W

[TEMPERATURE DATA]      [PRECIPITATION DATA]       SYMBOLS USED IN COLUMN 16

AVERAGE MONTHLY: 27.4   TOTAL FOR MONTH:   0.32    1 = FOG OR MIST
DPTR FM NORMAL:  -1.1   DPTR FM NORMAL:   -1.21    2 = FOG REDUCING VISIBILITY
HIGHEST:    56 ON 23    GRTST 24HR  0.32 ON  1- 1      TO 1/4 MILE OR LESS
LOWEST:     -2 ON  8                               3 = THUNDER
                        SNOW, ICE PELLETS, HAIL    4 = ICE PELLETS
                        TOTAL MONTH:    T          5 = HAIL
                        GRTST 24HR    T  ON 31-31  6 = FREEZING RAIN OR DRIZZLE
                        GRTST DEPTH:   0           7 = DUSTSTORM OR SANDSTORM:
                                                       VSBY 1/2 MILE OR LESS
                                                   8 = SMOKE OR HAZE
[NO. OF DAYS WITH]      [WEATHER - DAYS WITH]      9 = BLOWING SNOW
                                                   X = TORNADO
MAX 32 OR BELOW:   7    0.01 INCH OR MORE:   1
MAX 90 OR ABOVE:   0    0.10 INCH OR MORE:   1
MIN 32 OR BELOW:  31    0.50 INCH OR MORE:   0
MIN  0 OR BELOW:   2    1.00 INCH OR MORE:   0

[HDD (BASE 65) ]
TOTAL THIS MO.  1155    CLEAR  (SCALE 0-3)  25
DPTR FM NORMAL    25    PTCLDY (SCALE 4-7)   5
TOTAL FM JUL 1  2571    CLOUDY (SCALE 8-10)  1
DPTR FM NORMAL   -92

[CDD (BASE 65) ]
TOTAL THIS MO.     0
DPTR FM NORMAL     0    [PRESSURE DATA]
TOTAL FM JAN 1   970    HIGHEST SLP M ON M
DPTR FM NORMAL   498    LOWEST  SLP 29.64 ON 20

[REMARKS]
#FINAL-12-13#
