000
CXUS56 KPDT 020532
CF6YKM
PRELIMINARY LOCAL CLIMATOLOGICAL DATA (WS FORM: F-6)

                                          STATION:   YAKIMA WA
                                          MONTH:     MAY
                                          YEAR:      2014
                                          LATITUDE:   46 34 N
                                          LONGITUDE: 120 32 W

  TEMPERATURE IN F:       :PCPN:    SNOW:  WIND      :SUNSHINE: SKY     :PK WND
================================================================================
1   2   3   4   5  6A  6B    7    8   9   10  11  12  13   14  15   16   17  18
                                     12Z  AVG MX 2MIN
DY MAX MIN AVG DEP HDD CDD  WTR  SNW DPTH SPD SPD DIR MIN PSBL S-S WX    SPD DR
================================================================================

 1  83  40  62   9   3   0 0.00  0.0    0  5.8 13 260   M    M   0        15 140
 2  85  44  65  12   0   0 0.00  0.0    0  6.7 21 240   M    M   0        26 240
 3  70  53  62   9   3   0 0.00  0.0    0 12.8 25 200   M    M   3        46 210
 4  68  47  58   4   7   0    T  0.0    0 13.5 30 200   M    M   5        39 200
 5  69  37  53  -1  12   0 0.00  0.0    0  5.9 18  20   M    M   5        22  20
 6  72  38  55   1  10   0 0.00  0.0    0  9.9 25 320   M    M   2        33 330
 7  73  46  60   5   5   0 0.00  0.0    0  5.3 14 320   M    M   4        18 180
 8  69  43  56   1   9   0 0.12  0.0    0  4.5 15 230   M    M   6 18     19 230
 9  64  42  53  -2  12   0    T  0.0    0  6.1 20 290   M    M   5        26 300
10  69  39  54  -2  11   0 0.00  0.0    0  8.7 28 320   M    M   5        34 320
11  71  38  55  -1  10   0 0.00  0.0    0  5.2 15  40   M    M   2        20  30
12  74  36  55  -1  10   0 0.00  0.0    0  5.8 14 150   M    M   0        19 130
13  81  40  61   5   4   0 0.00  0.0    0  4.8 10 280   M    M   0        12 270
14  86  44  65   8   0   0 0.00  0.0    0  5.4 12 250   M    M   0        15 140
15  89  48  69  12   0   4 0.00  0.0    0  4.2 10 270   M    M   0        14 350
16  86  56  71  14   0   6 0.00  0.0    0  8.3 21 310   M    M   0        26 300
17  76  47  62   4   3   0 0.00  0.0    0  5.8 17 310   M    M   3        30 290
18  73  44  59   1   6   0    T  0.0    0  7.8 24 300   M    M   2        30 310
19  76  40  58   0   7   0 0.00  0.0    0  6.1 16 330   M    M   2        21 300
20  83  46  65   7   0   0 0.00  0.0    0  6.8 18 310   M    M   0        22 340
21  85  48  67   8   0   2 0.00  0.0    0  9.0 25 320   M    M   0        32 320
22  88  55  72  13   0   7    T  0.0    0  6.4 21 320   M    M   2        26 290
23  78  52  65   6   0   0    T  0.0    0 10.1 24 270   M    M   3        30 260
24  80  44  62   3   3   0 0.00  0.0    0  7.1 21 320   M    M   0        26 320
25  77  49  63   3   2   0    T  0.0    0  4.9 18 310   M    M   3        22 310
26  74  42  58  -2   7   0 0.01  0.0    0  7.8 21 320   M    M   3        27 320
27  73  38  56  -4   9   0    T  0.0    0  7.3 20 310   M    M   1        25 310
28  73  41  57  -3   8   0    T  0.0    0  9.0 29 300   M    M   2 3      35 300
29  74  37  56  -4   9   0 0.00  0.0    0  5.3 14  20   M    M   0        16  20
30  81  43  62   1   3   0 0.00  0.0    0  7.1 23 350   M    M   1 8      29 340
31  83  54  69   8   0   4 0.00  0.0    0  6.9 20 320   M    M   2        25 330
================================================================================
SM 2383 1371       153  23  0.13     0.0 220.3          M       61
================================================================================
AV 76.9 44.2                               7.1 FASTST   M    M   2    MAX(MPH)
                                 MISC ---->  # 30 200               # 46  210
================================================================================
NOTES:
# LAST OF SEVERAL OCCURRENCES

COLUMN 17 PEAK WIND IN M.P.H.

PRELIMINARY LOCAL CLIMATOLOGICAL DATA (WS FORM: F-6) , PAGE 2

                                          STATION:  YAKIMA WA
                                          MONTH:    MAY
                                          YEAR:     2014
                                          LATITUDE:   46 34 N
                                          LONGITUDE: 120 32 W

[TEMPERATURE DATA]      [PRECIPITATION DATA]       SYMBOLS USED IN COLUMN 16

AVERAGE MONTHLY: 60.5   TOTAL FOR MONTH:   0.13    1 = FOG OR MIST
DPTR FM NORMAL:   3.4   DPTR FM NORMAL:   -0.45    2 = FOG REDUCING VISIBILITY
HIGHEST:    89 ON 15    GRTST 24HR  0.12 ON  8- 8      TO 1/4 MILE OR LESS
LOWEST:     36 ON 12                               3 = THUNDER
                        SNOW, ICE PELLETS, HAIL    4 = ICE PELLETS
                        TOTAL MONTH:   0.0 INCH    5 = HAIL
                        GRTST 24HR     0.0         6 = FREEZING RAIN OR DRIZZLE
                        GRTST DEPTH:   0           7 = DUSTSTORM OR SANDSTORM:
                                                       VSBY 1/2 MILE OR LESS
                                                   8 = SMOKE OR HAZE
[NO. OF DAYS WITH]      [WEATHER - DAYS WITH]      9 = BLOWING SNOW
                                                   X = TORNADO
MAX 32 OR BELOW:   0    0.01 INCH OR MORE:   2
MAX 90 OR ABOVE:   0    0.10 INCH OR MORE:   1
MIN 32 OR BELOW:   0    0.50 INCH OR MORE:   0
MIN  0 OR BELOW:   0    1.00 INCH OR MORE:   0

[HDD (BASE 65) ]
TOTAL THIS MO.   153    CLEAR  (SCALE 0-3)  24
DPTR FM NORMAL  -109    PTCLDY (SCALE 4-7)   7
TOTAL FM JUL 1  5570    CLOUDY (SCALE 8-10)  0
DPTR FM NORMAL  -374

[CDD (BASE 65) ]
TOTAL THIS MO.    23
DPTR FM NORMAL     4    [PRESSURE DATA]
TOTAL FM JAN 1    23    HIGHEST SLP 30.45 ON 12
DPTR FM NORMAL     3    LOWEST  SLP 29.65 ON  8

[REMARKS]
#FINAL-05-14#
