000
CXUS56 KPDT 020532
CF6YKM
PRELIMINARY LOCAL CLIMATOLOGICAL DATA (WS FORM: F-6)

                                          STATION:   YAKIMA WA
                                          MONTH:     SEPTEMBER
                                          YEAR:      2013
                                          LATITUDE:   46 34 N
                                          LONGITUDE: 120 32 W

  TEMPERATURE IN F:       :PCPN:    SNOW:  WIND      :SUNSHINE: SKY     :PK WND
================================================================================
1   2   3   4   5  6A  6B    7    8   9   10  11  12  13   14  15   16   17  18
                                     12Z  AVG MX 2MIN
DY MAX MIN AVG DEP HDD CDD  WTR  SNW DPTH SPD SPD DIR MIN PSBL S-S WX    SPD DR
================================================================================

 1  94  54  74   9   0   9 0.00  0.0    0  5.8 13 270   M    M   0        16  90
 2  91  57  74   9   0   9 0.00  0.0    0  4.7 12 310   M    M   1        15 320
 3  90  63  77  12   0  12 0.00  0.0    0  5.2 10 310   M    M   2        14 300
 4  93  64  79  15   0  14 0.00  0.0    0  5.6 13 310   M    M   3        23  10
 5  87  61  74  10   0   9 0.01  0.0    0  9.1 37 190   M    M   4 38     48 200
 6  71  54  63  -1   2   0 0.05  0.0    0  2.5  8 210   M    M   5        10 230
 7  77  49  63  -1   2   0 0.00  0.0    0  5.0 15  10   M    M   5        20 360
 8  85  53  69   6   0   4 0.00  0.0    0  4.2 10 350   M    M   1        15 340
 9  89  51  70   7   0   5 0.00  0.0    0  4.3  9 250   M    M   1        14 160
10  92  54  73  10   0   8 0.00  0.0    0  6.2 12 260   M    M   0        13 260
11  96  56  76  14   0  11 0.00  0.0    0  5.8 12 280   M    M   0        14 270
12  98  56  77  15   0  12 0.00  0.0    0  5.0 12 270   M    M   0        13 270
13  97  59  78  16   0  13 0.00  0.0    0  6.0 14 320   M    M   0        28 220
14  96  56  76  15   0  11 0.00  0.0    0  5.2 13 260   M    M   0        15 260
15  94  66  80  19   0  15 0.03  0.0    0  6.0 37 270   M    M   2 3      46 260
16  79  56  68   7   0   3 0.02  0.0    0  4.4 14 320   M    M   3        17 320
17  72  49  61   1   4   0 0.00  0.0    0  7.3 21 320   M    M   3        26 320
18  75  43  59  -1   6   0 0.00  0.0    0  4.8 13 350   M    M   1        17 330
19  77  38  58  -2   7   0 0.00  0.0    0  4.3 10 280   M    M   0        13 260
20  79  42  61   2   4   0    T  0.0    0  5.0 22 240   M    M   1        29 260
21  75  45  60   1   5   0    T  0.0    0  4.4 17 180   M    M   3        24 180
22  68  41  55  -4  10   0 0.02  0.0    0  8.1 31 200   M    M   3        41 200
23  67  44  56  -2   9   0    T  0.0    0  3.0  7 190   M    M   8         M  M
24  66  46  56  -2   9   0 0.00  0.0    0  4.0 12 320   M    M   2        23 150
25  68  43  56  -2   9   0 0.00  0.0    0  6.3 22 310   M    M   7        28 320
26  69  39  54  -3  11   0 0.00  0.0    0  2.8 10 250   M    M   6        14 330
27  62  33  48  -9  17   0 0.01  0.0    0  4.4 17 200   M    M   5        23 210
28  70  48  59   3   6   0 0.08  0.0    0 11.1 31 200   M    M   8        41 200
29  62  45  54  -2  11   0 0.08  0.0    0 11.3 28 200   M    M   6 1      35 190
30  63  41  52  -4  13   0    T  0.0    0  8.5 25 220   M    M   4        33 220
================================================================================
SM 2402 1506       125 135  0.30     0.0 170.3          M       84
================================================================================
AV 80.1 50.2                               5.7 FASTST   M    M   3    MAX(MPH)
                                 MISC ---->  # 37 190               # 48  200
================================================================================
NOTES:
# LAST OF SEVERAL OCCURRENCES

COLUMN 17 PEAK WIND IN M.P.H.

PRELIMINARY LOCAL CLIMATOLOGICAL DATA (WS FORM: F-6) , PAGE 2

                                          STATION:  YAKIMA WA
                                          MONTH:    SEPTEMBER
                                          YEAR:     2013
                                          LATITUDE:   46 34 N
                                          LONGITUDE: 120 32 W

[TEMPERATURE DATA]      [PRECIPITATION DATA]       SYMBOLS USED IN COLUMN 16

AVERAGE MONTHLY: 65.1   TOTAL FOR MONTH:   0.30    1 = FOG OR MIST
DPTR FM NORMAL:   4.3   DPTR FM NORMAL:   -0.06    2 = FOG REDUCING VISIBILITY
HIGHEST:    98 ON 12    GRTST 24HR  0.08 ON 29-29      TO 1/4 MILE OR LESS
LOWEST:     33 ON 27                               3 = THUNDER
                        SNOW, ICE PELLETS, HAIL    4 = ICE PELLETS
                        TOTAL MONTH:   0.0 INCH    5 = HAIL
                        GRTST 24HR     0.0         6 = FREEZING RAIN OR DRIZZLE
                        GRTST DEPTH:   0           7 = DUSTSTORM OR SANDSTORM:
                                                       VSBY 1/2 MILE OR LESS
                                                   8 = SMOKE OR HAZE
[NO. OF DAYS WITH]      [WEATHER - DAYS WITH]      9 = BLOWING SNOW
                                                   X = TORNADO
MAX 32 OR BELOW:   0    0.01 INCH OR MORE:   8
MAX 90 OR ABOVE:  10    0.10 INCH OR MORE:   0
MIN 32 OR BELOW:   0    0.50 INCH OR MORE:   0
MIN  0 OR BELOW:   0    1.00 INCH OR MORE:   0

[HDD (BASE 65) ]
TOTAL THIS MO.   125    CLEAR  (SCALE 0-3)  20
DPTR FM NORMAL   -35    PTCLDY (SCALE 4-7)  10
TOTAL FM JUL 1   125    CLOUDY (SCALE 8-10)  0
DPTR FM NORMAL   -83

[CDD (BASE 65) ]
TOTAL THIS MO.   135
DPTR FM NORMAL   103    [PRESSURE DATA]
TOTAL FM JAN 1   970    HIGHEST SLP 30.12 ON  7
DPTR FM NORMAL   498    LOWEST  SLP 29.31 ON 29

[REMARKS]
#FINAL-09-13#
