000
CXUS56 KPDT 020532
CF6YKM
PRELIMINARY LOCAL CLIMATOLOGICAL DATA (WS FORM: F-6)

                                          STATION:   YAKIMA WA
                                          MONTH:     MAY
                                          YEAR:      2013
                                          LATITUDE:   46 34 N
                                          LONGITUDE: 120 32 W

  TEMPERATURE IN F:       :PCPN:    SNOW:  WIND      :SUNSHINE: SKY     :PK WND
================================================================================
1   2   3   4   5  6A  6B    7    8   9   10  11  12  13   14  15   16   17  18
                                     12Z  AVG MX 2MIN
DY MAX MIN AVG DEP HDD CDD  WTR  SNW DPTH SPD SPD DIR MIN PSBL S-S WX    SPD DR
================================================================================

 1  66  26  46  -7  19   0 0.00  0.0    0  4.4 23 230   M    M   0        26 220
 2  77  33  55   2  10   0 0.00  0.0    0  4.0 16 190   M    M   0        22 160
 3  81  44  63  10   2   0 0.00  0.0    0  5.4 16 310   M    M   0        22 260
 4  82  47  65  11   0   0 0.00  0.0    0 12.2 26  30   M    M   2        32  50
 5  85  44  65  11   0   0 0.00  0.0    0 10.7  M  99   M    M   0         M  M
 6  91  44  68  14   0   3 0.00  0.0    0  5.8 17 250   M    M   0        29 320
 7  92  50  71  16   0   6 0.00  0.0    0  4.6  M  99   M    M   0         M  99
 8  94  50  72  17   0   7 0.00  0.0    0  4.4  M 220   M    M   0         M  M
 9  95  57  76  21   0  11 0.00  0.0    0  4.9 14 340   M    M   0         M  M
10  97  52  75  19   0  10 0.00  0.0    0  5.6 13 270   M    M   1         M  M
11  94  58  76  20   0  11 0.00  0.0    0  6.1 17 180   M    M   1        22 180
12  81  55  68  12   0   3 0.00  0.0    0  5.4 20 250   M    M   2        26 260
13  74  44  59   3   6   0    T  0.0    0  7.7 29 250   M    M   6         M  M
14  73  47  60   3   5   0 0.00  0.0    0  3.0 18 330   M    M   0        35 330
15  69  44  57   0   8   0    T  0.0    0  5.1 17 290   M    M   4       166 330
16  77  41  59   2   6   0 0.00  0.0    0  6.0 13 250   M    M   4        35 310
17  70  49  60   2   5   0    T  0.0    0  7.7 22 320   M    M   8        26 320
18  71  39  55  -3  10   0    T  0.0    0  6.4 18 320   M    M   4        41 290
19  77  39  58   0   7   0 0.00  0.0    0  9.4 25 340   M    M   2        32 340
20  80  39  60   2   5   0 0.00  0.0    0  5.2 16 230   M    M   0        22 320
21  66  47  57  -2   8   0 0.49  0.0    0  4.9107 320   M    M   9 1     156 330
22  51  40  46 -13  19   0 0.95  0.0    0  4.3 13 170   M    M   9 1      17 320
23  62  43  53  -6  12   0    T  0.0    0  5.4 14 200   M    M   7        18 250
24  65  45  55  -4  10   0 0.70  0.0    0  3.3 13 330   M    M   8 1      17 280
25  70  40  55  -5  10   0 0.00  0.0    0  3.8 10 130   M    M   3        20 330
26  70  50  60   0   5   0    T  0.0    0  5.2 16 260   M    M   7        20 230
27  61  43  52  -8  13   0 0.03  0.0    0  4.5 10 150   M    M   6        15 120
28  72  45  59  -1   6   0 0.00  0.0    0  5.9 22 180   M    M   6        29 220
29  66  47  57  -3   8   0 0.31  0.0    0  5.5 23 300   M    M   7 1      30 290
30  70  42  56  -5   9   0 0.00  0.0    0  5.3 14 350   M    M   4        35 330
31  74  39  57  -4   8   0 0.00  0.0    0  4.0 17  70   M    M   1        28 340
================================================================================
SM 2353 1383       191  51  2.48     0.0 176.1          M      101
================================================================================
AV 75.9 44.6                               5.7 FASTST   M    M   3    MAX(MPH)
                                 MISC ---->  #107 320               #166  330
================================================================================
NOTES:
# LAST OF SEVERAL OCCURRENCES

COLUMN 17 PEAK WIND IN M.P.H.

PRELIMINARY LOCAL CLIMATOLOGICAL DATA (WS FORM: F-6) , PAGE 2

                                          STATION:  YAKIMA WA
                                          MONTH:    MAY
                                          YEAR:     2013
                                          LATITUDE:   46 34 N
                                          LONGITUDE: 120 32 W

[TEMPERATURE DATA]      [PRECIPITATION DATA]       SYMBOLS USED IN COLUMN 16

AVERAGE MONTHLY: 60.3   TOTAL FOR MONTH:   2.48    1 = FOG OR MIST
DPTR FM NORMAL:   3.2   DPTR FM NORMAL:    1.90    2 = FOG REDUCING VISIBILITY
HIGHEST:    97 ON 10    GRTST 24HR  1.35 ON 21-22      TO 1/4 MILE OR LESS
LOWEST:     26 ON  1                               3 = THUNDER
                        SNOW, ICE PELLETS, HAIL    4 = ICE PELLETS
                        TOTAL MONTH:   0.0 INCH    5 = HAIL
                        GRTST 24HR     0.0         6 = FREEZING RAIN OR DRIZZLE
                        GRTST DEPTH:   0           7 = DUSTSTORM OR SANDSTORM:
                                                       VSBY 1/2 MILE OR LESS
                                                   8 = SMOKE OR HAZE
[NO. OF DAYS WITH]      [WEATHER - DAYS WITH]      9 = BLOWING SNOW
                                                   X = TORNADO
MAX 32 OR BELOW:   0    0.01 INCH OR MORE:   5
MAX 90 OR ABOVE:   6    0.10 INCH OR MORE:   4
MIN 32 OR BELOW:   1    0.50 INCH OR MORE:   2
MIN  0 OR BELOW:   0    1.00 INCH OR MORE:   0

[HDD (BASE 65) ]
TOTAL THIS MO.   191    CLEAR  (SCALE 0-3)  16
DPTR FM NORMAL   -71    PTCLDY (SCALE 4-7)  13
TOTAL FM JUL 1  5147    CLOUDY (SCALE 8-10)  2
DPTR FM NORMAL  -797

[CDD (BASE 65) ]
TOTAL THIS MO.    51
DPTR FM NORMAL    32    [PRESSURE DATA]
TOTAL FM JAN 1    52    HIGHEST SLP 30.59 ON  1
DPTR FM NORMAL    32    LOWEST  SLP 29.65 ON 21

[REMARKS]
#FINAL-05-13#
