000
CXUS56 KPDT 020532
CF6YKM
PRELIMINARY LOCAL CLIMATOLOGICAL DATA (WS FORM: F-6)

                                          STATION:   YAKIMA WA
                                          MONTH:     JUNE
                                          YEAR:      2016
                                          LATITUDE:   46 34 N
                                          LONGITUDE: 120 32 W

  TEMPERATURE IN F:       :PCPN:    SNOW:  WIND      :SUNSHINE: SKY     :PK WND
================================================================================
1   2   3   4   5  6A  6B    7    8   9   10  11  12  13   14  15   16   17  18
                                     12Z  AVG MX 2MIN
DY MAX MIN AVG DEP HDD CDD  WTR  SNW DPTH SPD SPD DIR MIN PSBL S-S WX    SPD DR
================================================================================

 1  89  54  72  11   0   7 0.00  0.0    0  6.0 16 290   M    M   1        24 230
 2  80  64  72  11   0   7 0.00  0.0    0  7.3 18 300   M    M   4 8      23 280
 3  89  53  71   9   0   6 0.00  0.0    0  3.1 10 250   M    M   0        12 250
 4  96  54  75  13   0  10 0.00  0.0    0  5.1 10 270   M    M   0        13 250
 5 101  59  80  18   0  15 0.00  0.0    0  5.8 13 260   M    M   0        14 270
 6 104  63  84  22   0  19 0.00  0.0    0  5.6 18 350   M    M   0        23 350
 7 102  62  82  20   0  17 0.00  0.0    0  5.1 15 340   M    M   0        24 300
 8  85  58  72  10   0   7 0.00  0.0    0  8.6 26 270   M    M   2        32 270
 9  73  46  60  -2   5   0 0.08  0.0    0  5.2 21 200   M    M   5        29 190
10  75  45  60  -3   5   0 0.00  0.0    0  7.9 25 230   M    M   3        38 230
11  76  43  60  -3   5   0    T  0.0    0  5.8 18  10   M    M   3        23  20
12  82  40  61  -2   4   0 0.00  0.0    0  4.1 14 330   M    M   0        18 330
13  77  50  64   1   1   0 0.00  0.0    0  8.2 21 290   M    M   2        27 280
14  68  39  54  -9  11   0 0.00  0.0    0  7.4 28 260   M    M   2        34 250
15  71  34  53 -11  12   0 0.00  0.0    0  4.9 20 270   M    M   2        24 270
16  70  42  56  -8   9   0 0.02  0.0    0  4.7 18 270   M    M   2        22 270
17  78  45  62  -2   3   0    T  0.0    0  6.6 16 210   M    M   5        21 190
18  71  48  60  -4   5   0 0.12  0.0    0  6.9 22 300   M    M   5        27 300
19  76  38  57  -7   8   0 0.00  0.0    0  4.7 13 260   M    M   0        13 260
20  87  50  69   4   0   4    T  0.0    0  6.6 14 160   M    M   1        19  20
21  85  55  70   5   0   5 0.00  0.0    0  6.8 16 340   M    M   1        22 340
22  89  55  72   7   0   7 0.00  0.0    0  5.3 14 230   M    M   0        19 250
23  82  57  70   5   0   5    T  0.0    0  8.4 23 200   M    M   6        29 190
24  77  53  65  -1   0   0 0.00  0.0    0 12.9 25 280   M    M   3        38 260
25  83  46  65  -1   0   0 0.00  0.0    0  4.6 12  90   M    M   1        14  40
26  90  53  72   6   0   7 0.00  0.0    0  6.7 12 270   M    M   0        14  40
27  97  54  76  10   0  11 0.00  0.0    0  5.6 12 330   M    M   1        15 300
28  98  69  84  17   0  19 0.00  0.0    0  6.4 16 320   M    M   0        22 310
29 100  72  86  19   0  21 0.00  0.0    0  7.4 21 330   M    M   0        37 280
30  96  69  83  16   0  18 0.00  0.0    0 10.4 24 330   M    M   0        31 330
================================================================================
SM 2547 1570        68 185  0.22     0.0 194.1          M       49
================================================================================
AV 84.9 52.3                               6.5 FASTST   M    M   2    MAX(MPH)
                                 MISC ---->  # 28 260               # 38  230
================================================================================
NOTES:
# LAST OF SEVERAL OCCURRENCES

COLUMN 17 PEAK WIND IN M.P.H.

PRELIMINARY LOCAL CLIMATOLOGICAL DATA (WS FORM: F-6) , PAGE 2

                                          STATION:  YAKIMA WA
                                          MONTH:    JUNE
                                          YEAR:     2016
                                          LATITUDE:   46 34 N
                                          LONGITUDE: 120 32 W

[TEMPERATURE DATA]      [PRECIPITATION DATA]       SYMBOLS USED IN COLUMN 16

AVERAGE MONTHLY: 68.6   TOTAL FOR MONTH:   0.22    1 = FOG OR MIST
DPTR FM NORMAL:   4.7   DPTR FM NORMAL:   -0.40    2 = FOG REDUCING VISIBILITY
HIGHEST:   104 ON  6    GRTST 24HR  0.12 ON 18-18      TO 1/4 MILE OR LESS
LOWEST:     34 ON 15                               3 = THUNDER
                        SNOW, ICE PELLETS, HAIL    4 = ICE PELLETS
                        TOTAL MONTH:   0.0 INCH    5 = HAIL
                        GRTST 24HR     0.0         6 = FREEZING RAIN OR DRIZZLE
                        GRTST DEPTH:   0           7 = DUSTSTORM OR SANDSTORM:
                                                       VSBY 1/2 MILE OR LESS
                                                   8 = SMOKE OR HAZE
[NO. OF DAYS WITH]      [WEATHER - DAYS WITH]      9 = BLOWING SNOW
                                                   X = TORNADO
MAX 32 OR BELOW:   0    0.01 INCH OR MORE:   3
MAX 90 OR ABOVE:   9    0.10 INCH OR MORE:   1
MIN 32 OR BELOW:   0    0.50 INCH OR MORE:   0
MIN  0 OR BELOW:   0    1.00 INCH OR MORE:   0

[HDD (BASE 65) ]
TOTAL THIS MO.    68    CLEAR  (SCALE 0-3)  23
DPTR FM NORMAL   -30    PTCLDY (SCALE 4-7)   7
TOTAL FM JUL 1  4656    CLOUDY (SCALE 8-10)  0
DPTR FM NORMAL -1386

[CDD (BASE 65) ]
TOTAL THIS MO.   185
DPTR FM NORMAL   120    [PRESSURE DATA]
TOTAL FM JAN 1   224    HIGHEST SLP 30.40 ON 19
DPTR FM NORMAL   139    LOWEST  SLP 29.59 ON  7

[REMARKS]
#FINAL-06-16#
