000
CXUS56 KPDT 020532
CF6YKM
PRELIMINARY LOCAL CLIMATOLOGICAL DATA (WS FORM: F-6)

                                          STATION:   YAKIMA WA
                                          MONTH:     MARCH
                                          YEAR:      2014
                                          LATITUDE:   46 34 N
                                          LONGITUDE: 120 32 W

  TEMPERATURE IN F:       :PCPN:    SNOW:  WIND      :SUNSHINE: SKY     :PK WND
================================================================================
1   2   3   4   5  6A  6B    7    8   9   10  11  12  13   14  15   16   17  18
                                     12Z  AVG MX 2MIN
DY MAX MIN AVG DEP HDD CDD  WTR  SNW DPTH SPD SPD DIR MIN PSBL S-S WX    SPD DR
================================================================================

 1  40  23  32  -7  33   0 0.00  0.0    0  5.4 15 360   M    M  10        19  10
 2  28  22  25 -15  40   0 0.12  1.7    2  2.3  7 190   M    M   9 18      8 150
 3  41  21  31  -9  34   0 0.02  0.0    0  4.1  9 250   M    M   6 18     10 270
 4  64  24  44   4  21   0 0.00  0.0    0  4.0 17 230   M    M   1 18     22 240
 5  66  42  54  14  11   0 0.43  0.0    0  7.5 24 190   M    M   8 1      31 200
 6  61  38  50   9  15   0    T  0.0    0 13.5 35 240   M    M   4        50 240
 7  62  33  48   7  17   0 0.00  0.0    0  5.6 20 270   M    M   0        22 270
 8  55  30  43   2  22   0    T  0.0    0  3.4 10 270   M    M   5        13 140
 9  66  40  53  11  12   0 0.00  0.0    0  4.2 15 320   M    M   5        20 320
10  60  40  50   8  15   0 0.00  0.0    0 10.2 25 310   M    M   4        32 320
11  60  31  46   4  19   0 0.00  0.0    0  5.2 15 290   M    M   0        19 300
12  62  24  43   1  22   0 0.00  0.0    0  5.0 12 290   M    M   0        13 180
13  64  31  48   5  17   0 0.00  0.0    0  4.7 12 160   M    M   0        15 170
14  62  40  51   8  14   0    T  0.0    0 12.9 38 270   M    M   4        47 280
15  65  30  48   5  17   0 0.00  0.0    0  4.4 10 250   M    M   2        12 160
16  69  41  55  12  10   0 0.00  0.0    0 10.4 25 220   M    M   5        32 210
17  55  35  45   1  20   0 0.00  0.0    0 12.8 36 310   M    M   2        46 320
18  57  25  41  -3  24   0 0.00  0.0    0  5.9 17 310   M    M   2        22 320
19  61  30  46   2  19   0    T  0.0    0  9.6 32 290   M    M   2        38 290
20  55  26  41  -3  24   0 0.00  0.0    0  6.7 16 330   M    M   1        20 250
21  54  23  39  -5  26   0 0.00  0.0    0  4.7 10 300   M    M   1        12  70
22  59  22  41  -4  24   0 0.00  0.0    0  6.1 14 170   M    M   0        20 260
23  61  28  45   0  20   0 0.00  0.0    0  6.0 13 170   M    M   1        19 160
24  64  29  47   2  18   0 0.00  0.0    0  4.7 14 270   M    M   0        15 260
25  60  38  49   4  16   0    T  0.0    0  8.0 26 210   M    M   5        37 210
26  56  31  44  -2  21   0    T  0.0    0  5.9 21 200   M    M   4        28 190
27  63  30  47   1  18   0 0.00  0.0    0  6.6 26 310   M    M   4        36 310
28  53  31  42  -4  23   0 0.03  0.0    0  3.5 16 200   M    M   8        21 190
29  61  31  46   0  19   0    T  0.0    0 11.8 36 190   M    M   3        46 190
30  59  28  44  -2  21   0 0.00  0.0    0  6.3 21 280   M    M   1        28 280
31  60  25  43  -3  22   0 0.00  0.0    0  5.5 12 350   M    M   5        13  10
================================================================================
SM 1803  942       634   0  0.60     1.7 206.9          M      102
================================================================================
AV 58.2 30.4                               6.7 FASTST   M    M   3    MAX(MPH)
                                 MISC ---->  # 38 270               # 50  240
================================================================================
NOTES:
# LAST OF SEVERAL OCCURRENCES

COLUMN 17 PEAK WIND IN M.P.H.

PRELIMINARY LOCAL CLIMATOLOGICAL DATA (WS FORM: F-6) , PAGE 2

                                          STATION:  YAKIMA WA
                                          MONTH:    MARCH
                                          YEAR:     2014
                                          LATITUDE:   46 34 N
                                          LONGITUDE: 120 32 W

[TEMPERATURE DATA]      [PRECIPITATION DATA]       SYMBOLS USED IN COLUMN 16

AVERAGE MONTHLY: 44.3   TOTAL FOR MONTH:   0.60    1 = FOG OR MIST
DPTR FM NORMAL:   1.1   DPTR FM NORMAL:   -0.02    2 = FOG REDUCING VISIBILITY
HIGHEST:    69 ON 16    GRTST 24HR  0.43 ON  5- 5      TO 1/4 MILE OR LESS
LOWEST:     21 ON  3                               3 = THUNDER
                        SNOW, ICE PELLETS, HAIL    4 = ICE PELLETS
                        TOTAL MONTH:   1.7 INCHES  5 = HAIL
                        GRTST 24HR   1.7 ON   M    6 = FREEZING RAIN OR DRIZZLE
                        GRTST DEPTH:   2 ON  2     7 = DUSTSTORM OR SANDSTORM:
                                                       VSBY 1/2 MILE OR LESS
                                                   8 = SMOKE OR HAZE
[NO. OF DAYS WITH]      [WEATHER - DAYS WITH]      9 = BLOWING SNOW
                                                   X = TORNADO
MAX 32 OR BELOW:   1    0.01 INCH OR MORE:   4
MAX 90 OR ABOVE:   0    0.10 INCH OR MORE:   2
MIN 32 OR BELOW:  22    0.50 INCH OR MORE:   0
MIN  0 OR BELOW:   0    1.00 INCH OR MORE:   0

[HDD (BASE 65) ]
TOTAL THIS MO.   634    CLEAR  (SCALE 0-3)  16
DPTR FM NORMAL   -43    PTCLDY (SCALE 4-7)  13
TOTAL FM JUL 1  5036    CLOUDY (SCALE 8-10)  2
DPTR FM NORMAL  -168

[CDD (BASE 65) ]
TOTAL THIS MO.     0
DPTR FM NORMAL     0    [PRESSURE DATA]
TOTAL FM JAN 1     0    HIGHEST SLP 30.55 ON 11
DPTR FM NORMAL     0    LOWEST  SLP 29.50 ON 26

[REMARKS]
#FINAL-03-14#
