000
CXUS56 KPDT 020532
CF6YKM
PRELIMINARY LOCAL CLIMATOLOGICAL DATA (WS FORM: F-6)

                                          STATION:   YAKIMA WA
                                          MONTH:     JANUARY
                                          YEAR:      2016
                                          LATITUDE:   46 34 N
                                          LONGITUDE: 120 32 W

  TEMPERATURE IN F:       :PCPN:    SNOW:  WIND      :SUNSHINE: SKY     :PK WND
================================================================================
1   2   3   4   5  6A  6B    7    8   9   10  11  12  13   14  15   16   17  18
                                     12Z  AVG MX 2MIN
DY MAX MIN AVG DEP HDD CDD  WTR  SNW DPTH SPD SPD DIR MIN PSBL S-S WX    SPD DR
================================================================================

 1  24   0  12 -16  53   0    T    T    8  6.2 21 360   M    M   4        33  20
 2  23  10  17 -11  48   0 0.00  0.0    8  6.1 15 310   M    M   9        19 320
 3  26  15  21  -7  44   0 0.26  3.5   11  3.5 10 330   M    M  10 18     21 210
 4  31  19  25  -4  40   0 0.03  0.3   11  2.2  9 320   M    M   9 18      M  M
 5  32  19  26  -3  39   0 0.15  1.4   11  3.2 12 310   M    M   9 128    13  40
 6  38  32  35   6  30   0    T    T   10  2.1 13 320   M    M  10 18     20 320
 7  39  35  37   8  28   0 0.00  0.0   10  2.0 12 320   M    M  10 128    12  50
 8  39  35  37   8  28   0 0.00  0.0    8  2.8 10 320   M    M  10 128    11 320
 9  39  35  37   7  28   0 0.01    T    6  3.5 12 320   M    M  10 1      13 310
10  37  34  36   6  29   0 0.02    T    6  3.2 16 320   M    M  10 1      26 330
11  38  33  36   6  29   0    T  0.1    5  2.6  9 320   M    M  10 18     12  70
12  38  33  36   6  29   0 0.30  3.3    6  1.7  8 290   M    M  10 1      14 360
13  38  25  32   2  33   0 0.01  0.1    6  1.5  7 270   M    M   7 128    11 320
14  41  17  29  -2  36   0    T    T    6  4.2 10 290   M    M   2 128    17 310
15  43  31  37   6  28   0 0.00  0.0    5  4.5 13 140   M    M   9        16 110
16  39  34  37   6  28   0 0.15  1.0    6  3.2 12 320   M    M  10 18     13 310
17  38  32  35   4  30   0 0.20  1.0    6  3.5 12 320   M    M  10 128    22 340
18  37  31  34   3  31   0 0.01  0.0    5  6.0 24 310   M    M  10 128    31 320
19  36  34  35   3  30   0 0.50  1.0    6   M   M   M   M    M   9 12      M  M
20  36  32  34   2  31   0 0.12  0.0    5   M   M   M   M    M  10 12      M  M
21  42  35  39   7  26   0 0.07  0.0    5  4.4  9 250   M    M   9 1      22 220
22  45  34  40   8  25   0 0.01  0.0    4  5.1 10 230   M    M   5 128    12 230
23  46  33  40   8  25   0 0.20  0.0    3  5.8 18 290   M    M   8 1      28 210
24  48  28  38   6  27   0 0.00  0.0    3  4.3 10 350   M    M   0        12 360
25  44  25  35   2  30   0 0.00  0.0    2  4.7  9 270   M    M   2        10 270
26  40  33  37   4  28   0    T  0.0    1  2.1  7 260   M    M  10 18      8 160
27  41  35  38   5  27   0    T  0.0    T  2.1  7 290   M    M  10 128     8 250
28  57  35  46  13  19   0    T  0.0    T  3.9 24 290   M    M   6 128    31 290
29  48  31  40   7  25   0 0.27    T    T  5.8 13 250   M    M   6 1      15 240
30  47  26  37   3  28   0 0.00  0.0    0  3.9  9 300   M    M   0        11 270
31  47  21  34   0  31   0 0.00  0.0    0  2.6 10 270   M    M   0        12 270
================================================================================
SM 1217  872       963   0  2.31    11.7 106.7          M      234
================================================================================
AV 39.3 28.1                               3.7 FASTST   M    M   8    MAX(MPH)
                                 MISC ---->  # 24 310               # 33   20
================================================================================
NOTES:
# LAST OF SEVERAL OCCURRENCES

COLUMN 17 PEAK WIND IN M.P.H.

PRELIMINARY LOCAL CLIMATOLOGICAL DATA (WS FORM: F-6) , PAGE 2

                                          STATION:  YAKIMA WA
                                          MONTH:    JANUARY
                                          YEAR:     2016
                                          LATITUDE:   46 34 N
                                          LONGITUDE: 120 32 W

[TEMPERATURE DATA]      [PRECIPITATION DATA]       SYMBOLS USED IN COLUMN 16

AVERAGE MONTHLY: 33.7   TOTAL FOR MONTH:   2.31    1 = FOG OR MIST
DPTR FM NORMAL:   2.7   DPTR FM NORMAL:    1.17    2 = FOG REDUCING VISIBILITY
HIGHEST:    57 ON 28    GRTST 24HR  0.51 ON 18-19      TO 1/4 MILE OR LESS
LOWEST:      0 ON  1                               3 = THUNDER
                        SNOW, ICE PELLETS, HAIL    4 = ICE PELLETS
                        TOTAL MONTH:  11.7 INCHES  5 = HAIL
                        GRTST 24HR   3.5 ON  3- 3  6 = FREEZING RAIN OR DRIZZLE
                        GRTST DEPTH:  11 ON  5, 4  7 = DUSTSTORM OR SANDSTORM:
                                                       VSBY 1/2 MILE OR LESS
                                                   8 = SMOKE OR HAZE
[NO. OF DAYS WITH]      [WEATHER - DAYS WITH]      9 = BLOWING SNOW
                                                   X = TORNADO
MAX 32 OR BELOW:   5    0.01 INCH OR MORE:  16
MAX 90 OR ABOVE:   0    0.10 INCH OR MORE:   9
MIN 32 OR BELOW:  17    0.50 INCH OR MORE:   1
MIN  0 OR BELOW:   1    1.00 INCH OR MORE:   0

[HDD (BASE 65) ]
TOTAL THIS MO.   963    CLEAR  (SCALE 0-3)   5
DPTR FM NORMAL   -92    PTCLDY (SCALE 4-7)   6
TOTAL FM JUL 1  3112    CLOUDY (SCALE 8-10) 20
DPTR FM NORMAL  -606

[CDD (BASE 65) ]
TOTAL THIS MO.     0
DPTR FM NORMAL     0    [PRESSURE DATA]
TOTAL FM JAN 1     0    HIGHEST SLP 30.79 ON  1
DPTR FM NORMAL     0    LOWEST  SLP 29.66 ON 19

[REMARKS]
#FINAL-01-16#
