000
CXUS56 KPDT 011910
CF6YKM
PRELIMINARY LOCAL CLIMATOLOGICAL DATA (WS FORM: F-6)
STATION: YAKIMA WA
MONTH: FEBRUARY
YEAR: 2022
LATITUDE: 46 34 N
LONGITUDE: 120 32 W
TEMPERATURE IN F: :PCPN: SNOW: WIND :SUNSHINE: SKY :PK WND
================================================================================
1 2 3 4 5 6A 6B 7 8 9 10 11 12 13 14 15 16 17 18
12Z AVG MX 2MIN
DY MAX MIN AVG DEP HDD CDD WTR SNW DPTH SPD SPD DIR MIN PSBL S-S WX SPD DR
================================================================================
1 42 16 29 -5 36 0 0.00 M M 3.2 13 330 M M 3 17 330
2 35 19 27 -7 38 0 0.00 M M 3.9 12 250 M M 5 14 250
3 39 19 29 -5 36 0 0.00 M M 2.6 8 270 M M 1 9 270
4 37 17 27 -8 38 0 0.00 M M 2.9 14 30 M M 1 18 29 290
5 51 19 35 0 30 0 0.00 M M 3.8 10 290 M M 0 18 13 270
6 47 20 34 -1 31 0 0.00 M M 3.5 12 300 M M 0 13 300
7 59 21 40 5 25 0 0.00 M M 3.8 14 360 M M 0 20 320
8 47 25 36 1 29 0 0.00 M M 3.5 10 300 M M 1 12 300
9 62 31 47 12 18 0 0.00 M M 3.2 12 160 M M 0 16 310
10 70 28 49 13 16 0 0.00 M M 4.6 18 330 M M 0 24 330
11 56 27 42 6 23 0 0.00 M M 5.7 14 70 M M 0 19 80
12 53 22 38 2 27 0 0.00 M M 4.7 10 270 M M 0 11 270
13 49 22 36 0 29 0 0.00 M M 3.6 8 290 M M 0 9 80
14 53 30 42 6 23 0 T M M 5.1 16 340 M M 5 8 22 340
15 58 32 45 8 20 0 0.00 M M 5.6 18 320 M M 2 27 300
16 57 31 44 7 21 0 0.00 M M 5.9 28 320 M M 0 37 320
17 52 27 40 3 25 0 0.00 M M 4.4 18 310 M M 0 25 310
18 60 26 43 6 22 0 0.00 M M 4.5 12 80 M M 0 15 100
19 60 27 44 6 21 0 0.00 M M 7.9 32 300 M M 0 44 280
20 52 25 39 1 26 0 0.00 M M 6.8 20 270 M M 2 26 270
21 43 26 35 -3 30 0 T M M 7.7 24 30 M M 8 36 50
22 29 11 20 -18 45 0 0.00 M M 9.7 22 60 M M 5 30 50
23 30 6 18 -20 47 0 0.00 M M 5.3 12 160 M M 2 16 200
24 35 16 26 -13 39 0 T M M 4.4 12 110 M M 6 8 17 90
25 36 9 23 -16 42 0 0.00 M M 4.1 9 260 M M 0 14 170
26 39 15 27 -12 38 0 0.00 M M 3.9 9 260 M M 3 12 150
27 51 29 40 1 25 0 0.01 M M 3.3 9 260 M M 8 1 12 260
28 63 36 50 10 15 0 0.06 M M 9.5 28 200 M M 8 1 38 200
================================================================================
SM 1365 632 815 0 0.07 M 137.1 M 60
================================================================================
AV 48.8 22.6 4.9 FASTST M M 2 MAX(MPH)
MISC ----> 32 300 44 280
================================================================================
NOTES:
# LAST OF SEVERAL OCCURRENCES
COLUMN 17 PEAK WIND IN M.P.H.
PRELIMINARY LOCAL CLIMATOLOGICAL DATA (WS FORM: F-6) , PAGE 2
STATION: YAKIMA WA
MONTH: FEBRUARY
YEAR: 2022
LATITUDE: 46 34 N
LONGITUDE: 120 32 W
[TEMPERATURE DATA] [PRECIPITATION DATA] SYMBOLS USED IN COLUMN 16
AVERAGE MONTHLY: 35.7 TOTAL FOR MONTH: 0.07 1 = FOG OR MIST
DPTR FM NORMAL: -0.9 DPTR FM NORMAL: -0.74 2 = FOG REDUCING VISIBILITY
HIGHEST: 70 ON 10 GRTST 24HR 0.07 ON 27-28 TO 1/4 MILE OR LESS
LOWEST: 6 ON 23 3 = THUNDER
SNOW, ICE PELLETS, HAIL 4 = ICE PELLETS
TOTAL MONTH: M 5 = HAIL
GRTST 24HR M ON M 6 = FREEZING RAIN OR DRIZZLE
GRTST DEPTH: M ON M 7 = DUSTSTORM OR SANDSTORM:
VSBY 1/2 MILE OR LESS
8 = SMOKE OR HAZE
[NO. OF DAYS WITH] [WEATHER - DAYS WITH] 9 = BLOWING SNOW
X = TORNADO
MAX 32 OR BELOW: 2 0.01 INCH OR MORE: 2
MAX 90 OR ABOVE: 0 0.10 INCH OR MORE: 0
MIN 32 OR BELOW: 27 0.50 INCH OR MORE: 0
MIN 0 OR BELOW: 0 1.00 INCH OR MORE: 0
[HDD (BASE 65) ]
TOTAL THIS MO. 815 CLEAR (SCALE 0-3) 21
DPTR FM NORMAL 21 PTCLDY (SCALE 4-7) 7
TOTAL FM JUL 1 4264 CLOUDY (SCALE 8-10) 0
DPTR FM NORMAL -70
[CDD (BASE 65) ]
TOTAL THIS MO. 0
DPTR FM NORMAL 0 [PRESSURE DATA]
TOTAL FM JAN 1 0 HIGHEST SLP 30.61 ON 25
DPTR FM NORMAL 0 LOWEST SLP 29.80 ON 14
[REMARKS]
#FINAL-02-22#