001
CXUS56 KPDT 011910
CF6YKM
PRELIMINARY LOCAL CLIMATOLOGICAL DATA (WS FORM: F-6)
STATION: YAKIMA WA
MONTH: JANUARY
YEAR: 2021
LATITUDE: 46 34 N
LONGITUDE: 120 32 W
TEMPERATURE IN F: :PCPN: SNOW: WIND :SUNSHINE: SKY :PK WND
================================================================================
1 2 3 4 5 6A 6B 7 8 9 10 11 12 13 14 15 16 17 18
12Z AVG MX 2MIN
DY MAX MIN AVG DEP HDD CDD WTR SNW DPTH SPD SPD DIR MIN PSBL S-S WX SPD DR
================================================================================
1 42 31 37 9 28 0 0.02 M M 1.9 9 80 M M 7 1 13 90
2 50 28 39 11 26 0 0.00 M M 14.7 31 180 M M 4 1 44 180
3 53 37 45 17 20 0 0.02 M M 9.1 25 200 M M 4 1 35 200
4 44 30 37 8 28 0 0.32 M M 3.1 10 290 M M 7 1 12 290
5 38 27 33 4 32 0 T M M 3.3 10 250 M M 4 1 13 250
6 48 33 41 12 24 0 0.00 M M 4.8 14 50 M M 6 16 60
7 43 28 36 7 29 0 0.00 M M 3.8 10 290 M M 5 12 260
8 44 31 38 9 27 0 0.07 M M 4.6 13 20 M M 9 1 17 30
9 37 32 35 5 30 0 0.00 M M 3.2 8 250 M M 10 12 10 270
10 42 36 39 9 26 0 T M M 0.9 6 270 M M 10 1 7 260
11 41 36 39 9 26 0 0.11 M M 1.7 7 240 M M 10 18 9 240
12 45 35 40 10 25 0 0.17 M M 3.0 8 310 M M 7 1 9 320
13 54 31 43 13 22 0 0.02 M M 11.5 35 270 M M 2 1 49 280
14 50 28 39 8 26 0 0.00 M M 3.8 9 270 M M 3 11 260
15 47 25 36 5 29 0 0.00 M M 2.8 9 40 M M 4 1 11 40
16 45 24 35 4 30 0 0.00 M M 2.3 8 290 M M 1 1 9 270
17 49 29 39 8 26 0 0.00 M M 2.9 17 290 M M 3 128 21 300
18 52 27 40 9 25 0 0.00 M M 4.3 13 300 M M 0 17 330
19 45 25 35 3 30 0 0.00 M M 4.2 12 250 M M 0 15 240
20 41 25 33 1 32 0 0.00 M M 2.3 7 250 M M 4 18 9 170
21 39 32 36 4 29 0 0.14 M M 5.0 8 300 M M 10 18 11 300
22 42 22 32 0 33 0 0.00 M M 5.0 13 350 M M 4 17 350
23 39 16 28 -4 37 0 0.00 M M 3.1 9 280 M M 0 18 11 120
24 33 23 28 -4 37 0 0.07 M M 0.9 7 270 M M 7 18 7 270
25 34 28 31 -2 34 0 0.01 M M 1.2 6 210 M M 10 18 7 220
26 35 31 33 0 32 0 0.08 M M 4.8 12 250 M M 10 1 17 240
27 37 31 34 1 31 0 0.46 M M 3.9 8 290 M M 10 1 11 260
28 42 28 35 2 30 0 0.00 M M 2.3 9 280 M M 9 12 10 280
29 44 25 35 2 30 0 0.00 M M 3.3 9 270 M M 6 11 240
30 42 26 34 0 31 0 T M M 3.8 10 270 M M 8 18 12 270
31 46 33 40 6 25 0 0.03 M M 3.8 9 250 M M 8 18 12 250
================================================================================
SM 1343 893 890 0 1.52 M 125.3 M 182
================================================================================
AV 43.3 28.8 4.0 FASTST M M 6 MAX(MPH)
MISC ----> 35 270 49 280
================================================================================
NOTES:
# LAST OF SEVERAL OCCURRENCES
COLUMN 17 PEAK WIND IN M.P.H.
PRELIMINARY LOCAL CLIMATOLOGICAL DATA (WS FORM: F-6) , PAGE 2
STATION: YAKIMA WA
MONTH: JANUARY
YEAR: 2021
LATITUDE: 46 34 N
LONGITUDE: 120 32 W
[TEMPERATURE DATA] [PRECIPITATION DATA] SYMBOLS USED IN COLUMN 16
AVERAGE MONTHLY: 36.1 TOTAL FOR MONTH: 1.52 1 = FOG OR MIST
DPTR FM NORMAL: 5.1 DPTR FM NORMAL: 0.37 2 = FOG REDUCING VISIBILITY
HIGHEST: 54 ON 13 GRTST 24HR 1.28 ON 11-12 TO 1/4 MILE OR LESS
LOWEST: 16 ON 23 3 = THUNDER
SNOW, ICE PELLETS, HAIL 4 = ICE PELLETS
TOTAL MONTH: M 5 = HAIL
GRTST 24HR M ON M 6 = FREEZING RAIN OR DRIZZLE
GRTST DEPTH: M ON M 7 = DUSTSTORM OR SANDSTORM:
VSBY 1/2 MILE OR LESS
8 = SMOKE OR HAZE
[NO. OF DAYS WITH] [WEATHER - DAYS WITH] 9 = BLOWING SNOW
X = TORNADO
MAX 32 OR BELOW: 0 0.01 INCH OR MORE: 13
MAX 90 OR ABOVE: 0 0.10 INCH OR MORE: 5
MIN 32 OR BELOW: 25 0.50 INCH OR MORE: 0
MIN 0 OR BELOW: 0 1.00 INCH OR MORE: 0
[HDD (BASE 65) ]
TOTAL THIS MO. 890 CLEAR (SCALE 0-3) 7
DPTR FM NORMAL -167 PTCLDY (SCALE 4-7) 14
TOTAL FM JUL 1 3151 CLOUDY (SCALE 8-10) 10
DPTR FM NORMAL -567
[CDD (BASE 65) ]
TOTAL THIS MO. 0
DPTR FM NORMAL 0 [PRESSURE DATA]
TOTAL FM JAN 1 0 HIGHEST SLP 30.60 ON 19
DPTR FM NORMAL 0 LOWEST SLP 29.51 ON 13
[REMARKS]
#FINAL-01-21#