000
CXUS56 KPDT 020532
CF6YKM
PRELIMINARY LOCAL CLIMATOLOGICAL DATA (WS FORM: F-6)

                                          STATION:   YAKIMA WA
                                          MONTH:     NOVEMBER
                                          YEAR:      2015
                                          LATITUDE:   46 34 N
                                          LONGITUDE: 120 32 W

  TEMPERATURE IN F:       :PCPN:    SNOW:  WIND      :SUNSHINE: SKY     :PK WND
================================================================================
1   2   3   4   5  6A  6B    7    8   9   10  11  12  13   14  15   16   17  18
                                     12Z  AVG MX 2MIN
DY MAX MIN AVG DEP HDD CDD  WTR  SNW DPTH SPD SPD DIR MIN PSBL S-S WX    SPD DR
================================================================================

 1  64  36  50   7  15   0 0.05  0.0    0  6.8 22 190   M    M   3        30 260
 2  63  34  49   7  16   0    T  0.0    0  4.2 14 330   M    M   3        22  10
 3  59  30  45   3  20   0    T  0.0    0  7.4 21 300   M    M   3        28 320
 4  56  25  41  -1  24   0 0.00  0.0    0  4.9 12 270   M    M   0        14 140
 5  61  35  48   7  17   0 0.00  0.0    0  2.5  9 280   M    M   6        12  80
 6  55  30  43   2  22   0 0.00  0.0    0  2.5  9 290   M    M   5        13 310
 7  52  31  42   1  23   0 0.01  0.0    0  2.3 26 190   M    M   5 18      0   0
 8  59  38  49   9  16   0    T  0.0    0  5.5 13 300   M    M   5 18     16 150
 9  57  31  44   4  21   0 0.00  0.0    0  5.1 12 300   M    M   5        16  80
10  54  22  38  -2  27   0 0.00  0.0    0  3.2  9 330   M    M   0        14 330
11  57  33  45   6  20   0 0.00  0.0    0 11.0 28 200   M    M   2        37 190
12  52  25  39   0  26   0 0.00  0.0    0  7.4 33 200   M    M   2 8      43 200
13  67  49  58  20   7   0 0.00  0.0    0 17.8 31 180   M    M   5 8      44 210
14  63  52  58  20   7   0 0.00  0.0    0 16.1 29 200   M    M   4        36 200
15  54  27  41   3  24   0 0.02  0.0    0 10.2 30 330   M    M   3        41 320
16  47  22  35  -2  30   0 0.00  0.0    0  5.2 16 310   M    M   4        17 310
17  70  32  51  14  14   0 0.11  0.0    0 16.5 37 280   M    M   5 7      52 310
18  53  35  44   8  21   0 0.00  0.0    0  6.4 22 300   M    M   4 7      34 250
19  44  27  36   0  29   0 0.22    T    0  4.2  9 280   M    M   7 1      10 280
20  46  22  34  -2  31   0 0.00  0.0    0  4.7 10 280   M    M   0        11 280
21  44  19  32  -3  33   0 0.00  0.0    0  4.0  8 270   M    M   0         M  M
22  43  18  31  -4  34   0 0.00  0.0    0  3.3  9 300   M    M   0 8      10 300
23  30  21  26  -8  39   0 0.01    T    0  3.5 10  90   M    M   8 128    12 120
24  42  30  36   2  29   0 0.21  3.0    1  5.2 20  10   M    M   9 18     26 250
25  47  22  35   1  30   0 0.00  0.0    T  8.3 24  10   M    M   0        38  20
26  45  18  32  -1  33   0 0.00  0.0    T  5.1 10 260   M    M   0         M  M
27  39  13  26  -7  39   0 0.00  0.0    0  3.7 12 330   M    M   0        15 310
28  34   9  22 -11  43   0 0.00  0.0    0  3.2  8 280   M    M   0 18      9 280
29  25  18  22 -10  43   0 0.01    T    T  2.3  7 200   M    M  10 18      9 300
30  24  22  23  -9  42   0    T    T    T  1.6  6 250   M    M  10 8       8 320
================================================================================
SM 1506  826       775   0  0.64     3.0 184.1          M      108
================================================================================
AV 50.2 27.5                               6.1 FASTST   M    M   4    MAX(MPH)
                                 MISC ---->  # 37 280               # 52  310
================================================================================
NOTES:
# LAST OF SEVERAL OCCURRENCES

COLUMN 17 PEAK WIND IN M.P.H.

PRELIMINARY LOCAL CLIMATOLOGICAL DATA (WS FORM: F-6) , PAGE 2

                                          STATION:  YAKIMA WA
                                          MONTH:    NOVEMBER
                                          YEAR:     2015
                                          LATITUDE:   46 34 N
                                          LONGITUDE: 120 32 W

[TEMPERATURE DATA]      [PRECIPITATION DATA]       SYMBOLS USED IN COLUMN 16

AVERAGE MONTHLY: 38.9   TOTAL FOR MONTH:   0.64    1 = FOG OR MIST
DPTR FM NORMAL:   1.6   DPTR FM NORMAL:   -0.41    2 = FOG REDUCING VISIBILITY
HIGHEST:    70 ON 17    GRTST 24HR  0.22 ON 23-24      TO 1/4 MILE OR LESS
LOWEST:      9 ON 28                               3 = THUNDER
                        SNOW, ICE PELLETS, HAIL    4 = ICE PELLETS
                        TOTAL MONTH:   3.0 INCHES  5 = HAIL
                        GRTST 24HR   3.0 ON 24-24  6 = FREEZING RAIN OR DRIZZLE
                        GRTST DEPTH:   1 ON 24     7 = DUSTSTORM OR SANDSTORM:
                                                       VSBY 1/2 MILE OR LESS
                                                   8 = SMOKE OR HAZE
[NO. OF DAYS WITH]      [WEATHER - DAYS WITH]      9 = BLOWING SNOW
                                                   X = TORNADO
MAX 32 OR BELOW:   3    0.01 INCH OR MORE:   8
MAX 90 OR ABOVE:   0    0.10 INCH OR MORE:   3
MIN 32 OR BELOW:  22    0.50 INCH OR MORE:   0
MIN  0 OR BELOW:   0    1.00 INCH OR MORE:   0

[HDD (BASE 65) ]
TOTAL THIS MO.   775    CLEAR  (SCALE 0-3)  14
DPTR FM NORMAL   -54    PTCLDY (SCALE 4-7)  12
TOTAL FM JUL 1  1114    CLOUDY (SCALE 8-10)  4
DPTR FM NORMAL  -419

[CDD (BASE 65) ]
TOTAL THIS MO.     0
DPTR FM NORMAL     0    [PRESSURE DATA]
TOTAL FM JAN 1  1094    HIGHEST SLP 30.64 ON 20
DPTR FM NORMAL   622    LOWEST  SLP 29.39 ON 15

[REMARKS]
#FINAL-11-15#
