571
CXUS56 KPDT 020532
CF6YKM
PRELIMINARY LOCAL CLIMATOLOGICAL DATA (WS FORM: F-6)

                                          STATION:   YAKIMA WA
                                          MONTH:     NOVEMBER
                                          YEAR:      2016
                                          LATITUDE:   46 34 N
                                          LONGITUDE: 120 32 W

  TEMPERATURE IN F:       :PCPN:    SNOW:  WIND      :SUNSHINE: SKY     :PK WND
================================================================================
1   2   3   4   5  6A  6B    7    8   9   10  11  12  13   14  15   16   17  18
                                     12Z  AVG MX 2MIN
DY MAX MIN AVG DEP HDD CDD  WTR  SNW DPTH SPD SPD DIR MIN PSBL S-S WX    SPD DR
================================================================================

 1  64  38  51   8  14   0 0.00  0.0    0  3.5 18 190   M    M   3        24 190
 2  64  41  53  11  12   0 0.00  0.0    0  3.4  9 260   M    M   7        11 250
 3  65  38  52  10  13   0 0.00  0.0    0  4.2 10 350   M    M   1        12 360
 4  64  37  51   9  14   0 0.00  0.0    0  4.6 10 290   M    M   0 18     12 260
 5  56  38  47   6  18   0 0.12  0.0    0  2.5 12 100   M    M   6 18     16  90
 6  62  42  52  11  13   0 0.08  0.0    0  3.0  9 270   M    M   4 128    12 170
 7  62  44  53  12  12   0 0.00  0.0    0  3.5 10 260   M    M   3        12 270
 8  65  39  52  12  13   0 0.00  0.0    0  4.7  9 280   M    M   0        10 290
 9  67  39  53  13  12   0 0.00  0.0    0  4.6 10 270   M    M   0 18     12 260
10  68  41  55  15  10   0 0.00  0.0    0  5.9 12 270   M    M   0        14 290
11  60  42  51  12  14   0 0.00  0.0    0  1.8  9  40   M    M   1 18     10  40
12  68  41  55  16  10   0    T  0.0    0  8.0 26 200   M    M   6 128    33 190
13  50  38  44   6  21   0 0.06  0.0    0  2.8  9 280   M    M   5 18     10 260
14  57  40  49  11  16   0 0.24  0.0    0  2.8  9 260   M    M   6 18     11 290
15  62  36  49  11  16   0 0.02  0.0    0  5.5 22 240   M    M   6 18     29 230
16  54  29  42   5  23   0 0.00  0.0    0  5.0 22 310   M    M   0        29 310
17  50  26  38   1  27   0 0.00  0.0    0  3.4  9 280   M    M   1        10 290
18  44  29  37   1  28   0 0.00  0.0    0  5.8 12 260   M    M   5 8      15 360
19  49  38  44   8  21   0 0.03  0.0    0  4.8 10 260   M    M   9        13 260
20  49  32  41   5  24   0 0.00  0.0    0  2.1  9 160   M    M   5 18     10 160
21  51  28  40   5  25   0 0.00  0.0    0  2.3  8 290   M    M   4 128     9 300
22  46  25  36   1  29   0 0.04  0.0    0  3.0 13  90   M    M   5 18     15  90
23  54  34  44  10  21   0    T  0.0    0  6.5 22 190   M    M   3 128    28 200
24  53  39  46  12  19   0    T  0.0    0  7.8 23 160   M    M   8        31 150
25  53  40  47  13  18   0 0.01  0.0    0  4.0 20 180   M    M   9 1      27 190
26  49  33  41   8  24   0 0.00  0.0    0  3.4 10 270   M    M   4 128    11 250
27  54  31  43  10  22   0 0.01    T    0  4.5 21 190   M    M   5        28 190
28  57  28  43  10  22   0 0.00    M    0  6.7 21 280   M    M   1        29 290
29  52  24  38   6  27   0 0.01    M    0  3.0  9 290   M    M   2 8      10 290
30  54  30  42  10  23   0    T  0.0    0  5.0 24 270   M    M   3 1      32 270
================================================================================
SM 1703 1060       561   0  0.62    T    128.1          M      112
================================================================================
AV 56.8 35.3                               4.3 FASTST   M    M   4    MAX(MPH)
                                 MISC ---->  # 26 200               # 33  190
================================================================================
NOTES:
# LAST OF SEVERAL OCCURRENCES

COLUMN 17 PEAK WIND IN M.P.H.

PRELIMINARY LOCAL CLIMATOLOGICAL DATA (WS FORM: F-6) , PAGE 2

                                          STATION:  YAKIMA WA
                                          MONTH:    NOVEMBER
                                          YEAR:     2016
                                          LATITUDE:   46 34 N
                                          LONGITUDE: 120 32 W

[TEMPERATURE DATA]      [PRECIPITATION DATA]       SYMBOLS USED IN COLUMN 16

AVERAGE MONTHLY: 46.0   TOTAL FOR MONTH:   0.62    1 = FOG OR MIST
DPTR FM NORMAL:   8.8   DPTR FM NORMAL:   -0.43    2 = FOG REDUCING VISIBILITY
HIGHEST:    68 ON 12,10 GRTST 24HR  0.26 ON 14-15      TO 1/4 MILE OR LESS
LOWEST:     24 ON 29                               3 = THUNDER
                        SNOW, ICE PELLETS, HAIL    4 = ICE PELLETS
                        TOTAL MONTH:    T          5 = HAIL
                        GRTST 24HR    T  ON 27-27  6 = FREEZING RAIN OR DRIZZLE
                        GRTST DEPTH:   0           7 = DUSTSTORM OR SANDSTORM:
                                                       VSBY 1/2 MILE OR LESS
                                                   8 = SMOKE OR HAZE
[NO. OF DAYS WITH]      [WEATHER - DAYS WITH]      9 = BLOWING SNOW
                                                   X = TORNADO
MAX 32 OR BELOW:   0    0.01 INCH OR MORE:  10
MAX 90 OR ABOVE:   0    0.10 INCH OR MORE:   2
MIN 32 OR BELOW:  10    0.50 INCH OR MORE:   0
MIN  0 OR BELOW:   0    1.00 INCH OR MORE:   0

[HDD (BASE 65) ]
TOTAL THIS MO.   561    CLEAR  (SCALE 0-3)  13
DPTR FM NORMAL  -268    PTCLDY (SCALE 4-7)  15
TOTAL FM JUL 1  1019    CLOUDY (SCALE 8-10)  2
DPTR FM NORMAL  -514

[CDD (BASE 65) ]
TOTAL THIS MO.     0
DPTR FM NORMAL     0    [PRESSURE DATA]
TOTAL FM JAN 1   774    HIGHEST SLP 30.26 ON 10
DPTR FM NORMAL   302    LOWEST  SLP 29.44 ON 26

[REMARKS]
#FINAL-11-16#
