000
CXUS56 KPDT 020532
CF6YKM
PRELIMINARY LOCAL CLIMATOLOGICAL DATA (WS FORM: F-6)

                                          STATION:   YAKIMA WA
                                          MONTH:     FEBRUARY
                                          YEAR:      2014
                                          LATITUDE:   46 34 N
                                          LONGITUDE: 120 32 W

  TEMPERATURE IN F:       :PCPN:    SNOW:  WIND      :SUNSHINE: SKY     :PK WND
================================================================================
1   2   3   4   5  6A  6B    7    8   9   10  11  12  13   14  15   16   17  18
                                     12Z  AVG MX 2MIN
DY MAX MIN AVG DEP HDD CDD  WTR  SNW DPTH SPD SPD DIR MIN PSBL S-S WX    SPD DR
================================================================================

 1  38  24  31  -3  34   0 0.00  0.0    0  2.3  7 190   M    M  10 18      8 190
 2  35  23  29  -5  36   0    T    T    0  2.9  9 320   M    M   9        11 310
 3  34  23  29  -5  36   0 0.01  0.2    T  2.4 10 360   M    M  10 18     13 330
 4  29  17  23 -11  42   0 0.00  0.0    0  6.6 16  40   M    M  10        19  30
 5  21  13  17 -17  48   0 0.00  0.0    0 11.1 23  30   M    M   5        30  30
 6  18  10  14 -20  51   0 0.17  2.7    1  5.7 14  40   M    M  10 1      18  10
 7  21  -4   9 -26  56   0 0.05  1.7    2  4.3 12 360   M    M   5 1      15  10
 8  27  12  20 -15  45   0 0.57 12.8   10  5.4 15  10   M    M  10 12     19  10
 9  30  19  25 -10  40   0 0.02  0.2   10  2.1  9 250   M    M   9 1      11 250
10  29  18  24 -11  41   0 0.01    T    9  2.0  9 250   M    M  10 18     10 240
11  41  15  28  -7  37   0 0.05    T    6  4.3 14 270   M    M   6 128    15 270
12  58  30  44   8  21   0 0.01  0.0    4  3.8 12 300   M    M   1 1      18 270
13  57  29  43   7  22   0    T  0.0    3  5.6 16 280   M    M   1        22 260
14  53  34  44   8  21   0 0.20  0.0    T  5.0 21 210   M    M   5 1      28 210
15  37  30  34  -2  31   0 0.26    T    T  5.8 12 340   M    M   6 1      14 330
16  52  30  41   5  24   0 0.00  0.0    T  9.7 29 200   M    M   3 1      38 190
17  56  30  43   7  22   0    T  0.0    T  8.9 32 260   M    M   4        38 260
18  52  25  39   2  26   0    T  0.0    0  6.4 26 300   M    M   4        35 230
19  50  29  40   3  25   0    T  0.0    0 10.0 29 280   M    M   2        36 270
20  55  28  42   5  23   0 0.00  0.0    0 13.9 33 270   M    M   2        44 280
21  56  30  43   6  22   0 0.00  0.0    0  8.4 26 320   M    M   0        35 310
22  47  24  36  -2  29   0 0.00  0.0    0  3.9 13  10   M    M   5        15  10
23  45  27  36  -2  29   0 0.00  0.0    0  2.9  9 350   M    M   8        11 350
24  38  33  36  -2  29   0 0.08  0.1    0  3.0  8  40   M    M  10 18     12 280
25  40  34  37  -1  28   0    T  0.0    0  6.5 15  30   M    M  10        18  20
26  48  29  39   1  26   0    T  0.0    0  4.8 18  10   M    M   6        22  10
27  46  31  39   0  26   0    T  0.0    0  3.0 10 140   M    M   9 1      14 120
28  51  26  39   0  26   0    T  0.0    0  4.8 16  10   M    M   8 18     20  20
================================================================================
SM 1164  669       896   0  1.43    17.7 155.5          M      178
================================================================================
AV 41.6 23.9                               5.6 FASTST   M    M   6    MAX(MPH)
                                 MISC ---->  # 33 270               # 44  280
================================================================================
NOTES:
# LAST OF SEVERAL OCCURRENCES

COLUMN 17 PEAK WIND IN M.P.H.

PRELIMINARY LOCAL CLIMATOLOGICAL DATA (WS FORM: F-6) , PAGE 2

                                          STATION:  YAKIMA WA
                                          MONTH:    FEBRUARY
                                          YEAR:     2014
                                          LATITUDE:   46 34 N
                                          LONGITUDE: 120 32 W

[TEMPERATURE DATA]      [PRECIPITATION DATA]       SYMBOLS USED IN COLUMN 16

AVERAGE MONTHLY: 32.7   TOTAL FOR MONTH:   1.43    1 = FOG OR MIST
DPTR FM NORMAL:  -3.4   DPTR FM NORMAL:    0.65    2 = FOG REDUCING VISIBILITY
HIGHEST:    58 ON 12    GRTST 24HR  0.59 ON  8- 9      TO 1/4 MILE OR LESS
LOWEST:     -4 ON  7                               3 = THUNDER
                        SNOW, ICE PELLETS, HAIL    4 = ICE PELLETS
                        TOTAL MONTH:  17.7 INCHES  5 = HAIL
                        GRTST 24HR  12.8 ON   M    6 = FREEZING RAIN OR DRIZZLE
                        GRTST DEPTH:  10 ON  9, 8  7 = DUSTSTORM OR SANDSTORM:
                                                       VSBY 1/2 MILE OR LESS
                                                   8 = SMOKE OR HAZE
[NO. OF DAYS WITH]      [WEATHER - DAYS WITH]      9 = BLOWING SNOW
                                                   X = TORNADO
MAX 32 OR BELOW:   7    0.01 INCH OR MORE:  11
MAX 90 OR ABOVE:   0    0.10 INCH OR MORE:   4
MIN 32 OR BELOW:  25    0.50 INCH OR MORE:   1
MIN  0 OR BELOW:   1    1.00 INCH OR MORE:   0

[HDD (BASE 65) ]
TOTAL THIS MO.   896    CLEAR  (SCALE 0-3)   6
DPTR FM NORMAL    87    PTCLDY (SCALE 4-7)  11
TOTAL FM JUL 1  4402    CLOUDY (SCALE 8-10) 11
DPTR FM NORMAL  -125

[CDD (BASE 65) ]
TOTAL THIS MO.     0
DPTR FM NORMAL     0    [PRESSURE DATA]
TOTAL FM JAN 1     0    HIGHEST SLP 30.67 ON  5
DPTR FM NORMAL     0    LOWEST  SLP 29.48 ON 15

[REMARKS]
#FINAL-02-14#
