000
CXUS56 KPDT 172229
CF6YKM
PRELIMINARY LOCAL CLIMATOLOGICAL DATA (WS FORM: F-6)

                                          STATION:   YAKIMA WA
                                          MONTH:     DECEMBER
                                          YEAR:      2016
                                          LATITUDE:   46 34 N
                                          LONGITUDE: 120 32 W

  TEMPERATURE IN F:       :PCPN:    SNOW:  WIND      :SUNSHINE: SKY     :PK WND
================================================================================
1   2   3   4   5  6A  6B    7    8   9   10  11  12  13   14  15   16   17  18
                                     12Z  AVG MX 2MIN
DY MAX MIN AVG DEP HDD CDD  WTR  SNW DPTH SPD SPD DIR MIN PSBL S-S WX    SPD DR
================================================================================

 1  52  23  38   6  27   0 0.00  0.0    0  2.9  9 280   M    M   2        11 270
 2  42  26  34   3  31   0    T  0.0    0  3.4 10 300   M    M   3        11 300
 3  55  24  40   9  25   0 0.00  0.0    0  4.4 20 300   M    M   3 18     25 290
 4  49  26  38   8  27   0 0.00  0.0    0  7.7 26 270   M    M   1        35 280
 5  35  18  27  -3  38   0    T  0.0    0  3.5  9 270   M    M   5        11 260
 6  39  26  33   3  32   0    T  0.0    0  5.8 17  20   M    M   7        21  30
 7  33  18  26  -4  39   0 0.00  0.0    0  3.2 10 250   M    M   7        13 250
 8  29  19  24  -5  41   0 0.27  4.5    4  7.7 16  30   M    M   6 128    23  40
 9  29  21  25  -4  40   0 0.04  0.4    4  3.7  9 250   M    M   9 18     11 240
10  24   8  16 -13  49   0 0.02  0.2    3  3.3  8 240   M    M   8 128    10 270
11  30  16  23  -6  42   0    T    T    3  3.0  8 210   M    M   9 128     9 280
12  32  16  24  -4  41   0 0.02    T    3  1.4  8 290   M    M  10 12      9 280
13  32  23  28   0  37   0 0.00  0.0    3  4.5 12 360   M    M   8 18     15  10
14  28  21  25  -3  40   0 0.25  2.0    4  7.7 17  10   M    M   9 1      22 360
15  31  23  27  -1  38   0    T    T    3  2.4  7 260   M    M  10 18      8 150
16  27   2  15 -13  50   0    T    T    3  3.3  9 270   M    M   6 18     12 270
17  20  -3   9 -19  56   0 0.00  0.0    2  3.0  9 280   M    M   3 18     10 240
18  20  -4   8 -20  57   0 0.00  0.0    2  1.4  8 280   M    M   2 18      9 250
19  28  13  21  -7  44   0 0.15  0.0    2  1.7  8 260   M    M   5 168     9 260
20  49  26  38  10  27   0 0.09  0.0    2  8.5 33 270   M    M   0 168    42 260
21  39  15  27  -1  38   0 0.00  0.0    2  3.8 12 280   M    M   0        13 260
22  34  16  25  -2  40   0 0.00  0.0    2  2.7  9 260   M    M   3        10 260
23  35  23  29   2  36   0 0.02  0.3    2  2.4  7 310   M    M   9 18      8 230
24  32  13  23  -5  42   0 0.00  0.0    2  3.0  9 270   M    M   4 128    11 260
25  34  10  22  -6  43   0 0.00  0.0    2  4.8 12 280   M    M   0        13 280
26  30  10  20  -8  45   0 0.01    T    2  2.9  9 270   M    M   5 1      10 270
27  42  16  29   1  36   0    T    T    2  5.4 14 290   M    M   2 18     18 230
28  44  17  31   3  34   0 0.00  0.0    2  4.1 13 320   M    M   2        13 320
29  40  21  31   3  34   0 0.00  0.0    2  3.0 10 260   M    M   1        12 270
30  50  19  35   7  30   0 0.00  0.0    2  3.9 10 290   M    M   0        13 270
31  35  10  23  -5  42   0 0.00  0.0    2  2.9 10 320   M    M   1 1      12 320
================================================================================
SM 1099  512      1201   0  0.87     7.4 121.4          M      140
================================================================================
AV 35.5 16.5                               3.9 FASTST   M    M   5    MAX(MPH)
                                 MISC ---->  # 33 270               # 42  260
================================================================================
NOTES:
# LAST OF SEVERAL OCCURRENCES

COLUMN 17 PEAK WIND IN M.P.H.

PRELIMINARY LOCAL CLIMATOLOGICAL DATA (WS FORM: F-6) , PAGE 2

                                          STATION:  YAKIMA WA
                                          MONTH:    DECEMBER
                                          YEAR:     2016
                                          LATITUDE:   46 34 N
                                          LONGITUDE: 120 32 W

[TEMPERATURE DATA]      [PRECIPITATION DATA]       SYMBOLS USED IN COLUMN 16

AVERAGE MONTHLY: 26.0   TOTAL FOR MONTH:   0.87    1 = FOG OR MIST
DPTR FM NORMAL:  -2.5   DPTR FM NORMAL:   -0.66    2 = FOG REDUCING VISIBILITY
HIGHEST:    55 ON  3    GRTST 24HR  0.28 ON  8- 9      TO 1/4 MILE OR LESS
LOWEST:     -4 ON 18                               3 = THUNDER
                        SNOW, ICE PELLETS, HAIL    4 = ICE PELLETS
                        TOTAL MONTH:   7.4 INCHES  5 = HAIL
                        GRTST 24HR   4.5 ON  8- 8  6 = FREEZING RAIN OR DRIZZLE
                        GRTST DEPTH:   4 ON 14, 9  7 = DUSTSTORM OR SANDSTORM:
                                                       VSBY 1/2 MILE OR LESS
                                                   8 = SMOKE OR HAZE
[NO. OF DAYS WITH]      [WEATHER - DAYS WITH]      9 = BLOWING SNOW
                                                   X = TORNADO
MAX 32 OR BELOW:  14    0.01 INCH OR MORE:   9
MAX 90 OR ABOVE:   0    0.10 INCH OR MORE:   3
MIN 32 OR BELOW:  31    0.50 INCH OR MORE:   0
MIN  0 OR BELOW:   2    1.00 INCH OR MORE:   0

[HDD (BASE 65) ]
TOTAL THIS MO.  1201    CLEAR  (SCALE 0-3)  13
DPTR FM NORMAL    71    PTCLDY (SCALE 4-7)  12
TOTAL FM JUL 1  2220    CLOUDY (SCALE 8-10)  6
DPTR FM NORMAL  -443

[CDD (BASE 65) ]
TOTAL THIS MO.     0
DPTR FM NORMAL     0    [PRESSURE DATA]
TOTAL FM JAN 1   774    HIGHEST SLP 30.65 ON 18
DPTR FM NORMAL   302    LOWEST  SLP 29.63 ON 23

[REMARKS]
#FINAL-12-16#
