000
CXUS56 KPDT 020532
CF6YKM
PRELIMINARY LOCAL CLIMATOLOGICAL DATA (WS FORM: F-6)

                                          STATION:   YAKIMA WA
                                          MONTH:     JUNE
                                          YEAR:      2014
                                          LATITUDE:   46 34 N
                                          LONGITUDE: 120 32 W

  TEMPERATURE IN F:       :PCPN:    SNOW:  WIND      :SUNSHINE: SKY     :PK WND
================================================================================
1   2   3   4   5  6A  6B    7    8   9   10  11  12  13   14  15   16   17  18
                                     12Z  AVG MX 2MIN
DY MAX MIN AVG DEP HDD CDD  WTR  SNW DPTH SPD SPD DIR MIN PSBL S-S WX    SPD DR
================================================================================

 1  84  52  68   7   0   3 0.00  0.0    0  4.9 14  90   M    M   0        18 200
 2  88  55  72  11   0   7 0.00  0.0    0  7.4 22 320   M    M   1 3      27 310
 3  87  62  75  13   0  10 0.00  0.0    0 13.3 28 310   M    M   1        38 320
 4  88  54  71   9   0   6 0.00  0.0    0  7.4 25 330   M    M   0        32 330
 5  82  59  71   9   0   6 0.00  0.0    0  7.7 24 310   M    M   0        31 310
 6  85  51  68   6   0   3 0.00  0.0    0  7.0 17  20   M    M   0        22  20
 7  86  49  68   6   0   3 0.00  0.0    0 11.7 24 320   M    M   1        31 320
 8  88  60  74  12   0   9 0.00  0.0    0  9.1 22 330   M    M   1        38 230
 9  86  59  73  11   0   8 0.00  0.0    0 11.5 22 320   M    M   0        31 300
10  80  57  69   6   0   4 0.00  0.0    0 12.7 26 310   M    M   1        33 320
11  82  45  64   1   1   0 0.00  0.0    0  5.4 13 140   M    M   0        17 130
12  83  52  68   5   0   3 0.00  0.0    0  9.5 25 220   M    M   3 8      35 220
13  64  43  54  -9  11   0 0.02  0.0    0  5.6 20 280   M    M   5        24 290
14  77  45  61  -2   4   0 0.00  0.0    0  8.6 22 330   M    M   1        29 360
15  75  52  64   0   1   0 0.00  0.0    0  8.3 26 290   M    M   3        34 290
16  70  41  56  -8   9   0 0.01  0.0    0  9.4 22 320   M    M   6        31 320
17  77  52  65   1   0   0    T  0.0    0 12.8 29 310   M    M   5        37 320
18  84  53  69   5   0   4 0.00  0.0    0  8.3 18 330   M    M   1        23 300
19  87  47  67   3   0   2 0.00  0.0    0  5.3 15 280   M    M   1        18 280
20  79  54  67   2   0   2 0.00  0.0    0 11.4 23 320   M    M   1        28 310
21  78  46  62  -3   3   0 0.00  0.0    0  5.4 13 170   M    M   0        14 170
22  87  46  67   2   0   2 0.00  0.0    0  6.0 10 250   M    M   1        14 300
23  92  51  72   7   0   7    T  0.0    0  8.2 20 340   M    M   2        24 350
24  85  64  75   9   0  10    T  0.0    0  9.5 21 300   M    M   4        26 300
25  83  51  67   1   0   2 0.00  0.0    0  6.4 13 130   M    M   2        17 110
26  82  61  72   6   0   7 0.02  0.0    0  5.3 17 270   M    M   5 3      22 260
27  80  56  68   2   0   3 0.03  0.0    0  8.7 26 200   M    M   6        39 200
28  81  51  66  -1   0   1 0.00  0.0    0  7.9 21 270   M    M   3        28 200
29  80  48  64  -3   1   0 0.00  0.0    0  8.2 22 320   M    M   2        28 330
30  84  46  65  -2   0   0 0.00  0.0    0  5.0 12 250   M    M   0        15 160
================================================================================
SM 2464 1562        30 102  0.08     0.0 247.9          M       56
================================================================================
AV 82.1 52.1                               8.3 FASTST   M    M   2    MAX(MPH)
                                 MISC ---->  # 29 310               # 39  200
================================================================================
NOTES:
# LAST OF SEVERAL OCCURRENCES

COLUMN 17 PEAK WIND IN M.P.H.

PRELIMINARY LOCAL CLIMATOLOGICAL DATA (WS FORM: F-6) , PAGE 2

                                          STATION:  YAKIMA WA
                                          MONTH:    JUNE
                                          YEAR:     2014
                                          LATITUDE:   46 34 N
                                          LONGITUDE: 120 32 W

[TEMPERATURE DATA]      [PRECIPITATION DATA]       SYMBOLS USED IN COLUMN 16

AVERAGE MONTHLY: 67.1   TOTAL FOR MONTH:   0.08    1 = FOG OR MIST
DPTR FM NORMAL:   3.2   DPTR FM NORMAL:   -0.54    2 = FOG REDUCING VISIBILITY
HIGHEST:    92 ON 23    GRTST 24HR  0.05 ON 26-27      TO 1/4 MILE OR LESS
LOWEST:     41 ON 16                               3 = THUNDER
                        SNOW, ICE PELLETS, HAIL    4 = ICE PELLETS
                        TOTAL MONTH:   0.0 INCH    5 = HAIL
                        GRTST 24HR     0.0         6 = FREEZING RAIN OR DRIZZLE
                        GRTST DEPTH:   0           7 = DUSTSTORM OR SANDSTORM:
                                                       VSBY 1/2 MILE OR LESS
                                                   8 = SMOKE OR HAZE
[NO. OF DAYS WITH]      [WEATHER - DAYS WITH]      9 = BLOWING SNOW
                                                   X = TORNADO
MAX 32 OR BELOW:   0    0.01 INCH OR MORE:   4
MAX 90 OR ABOVE:   1    0.10 INCH OR MORE:   0
MIN 32 OR BELOW:   0    0.50 INCH OR MORE:   0
MIN  0 OR BELOW:   0    1.00 INCH OR MORE:   0

[HDD (BASE 65) ]
TOTAL THIS MO.    30    CLEAR  (SCALE 0-3)  23
DPTR FM NORMAL   -68    PTCLDY (SCALE 4-7)   7
TOTAL FM JUL 1  5600    CLOUDY (SCALE 8-10)  0
DPTR FM NORMAL  -442

[CDD (BASE 65) ]
TOTAL THIS MO.   102
DPTR FM NORMAL    37    [PRESSURE DATA]
TOTAL FM JAN 1   125    HIGHEST SLP 30.20 ON 30
DPTR FM NORMAL    40    LOWEST  SLP 29.61 ON 12

[REMARKS]
#FINAL-06-14#
