000
CXUS56 KPDT 020532
CF6YKM
PRELIMINARY LOCAL CLIMATOLOGICAL DATA (WS FORM: F-6)

                                          STATION:   YAKIMA WA
                                          MONTH:     JANUARY
                                          YEAR:      2014
                                          LATITUDE:   46 34 N
                                          LONGITUDE: 120 32 W

  TEMPERATURE IN F:       :PCPN:    SNOW:  WIND      :SUNSHINE: SKY     :PK WND
================================================================================
1   2   3   4   5  6A  6B    7    8   9   10  11  12  13   14  15   16   17  18
                                     12Z  AVG MX 2MIN
DY MAX MIN AVG DEP HDD CDD  WTR  SNW DPTH SPD SPD DIR MIN PSBL S-S WX    SPD DR
================================================================================

 1  42  17  30   2  35   0 0.00  0.0    0  3.0  9  90   M    M   3 18     11  80
 2  33  27  30   2  35   0 0.00  0.0    0  1.4  9 220   M    M  10 12     11 230
 3  52  20  36   8  29   0 0.00  0.0    0 10.4 25 270   M    M   1 1      33 270
 4  43  15  29   0  36   0 0.00  0.0    0  5.2 12 280   M    M   0        12 270
 5  45  11  28  -1  37   0 0.00  0.0    0  3.3 12 270   M    M   0        13 270
 6  38  13  26  -3  39   0 0.00  0.0    0  2.3  8 310   M    M   1         9 290
 7  36  26  31   2  34   0 0.08  0.5    T  1.0  7 270   M    M  10 18      7 270
 8  33  31  32   3  33   0 0.02  0.0    T  1.1  6 250   M    M  10 126     7 250
 9  43  26  35   5  30   0 0.00  0.0    0  4.0 13  30   M    M   4 12     18 270
10  55  30  43  13  22   0 0.00  0.0    0 12.2 39 290   M    M   3        51 280
11  59  38  49  19  16   0    T  0.0    0 18.1 44 210   M    M   3        58 210
12  59  37  48  18  17   0 0.00  0.0    0 18.4 37 290   M    M   2        49 290
13  60  32  46  16  19   0 0.00  0.0    0 16.0 36 290   M    M   1        49 290
14  56  29  43  12  22   0 0.00  0.0    0  4.4 22 330   M    M   0        27 330
15  61  27  44  13  21   0 0.00  0.0    0  6.2 13 260   M    M   0        15 290
16  50  22  36   5  29   0 0.00  0.0    0  3.5  8 280   M    M   0 1       9 270
17  43  18  31   0  34   0 0.00  0.0    0  3.5  9 260   M    M   2 18     10 260
18  33  30  32   1  33   0 0.00  0.0    0  3.2  8 300   M    M  10 18      9 300
19  34  31  33   1  32   0 0.00  0.0    0  1.0  6  10   M    M  10 1       7  10
20  34  30  32   0  33   0 0.00  0.0    0  2.5  9 250   M    M  10        13 230
21  32  30  31  -1  34   0 0.00  0.0    0  1.2  7 230   M    M  10 1       8 230
22  34  30  32   0  33   0    T    T    0  1.7  7 200   M    M  10         8 340
23  36  32  34   2  31   0    T  0.0    0  2.2  8 150   M    M  10 18      9 150
24  34  31  33   1  32   0 0.00  0.0    0  1.6  7 180   M    M  10 18      8 190
25  32  29  31  -2  34   0 0.00  0.0    0  1.5  6  90   M    M  10 1       8 250
26  31  28  30  -3  35   0 0.00  0.0    0  1.3  6 230   M    M  10 18      6 240
27  35  29  32  -1  33   0 0.00  0.0    0  2.5  7 260   M    M  10         8 270
28  36  31  34   1  31   0 0.10  0.0    0  1.3  7 210   M    M  10 16      9 210
29  37  31  34   1  31   0 0.10  0.0    0  3.1 10 270   M    M   8 16     12 280
30  50  27  39   5  26   0 0.00  0.0    0  2.8 12 190   M    M   5 12     13 190
31  46  25  36   2  29   0 0.00  0.0    0  2.3  8 280   M    M   6 1       8 180
================================================================================
SM 1312  833       935   0  0.30     0.5 142.2          M      179
================================================================================
AV 42.3 26.9                               4.6 FASTST   M    M   6    MAX(MPH)
                                 MISC ---->  # 44 210               # 58  210
================================================================================
NOTES:
# LAST OF SEVERAL OCCURRENCES

COLUMN 17 PEAK WIND IN M.P.H.

PRELIMINARY LOCAL CLIMATOLOGICAL DATA (WS FORM: F-6) , PAGE 2

                                          STATION:  YAKIMA WA
                                          MONTH:    JANUARY
                                          YEAR:     2014
                                          LATITUDE:   46 34 N
                                          LONGITUDE: 120 32 W

[TEMPERATURE DATA]      [PRECIPITATION DATA]       SYMBOLS USED IN COLUMN 16

AVERAGE MONTHLY: 34.6   TOTAL FOR MONTH:   0.30    1 = FOG OR MIST
DPTR FM NORMAL:   3.6   DPTR FM NORMAL:   -0.84    2 = FOG REDUCING VISIBILITY
HIGHEST:    61 ON 15    GRTST 24HR  0.20 ON 28-29      TO 1/4 MILE OR LESS
LOWEST:     11 ON  5                               3 = THUNDER
                        SNOW, ICE PELLETS, HAIL    4 = ICE PELLETS
                        TOTAL MONTH:   0.5 INCH    5 = HAIL
                        GRTST 24HR   0.5 ON  7- 7  6 = FREEZING RAIN OR DRIZZLE
                        GRTST DEPTH:   0           7 = DUSTSTORM OR SANDSTORM:
                                                       VSBY 1/2 MILE OR LESS
                                                   8 = SMOKE OR HAZE
[NO. OF DAYS WITH]      [WEATHER - DAYS WITH]      9 = BLOWING SNOW
                                                   X = TORNADO
MAX 32 OR BELOW:   3    0.01 INCH OR MORE:   4
MAX 90 OR ABOVE:   0    0.10 INCH OR MORE:   2
MIN 32 OR BELOW:  29    0.50 INCH OR MORE:   0
MIN  0 OR BELOW:   0    1.00 INCH OR MORE:   0

[HDD (BASE 65) ]
TOTAL THIS MO.   935    CLEAR  (SCALE 0-3)  12
DPTR FM NORMAL  -120    PTCLDY (SCALE 4-7)   5
TOTAL FM JUL 1  3506    CLOUDY (SCALE 8-10) 14
DPTR FM NORMAL  -212

[CDD (BASE 65) ]
TOTAL THIS MO.     0
DPTR FM NORMAL     0    [PRESSURE DATA]
TOTAL FM JAN 1     0    HIGHEST SLP 30.71 ON 24
DPTR FM NORMAL     0    LOWEST  SLP 29.37 ON 11

[REMARKS]
#FINAL-01-14#
