000
CXUS56 KPDT 020532
CF6YKM
PRELIMINARY LOCAL CLIMATOLOGICAL DATA (WS FORM: F-6)

                                          STATION:   YAKIMA WA
                                          MONTH:     OCTOBER
                                          YEAR:      2013
                                          LATITUDE:   46 34 N
                                          LONGITUDE: 120 32 W

  TEMPERATURE IN F:       :PCPN:    SNOW:  WIND      :SUNSHINE: SKY     :PK WND
================================================================================
1   2   3   4   5  6A  6B    7    8   9   10  11  12  13   14  15   16   17  18
                                     12Z  AVG MX 2MIN
DY MAX MIN AVG DEP HDD CDD  WTR  SNW DPTH SPD SPD DIR MIN PSBL S-S WX    SPD DR
================================================================================

 1  61  34  48  -7  17   0 0.00  0.0    0  4.4 16 290   M    M   3        21 290
 2  59  34  47  -8  18   0 0.00  0.0    0  2.6 12 260   M    M   3 1      16 270
 3  66  33  50  -4  15   0 0.00  0.0    0  3.9 10 270   M    M   1        14 260
 4  67  32  50  -4  15   0 0.00  0.0    0  5.5 12 140   M    M   0        16 140
 5  68  33  51  -3  14   0 0.00  0.0    0  4.5 10 270   M    M   0        17 350
 6  71  34  53   0  12   0 0.00  0.0    0  4.6 10 280   M    M   0        12 260
 7  69  40  55   2  10   0 0.00  0.0    0  8.8 26 290   M    M   2        33 300
 8  64  38  51  -1  14   0 0.00  0.0    0  6.3 22 340   M    M   3        29 340
 9  64  35  50  -2  15   0 0.00  0.0    0  3.5  9 170   M    M   1        16 360
10  69  35  52   1  13   0 0.00  0.0    0  5.5 22 330   M    M   3        29 310
11  63  37  50  -1  15   0 0.00  0.0    0  3.5  9 280   M    M   6        14 140
12  58  36  47  -3  18   0 0.01  0.0    0  5.8 16  50   M    M   7        20  50
13  64  31  48  -2  17   0 0.00  0.0    0  4.6 14 250   M    M   0        20 270
14  67  31  49  -1  16   0 0.00  0.0    0  5.7 12  60   M    M   0 18     16 140
15  65  28  47  -2  18   0 0.00  0.0    0  4.8 10 270   M    M   0 8      12 130
16  66  34  50   1  15   0 0.00  0.0    0  3.8  9 280   M    M   1 8      10 190
17  67  31  49   1  16   0 0.00  0.0    0  4.4 10 280   M    M   0        15 250
18  67  30  49   1  16   0 0.00  0.0    0  4.3  9 280   M    M   0        12 110
19  67  27  47  -1  18   0 0.00  0.0    0  3.1  9 290   M    M   0        12 330
20  73  31  52   5  13   0 0.00  0.0    0  4.0 10 260   M    M   0        14 130
21  73  35  54   7  11   0 0.00  0.0    0  3.5 10 260   M    M   0        12 260
22  74  34  54   8  11   0 0.00  0.0    0  4.4 10 270   M    M   0        21 210
23  73  34  54   8  11   0 0.00  0.0    0  5.5 10 290   M    M   0 8      22 320
24  70  34  52   6  13   0 0.00  0.0    0  4.9 12 260   M    M   0        13 270
25  68  33  51   6  14   0 0.00  0.0    0  3.8  9 270   M    M   0 1      10 270
26  66  32  49   4  16   0 0.00  0.0    0  3.3 10 280   M    M   0 18     17 320
27  55  32  44  -1  21   0 0.12  0.0    M  7.9 24  20   M    M   M 1      35  40
28  56  29  43  -1  22   0 0.00  0.0    M 10.7 28  20   M    M   2        36  20
29  55  22  39  -5  26   0 0.00  0.0    0  4.0 12 280   M    M   0 18     14 110
30  56  21  39  -5  26   0 0.00  0.0    0  3.0 12 150   M    M   1 18     13 150
31  68  32  50   7  15   0 0.00  0.0    0  3.5 16 280   M    M   2 8      20 300
================================================================================
SM 2029 1002       491   0  0.13     0.0 148.1          M       35
================================================================================
AV 65.5 32.3                               4.8 FASTST   M    M   1    MAX(MPH)
                                 MISC ---->  # 28  20               # 36   20
================================================================================
NOTES:
# LAST OF SEVERAL OCCURRENCES

COLUMN 17 PEAK WIND IN M.P.H.

PRELIMINARY LOCAL CLIMATOLOGICAL DATA (WS FORM: F-6) , PAGE 2

                                          STATION:  YAKIMA WA
                                          MONTH:    OCTOBER
                                          YEAR:     2013
                                          LATITUDE:   46 34 N
                                          LONGITUDE: 120 32 W

[TEMPERATURE DATA]      [PRECIPITATION DATA]       SYMBOLS USED IN COLUMN 16

AVERAGE MONTHLY: 48.9   TOTAL FOR MONTH:   0.13    1 = FOG OR MIST
DPTR FM NORMAL:  -0.1   DPTR FM NORMAL:   -0.41    2 = FOG REDUCING VISIBILITY
HIGHEST:    74 ON 22    GRTST 24HR  0.12 ON 27-27      TO 1/4 MILE OR LESS
LOWEST:     21 ON 30                               3 = THUNDER
                        SNOW, ICE PELLETS, HAIL    4 = ICE PELLETS
                        TOTAL MONTH:   0.0 INCH    5 = HAIL
                        GRTST 24HR     0.0         6 = FREEZING RAIN OR DRIZZLE
                        GRTST DEPTH:   0           7 = DUSTSTORM OR SANDSTORM:
                                                       VSBY 1/2 MILE OR LESS
                                                   8 = SMOKE OR HAZE
[NO. OF DAYS WITH]      [WEATHER - DAYS WITH]      9 = BLOWING SNOW
                                                   X = TORNADO
MAX 32 OR BELOW:   0    0.01 INCH OR MORE:   2
MAX 90 OR ABOVE:   0    0.10 INCH OR MORE:   1
MIN 32 OR BELOW:  14    0.50 INCH OR MORE:   0
MIN  0 OR BELOW:   0    1.00 INCH OR MORE:   0

[HDD (BASE 65) ]
TOTAL THIS MO.   491    CLEAR  (SCALE 0-3)  27
DPTR FM NORMAL    -5    PTCLDY (SCALE 4-7)   3
TOTAL FM JUL 1   616    CLOUDY (SCALE 8-10)  0
DPTR FM NORMAL   -88

[CDD (BASE 65) ]
TOTAL THIS MO.     0
DPTR FM NORMAL     0    [PRESSURE DATA]
TOTAL FM JAN 1   970    HIGHEST SLP 30.53 ON  4
DPTR FM NORMAL   498    LOWEST  SLP 29.78 ON 27

[REMARKS]
#FINAL-10-13#
