000
CDUS46 KPDT 090030
CLIYKM

CLIMATE REPORT
NATIONAL WEATHER SERVICE PENDLETON OR
526 PM PDT TUE APR 8 2014


...................................

...THE YAKIMA WA CLIMATE SUMMARY FOR APRIL 8 2014...
VALID TODAY AS OF 0500 PM LOCAL TIME.

CLIMATE NORMAL PERIOD 1981 TO 2010
CLIMATE RECORD PERIOD 1946 TO 2014


WEATHER ITEM   OBSERVED TIME   RECORD YEAR NORMAL DEPARTURE LAST
                VALUE   (LST)  VALUE       VALUE  FROM      YEAR
                                                  NORMAL
..................................................................
TEMPERATURE (F)
 TODAY
  MAXIMUM         79R   356 PM  79    1996  62     17       59
  MINIMUM         36    537 AM  22    2001  33      3       33
  AVERAGE         58                        48     10       46

PRECIPITATION (IN)
  TODAY            0.00          0.34 2006   0.02  -0.02     0.03
  MONTH TO DATE    0.00                      0.13  -0.13     0.40
  SINCE OCT 1      3.16                      5.79  -2.63     5.10
  SINCE JAN 1      2.33                      2.67  -0.34     1.30

SNOWFALL (IN)
  TODAY            0.0           0.0  2002   0.0    0.0      0.0
                                      2001
                                      2000
  MONTH TO DATE    0.0                       0.0    0.0      0.0
  SINCE JAN 1     19.9                       8.6   11.3      1.1
  SINCE JUL 1     19.9                      21.6   -1.7     15.3
  SNOW DEPTH       0

DEGREE DAYS
 HEATING
  TODAY            7                        17    -10       19
  MONTH TO DATE   98                       143    -45       84
  SINCE MAR 1    732                       820    -88      679
  SINCE JUL 1   5134                      5347   -213     4642

 COOLING
  TODAY            0                         0      0        0
  MONTH TO DATE    0                         0      0        0
  SINCE MAR 1      0                         0      0        0
  SINCE JAN 1      0                         0      0        0
..................................................................


WIND (MPH)
  HIGHEST WIND SPEED    25   HIGHEST WIND DIRECTION    SW (230)
  HIGHEST GUST SPEED    35   HIGHEST GUST DIRECTION    SW (240)
  AVERAGE WIND SPEED     5.4


SKY COVER
  POSSIBLE SUNSHINE  MM
  AVERAGE SKY COVER 0.0


WEATHER CONDITIONS
 THE FOLLOWING WEATHER WAS RECORDED TODAY.
  NO SIGNIFICANT WEATHER WAS OBSERVED.


RELATIVE HUMIDITY (PERCENT)
 HIGHEST    82           400 AM
 LOWEST     23           100 PM
 AVERAGE    53

..........................................................


THE YAKIMA WA CLIMATE NORMALS FOR TOMORROW
                         NORMAL    RECORD    YEAR
 MAXIMUM TEMPERATURE (F)   62        78      1985
 MINIMUM TEMPERATURE (F)   33        21      2008


SUNRISE AND SUNSET
APRIL  8 2014.........SUNRISE   628 AM PDT   SUNSET   741 PM PDT
APRIL  9 2014.........SUNRISE   626 AM PDT   SUNSET   742 PM PDT


-  INDICATES NEGATIVE NUMBERS.
R  INDICATES RECORD WAS SET OR TIED.
MM INDICATES DATA IS MISSING.
T  INDICATES TRACE AMOUNT.




$$
