000
CDUS46 KPDT 260059
CLIYKM

CLIMATE REPORT
NATIONAL WEATHER SERVICE PENDLETON OR
533 PM PDT MON APR 25 2016


...................................

...THE YAKIMA WA CLIMATE SUMMARY FOR APRIL 25 2016...
VALID TODAY AS OF 0500 PM LOCAL TIME.

CLIMATE NORMAL PERIOD 1981 TO 2010
CLIMATE RECORD PERIOD 1946 TO 2016


WEATHER ITEM   OBSERVED TIME   RECORD YEAR NORMAL DEPARTURE LAST
                VALUE   (LST)  VALUE       VALUE  FROM      YEAR
                                                  NORMAL
..................................................................
TEMPERATURE (F)
 TODAY
  MAXIMUM         67    246 PM  86    1952  66      1       64
  MINIMUM         41    130 AM  25    1955  36      5       37
  AVERAGE         54                        51      3       51

PRECIPITATION (IN)
  TODAY            0.00          0.45 2012   0.02  -0.02      T
  MONTH TO DATE    0.27                      0.45  -0.18      T
  SINCE OCT 1      9.46                      6.11   3.35     4.52
  SINCE JAN 1      4.81                      2.99   1.82     2.42

SNOWFALL (IN)
  TODAY            0.0           0.0  2002   0.0    0.0      0.0
                                      2001
                                      2000
  MONTH TO DATE    0.0                       0.0    0.0      0.0
  SINCE JAN 1     12.5                       8.6    3.9      1.6
  SINCE JUL 1     31.4                      21.6    9.8      1.6
  SNOW DEPTH       0

DEGREE DAYS
 HEATING
  TODAY           11                        14     -3       14
  MONTH TO DATE  158                       411   -253      343
  SINCE MAR 1    717                      1088   -371      797
  SINCE JUL 1   4467                      5615  -1148     4379

 COOLING
  TODAY            0                         0      0        0
  MONTH TO DATE    6                         0      6        0
  SINCE MAR 1      6                         0      6        0
  SINCE JAN 1      6                         0      6        0
..................................................................


WIND (MPH)
  HIGHEST WIND SPEED    26   HIGHEST WIND DIRECTION    NW (330)
  HIGHEST GUST SPEED    34   HIGHEST GUST DIRECTION     N (340)
  AVERAGE WIND SPEED    13.9


SKY COVER
  POSSIBLE SUNSHINE  MM
  AVERAGE SKY COVER 0.0


WEATHER CONDITIONS
THE FOLLOWING WEATHER WAS RECORDED TODAY.
  NO SIGNIFICANT WEATHER WAS OBSERVED.


RELATIVE HUMIDITY (PERCENT)
 HIGHEST    57           100 AM
 LOWEST     20           100 PM
 AVERAGE    39

..........................................................


THE YAKIMA WA CLIMATE NORMALS FOR TOMORROW
                         NORMAL    RECORD    YEAR
 MAXIMUM TEMPERATURE (F)   66        86      2013
 MINIMUM TEMPERATURE (F)   36        24      1948


SUNRISE AND SUNSET
APRIL 25 2016.........SUNRISE   556 AM PDT   SUNSET   804 PM PDT
APRIL 26 2016.........SUNRISE   555 AM PDT   SUNSET   806 PM PDT


-  INDICATES NEGATIVE NUMBERS.
R  INDICATES RECORD WAS SET OR TIED.
MM INDICATES DATA IS MISSING.
T  INDICATES TRACE AMOUNT.




$$
