000
CDUS46 KPDT 200033
CLIYKM

CLIMATE REPORT
NATIONAL WEATHER SERVICE PENDLETON OR
530 PM PDT TUE JUL 19 2016


...................................

...THE YAKIMA WA CLIMATE SUMMARY FOR JULY 19 2016...
VALID TODAY AS OF 0500 PM LOCAL TIME.

CLIMATE NORMAL PERIOD 1981 TO 2010
CLIMATE RECORD PERIOD 1946 TO 2016


WEATHER ITEM   OBSERVED TIME   RECORD YEAR NORMAL DEPARTURE LAST
                VALUE   (LST)  VALUE       VALUE  FROM      YEAR
                                                  NORMAL
..................................................................
TEMPERATURE (F)
 TODAY
  MAXIMUM         84    312 PM 104    1979  89     -5      102
  MINIMUM         51    458 AM  43    1962  54     -3       59
  AVERAGE         68                        72     -4       81

PRECIPITATION (IN)
  TODAY            0.00          0.46 2004   0.00   0.00     0.00
  MONTH TO DATE    0.19                      0.15   0.04     0.06
  SINCE OCT 1     10.51                      7.56   2.95     6.39
  SINCE JAN 1      5.86                      4.44   1.42     4.29

SNOWFALL (IN)
  TODAY            0.0           0.0  2002   0.0    0.0      0.0
                                      2001
                                      2000
  MONTH TO DATE    0.0                       0.0    0.0      0.0
  SINCE JAN 1     12.5                       8.6    3.9      1.6
  SINCE JUL 1      0.0                       0.0    0.0      0.0
  SNOW DEPTH       0

DEGREE DAYS
 HEATING
  TODAY            0                         1     -1        0
  MONTH TO DATE    0                        19    -19        0
  SINCE JUN 1     68                       117    -49        3
  SINCE JUL 1      0                        19    -19        0

 COOLING
  TODAY            3                         7     -4       16
  MONTH TO DATE  107                       106      1      285
  SINCE JUN 1    292                       171    121      592
  SINCE JAN 1    331                       191    140      684
..................................................................


WIND (MPH)
  HIGHEST WIND SPEED    20   HIGHEST WIND DIRECTION    NW (330)
  HIGHEST GUST SPEED    24   HIGHEST GUST DIRECTION    NW (320)
  AVERAGE WIND SPEED     5.6


SKY COVER
  POSSIBLE SUNSHINE  MM
  AVERAGE SKY COVER 0.2


WEATHER CONDITIONS
 THE FOLLOWING WEATHER WAS RECORDED TODAY.
  NO SIGNIFICANT WEATHER WAS OBSERVED.


RELATIVE HUMIDITY (PERCENT)
 HIGHEST    83           400 AM
 LOWEST     30          1200 PM
 AVERAGE    57

..........................................................


THE YAKIMA WA CLIMATE NORMALS FOR TOMORROW
                         NORMAL    RECORD    YEAR
 MAXIMUM TEMPERATURE (F)   89       107      1971
 MINIMUM TEMPERATURE (F)   54        44      1949


SUNRISE AND SUNSET
JULY 19 2016..........SUNRISE   529 AM PDT   SUNSET   848 PM PDT
JULY 20 2016..........SUNRISE   530 AM PDT   SUNSET   847 PM PDT


-  INDICATES NEGATIVE NUMBERS.
R  INDICATES RECORD WAS SET OR TIED.
MM INDICATES DATA IS MISSING.
T  INDICATES TRACE AMOUNT.




$$
