037
CDUS46 KPDT 180837 RRA
CLIYKM

CLIMATE REPORT
NATIONAL WEATHER SERVICE PENDLETON OR
134 AM PDT THU MAY 18 2017


...................................

...THE YAKIMA WA CLIMATE SUMMARY FOR MAY 17 2017...

CLIMATE NORMAL PERIOD 1981 TO 2010
CLIMATE RECORD PERIOD 1946 TO 2017


WEATHER ITEM   OBSERVED TIME   RECORD YEAR NORMAL DEPARTURE LAST
                VALUE   (LST)  VALUE       VALUE  FROM      YEAR
                                                  NORMAL
..................................................................
TEMPERATURE (F)
 YESTERDAY
  MAXIMUM         71    341 PM  98    2008  73     -2       83
  MINIMUM         44    512 AM  29    2003  42      2       49
  AVERAGE         58                        58      0       66

PRECIPITATION (IN)
  YESTERDAY        0.00          0.59 1974   0.02  -0.02     0.00
  MONTH TO DATE    0.46                      0.30   0.16     0.54
  SINCE OCT 1     11.21                      6.51   4.70    10.00
  SINCE JAN 1      7.29                      3.39   3.90     5.35

SNOWFALL (IN)
  YESTERDAY        0.0           0.0  2002   0.0    0.0      0.0
                                      2001
                                      2000
  MONTH TO DATE    0.0                       0.0    0.0      0.0
  SINCE JAN 1     29.1                       8.6   20.5     12.5
  SINCE JUL 1     36.5                      21.6   14.9     31.4
  SNOW DEPTH       0

DEGREE DAYS
 HEATING
  YESTERDAY        7                         8     -1        0
  MONTH TO DATE  146                       172    -26       22
  SINCE MAR 1   1172                      1327   -155      777
  SINCE JUL 1   5601                      5854   -253     4527

 COOLING
  YESTERDAY        0                         1     -1        1
  MONTH TO DATE    6                         6      0       29
  SINCE MAR 1      6                         7     -1       35
  SINCE JAN 1      6                         7     -1       35
..................................................................


WIND (MPH)
  HIGHEST WIND SPEED    28   HIGHEST WIND DIRECTION    NW (320)
  HIGHEST GUST SPEED    33   HIGHEST GUST DIRECTION    NW (310)
  AVERAGE WIND SPEED    12.0


SKY COVER
  POSSIBLE SUNSHINE  MM
  AVERAGE SKY COVER 0.2


WEATHER CONDITIONS
 THE FOLLOWING WEATHER WAS RECORDED YESTERDAY.
  NO SIGNIFICANT WEATHER WAS OBSERVED.


RELATIVE HUMIDITY (PERCENT)
 HIGHEST    70           500 AM
 LOWEST     31          1200 PM
 AVERAGE    51

..........................................................


THE YAKIMA WA CLIMATE NORMALS FOR TODAY
                         NORMAL    RECORD    YEAR
 MAXIMUM TEMPERATURE (F)   73        97      2006
 MINIMUM TEMPERATURE (F)   43        30      1972


SUNRISE AND SUNSET
MAY 18 2017...........SUNRISE   524 AM PDT   SUNSET   834 PM PDT
MAY 19 2017...........SUNRISE   523 AM PDT   SUNSET   835 PM PDT


-  INDICATES NEGATIVE NUMBERS.
R  INDICATES RECORD WAS SET OR TIED.
MM INDICATES DATA IS MISSING.
T  INDICATES TRACE AMOUNT.




$$
