115
CDUS46 KPDT 210030 RRA
CLIYKM

CLIMATE REPORT
NATIONAL WEATHER SERVICE PENDLETON OR
528 PM PDT TUE SEP 20 2016


...................................

...THE YAKIMA WA CLIMATE SUMMARY FOR SEPTEMBER 20 2016...
VALID TODAY AS OF 0500 PM LOCAL TIME.

CLIMATE NORMAL PERIOD 1981 TO 2010
CLIMATE RECORD PERIOD 1946 TO 2016


WEATHER ITEM   OBSERVED TIME   RECORD YEAR NORMAL DEPARTURE LAST
                VALUE   (LST)  VALUE       VALUE  FROM      YEAR
                                                  NORMAL
..................................................................
TEMPERATURE (F)
 TODAY
  MAXIMUM         73    316 PM  90    2012  77     -4       87
                                      1994
                                      1952
  MINIMUM         39    612 AM  30    1993  42     -3       50
  AVERAGE         56                        59     -3       69

PRECIPITATION (IN)
  TODAY            0.00          0.19 2008   0.01  -0.01      T
  MONTH TO DATE    0.16                      0.23  -0.07     0.01
  SINCE OCT 1     10.70                      8.12   2.58     6.41
  SINCE JAN 1      6.05                      5.00   1.05     4.31

SNOWFALL (IN)
  TODAY            0.0           0.0  2002   0.0    0.0      0.0
                                      2001
                                      1999
  MONTH TO DATE    0.0                       0.0    0.0      0.0
  SINCE JAN 1     12.5                       8.6    3.9      1.6
  SINCE JUL 1      0.0                       0.0    0.0      0.0
  SNOW DEPTH       0

DEGREE DAYS
 HEATING
  TODAY            9                         6      3        0
  MONTH TO DATE   56                        78    -22       82
  SINCE SEP 1     56                        78    -22       82
  SINCE JUL 1     59                       126    -67       83

 COOLING
  TODAY            0                         1     -1        4
  MONTH TO DATE   12                        29    -17       36
  SINCE SEP 1     12                        29    -17       36
  SINCE JAN 1    765                       469    296     1093
..................................................................


WIND (MPH)
  HIGHEST WIND SPEED    10   HIGHEST WIND DIRECTION     W (260)
  HIGHEST GUST SPEED    12   HIGHEST GUST DIRECTION     W (270)
  AVERAGE WIND SPEED     5.1


SKY COVER
  POSSIBLE SUNSHINE  MM
  AVERAGE SKY COVER 0.1


WEATHER CONDITIONS
 THE FOLLOWING WEATHER WAS RECORDED TODAY.
  NO SIGNIFICANT WEATHER WAS OBSERVED.


RELATIVE HUMIDITY (PERCENT)
 HIGHEST    79           500 AM
 LOWEST     24           300 PM
 AVERAGE    52

..........................................................


THE YAKIMA WA CLIMATE NORMALS FOR TOMORROW
                         NORMAL    RECORD    YEAR
 MAXIMUM TEMPERATURE (F)   76        89      2014
                                             2012
                                             1967
 MINIMUM TEMPERATURE (F)   42        31      1971


SUNRISE AND SUNSET
SEPTEMBER 20 2016.....SUNRISE   647 AM PDT   SUNSET   702 PM PDT
SEPTEMBER 21 2016.....SUNRISE   648 AM PDT   SUNSET   700 PM PDT


-  INDICATES NEGATIVE NUMBERS.
R  INDICATES RECORD WAS SET OR TIED.
MM INDICATES DATA IS MISSING.
T  INDICATES TRACE AMOUNT.

$$
