000
CDUS46 KPDT 260028 RRA
CLIYKM

CLIMATE REPORT
NATIONAL WEATHER SERVICE PENDLETON OR
527 PM PDT TUE AUG 25 2015


...................................

...THE YAKIMA WA CLIMATE SUMMARY FOR AUGUST 25 2015...
VALID TODAY AS OF 0500 PM LOCAL TIME.

CLIMATE NORMAL PERIOD 1981 TO 2010
CLIMATE RECORD PERIOD 1946 TO 2015


WEATHER ITEM   OBSERVED TIME   RECORD YEAR NORMAL DEPARTURE LAST
                VALUE   (LST)  VALUE       VALUE  FROM      YEAR
                                                  NORMAL
..................................................................
TEMPERATURE (F)
 TODAY
  MAXIMUM         91    353 PM 100    1996  85      6       84
  MINIMUM         49    542 AM  36    1993  50     -1       51
  AVERAGE         70                        67      3       68

PRECIPITATION (IN)
  TODAY            T             0.16 2008   0.01  -0.01     0.00
  MONTH TO DATE    T                         0.20  -0.20     0.90
  SINCE OCT 1      6.39                      7.83  -1.44     4.79
  SINCE JAN 1      4.29                      4.71  -0.42     3.96

SNOWFALL (IN)
  TODAY            0.0           0.0  2002   0.0    0.0      0.0
                                      2001
                                      1999
  MONTH TO DATE    0.0                       0.0    0.0      0.0
  SINCE JAN 1      1.6                       8.6   -7.0     19.9
  SINCE JUL 1      0.0                       0.0    0.0      0.0
  SNOW DEPTH       0

DEGREE DAYS
 HEATING
  TODAY            0                         1     -1        0
  MONTH TO DATE    1                        18    -17        0
  SINCE JUN 1      4                       137   -133       35
  SINCE JUL 1      1                        39    -38        5

 COOLING
  TODAY            5                         3      2        3
  MONTH TO DATE  240                       141     99      261
  SINCE JUN 1    929                       401    528      771
  SINCE JAN 1   1021                       421    600      794
..................................................................


WIND (MPH)
  HIGHEST WIND SPEED    12   HIGHEST WIND DIRECTION     W (260)
  HIGHEST GUST SPEED    16   HIGHEST GUST DIRECTION     W (290)
  AVERAGE WIND SPEED     6.2


SKY COVER
  POSSIBLE SUNSHINE  MM
  AVERAGE SKY COVER 0.0


WEATHER CONDITIONS
 THE FOLLOWING WEATHER WAS RECORDED TODAY.
  HAZE


RELATIVE HUMIDITY (PERCENT)
 HIGHEST    68           300 AM
 LOWEST     13           200 PM
 AVERAGE    41

..........................................................


THE YAKIMA WA CLIMATE NORMALS FOR TOMORROW
                         NORMAL    RECORD    YEAR
 MAXIMUM TEMPERATURE (F)   84        97      2011
 MINIMUM TEMPERATURE (F)   50        38      1955


SUNRISE AND SUNSET
AUGUST 25 2015........SUNRISE   613 AM PDT   SUNSET   755 PM PDT
AUGUST 26 2015........SUNRISE   614 AM PDT   SUNSET   753 PM PDT


-  INDICATES NEGATIVE NUMBERS.
R  INDICATES RECORD WAS SET OR TIED.
MM INDICATES DATA IS MISSING.
T  INDICATES TRACE AMOUNT.




$$
