000
CDUS46 KPDT 020045 RRA
CLIYKM

CLIMATE REPORT
NATIONAL WEATHER SERVICE PENDLETON OR
432 PM PST MON FEB 1 2016


...................................

...THE YAKIMA WA CLIMATE SUMMARY FOR FEBRUARY 1 2016...
VALID TODAY AS OF 0400 PM LOCAL TIME.

CLIMATE NORMAL PERIOD 1981 TO 2010
CLIMATE RECORD PERIOD 1946 TO 2016


WEATHER ITEM   OBSERVED TIME   RECORD YEAR NORMAL DEPARTURE LAST
                VALUE   (LST)  VALUE       VALUE  FROM      YEAR
                                                  NORMAL
..................................................................
TEMPERATURE (F)
 TODAY
  MAXIMUM         46    329 PM  59    1971  43      3       40
  MINIMUM         21    744 AM -25    1950  25     -4       32
  AVERAGE         34                        34      0       36

PRECIPITATION (IN)
  TODAY            0.00          0.87 1961   0.03  -0.03      T
  MONTH TO DATE    0.00                      0.03  -0.03      T
  SINCE OCT 1      6.96                      4.29   2.67     2.80
  SINCE JAN 1      2.31                      1.17   1.14     0.70

SNOWFALL (IN)
  TODAY            0.0           2.5  1989   0.1   -0.1      0.0
  MONTH TO DATE    0.0                       0.1   -0.1      0.0
  SINCE JAN 1     11.7                       5.4    6.3      1.6
  SINCE JUL 1     30.6                      18.4   12.2      1.6
  SNOW DEPTH       0

DEGREE DAYS
 HEATING
  TODAY           31                        31      0       29
  MONTH TO DATE   31                        31      0       29
  SINCE DEC 1   2029                      2216   -187     1853
  SINCE JUL 1   3143                      3749   -606     3037

 COOLING
  TODAY            0                         0      0        0
  MONTH TO DATE    0                         0      0        0
  SINCE DEC 1      0                         0      0        0
  SINCE JAN 1      0                         0      0        0
..................................................................


WIND (MPH)
  HIGHEST WIND SPEED     8   HIGHEST WIND DIRECTION     W (290)
  HIGHEST GUST SPEED     8   HIGHEST GUST DIRECTION     W (290)
  AVERAGE WIND SPEED     2.2


SKY COVER
  POSSIBLE SUNSHINE  MM
  AVERAGE SKY COVER 0.0


WEATHER CONDITIONS
THE FOLLOWING WEATHER WAS RECORDED TODAY.
  NO SIGNIFICANT WEATHER WAS OBSERVED.


RELATIVE HUMIDITY (PERCENT)
 HIGHEST    81          1200 AM
 LOWEST     45           300 PM
 AVERAGE    63

..........................................................


THE YAKIMA WA CLIMATE NORMALS FOR TOMORROW
                         NORMAL    RECORD    YEAR
 MAXIMUM TEMPERATURE (F)   43        58      1982
 MINIMUM TEMPERATURE (F)   25       -24      1950


SUNRISE AND SUNSET
FEBRUARY  1 2016......SUNRISE   726 AM PST   SUNSET   506 PM PST
FEBRUARY  2 2016......SUNRISE   725 AM PST   SUNSET   507 PM PST


-  INDICATES NEGATIVE NUMBERS.
R  INDICATES RECORD WAS SET OR TIED.
MM INDICATES DATA IS MISSING.
T  INDICATES TRACE AMOUNT.




$$
