000
CDUS46 KPDT 220838
CLIYKM

CLIMATE REPORT
NATIONAL WEATHER SERVICE PENDLETON OR
126 AM PDT MON AUG 22 2016


...................................

...THE YAKIMA WA CLIMATE SUMMARY FOR AUGUST 21 2016...

CLIMATE NORMAL PERIOD 1981 TO 2010
CLIMATE RECORD PERIOD 1946 TO 2016


WEATHER ITEM   OBSERVED TIME   RECORD YEAR NORMAL DEPARTURE LAST
                VALUE   (LST)  VALUE       VALUE  FROM      YEAR
                                                  NORMAL
..................................................................
TEMPERATURE (F)
 YESTERDAY
  MAXIMUM         97   1235 PM 100    1958  86     11       83
  MINIMUM         52    500 AM  40    1985  51      1       58
  AVERAGE         75                        68      7       71

PRECIPITATION (IN)
  YESTERDAY        0.00          1.64 1990   0.01  -0.01     0.00
  MONTH TO DATE    T                         0.16  -0.16      T
  SINCE OCT 1     10.54                      7.79   2.75     6.39
  SINCE JAN 1      5.89                      4.67   1.22     4.29

SNOWFALL (IN)
  YESTERDAY        0.0           0.0  2002   0.0    0.0      0.0
                                      2001
                                      1999
  MONTH TO DATE    0.0                       0.0    0.0      0.0
  SINCE JAN 1     12.5                       8.6    3.9      1.6
  SINCE JUL 1      0.0                       0.0    0.0      0.0
  SNOW DEPTH       0

DEGREE DAYS
 HEATING
  YESTERDAY        0                         1     -1        0
  MONTH TO DATE    3                        14    -11        0
  SINCE JUN 1     71                       133    -62        3
  SINCE JUL 1      3                        35    -32        0

 COOLING
  YESTERDAY       10                         4      6        6
  MONTH TO DATE  196                       126     70      225
  SINCE JUN 1    655                       386    269      914
  SINCE JAN 1    694                       406    288     1006
..................................................................


WIND (MPH)
  HIGHEST WIND SPEED    29   HIGHEST WIND DIRECTION     W (280)
  HIGHEST GUST SPEED    36   HIGHEST GUST DIRECTION    NW (300)
  AVERAGE WIND SPEED    12.1


SKY COVER
  POSSIBLE SUNSHINE  MM
  AVERAGE SKY COVER 0.0


WEATHER CONDITIONS
 THE FOLLOWING WEATHER WAS RECORDED YESTERDAY.
  NO SIGNIFICANT WEATHER WAS OBSERVED.


RELATIVE HUMIDITY (PERCENT)
 HIGHEST    64           400 AM
 LOWEST      9           100 PM
 AVERAGE    37

..........................................................


THE YAKIMA WA CLIMATE NORMALS FOR TODAY
                         NORMAL    RECORD    YEAR
 MAXIMUM TEMPERATURE (F)   86        99      1961
                                             1956
 MINIMUM TEMPERATURE (F)   51        35      1960


SUNRISE AND SUNSET
AUGUST 22 2016........SUNRISE   610 AM PDT   SUNSET   759 PM PDT
AUGUST 23 2016........SUNRISE   611 AM PDT   SUNSET   757 PM PDT


-  INDICATES NEGATIVE NUMBERS.
R  INDICATES RECORD WAS SET OR TIED.
MM INDICATES DATA IS MISSING.
T  INDICATES TRACE AMOUNT.




$$
