000
CDUS46 KPDT 270028 RRA
CLIYKM

CLIMATE REPORT
NATIONAL WEATHER SERVICE PENDLETON OR
526 PM PDT SUN JUL 26 2015


...................................

...THE YAKIMA WA CLIMATE SUMMARY FOR JULY 26 2015...
VALID TODAY AS OF 0500 PM LOCAL TIME.

CLIMATE NORMAL PERIOD 1981 TO 2010
CLIMATE RECORD PERIOD 1946 TO 2015


WEATHER ITEM   OBSERVED TIME   RECORD YEAR NORMAL DEPARTURE LAST
                VALUE   (LST)  VALUE       VALUE  FROM      YEAR
                                                  NORMAL
..................................................................
TEMPERATURE (F)
 TODAY
  MAXIMUM         80    317 PM 103    1998  90    -10       92
  MINIMUM         52    516 AM  42    1953  55     -3       52
  AVERAGE         66                        72     -6       72

PRECIPITATION (IN)
  TODAY            0.00          0.21 1955   0.00   0.00     0.00
  MONTH TO DATE    0.06                      0.19  -0.13     0.06
  SINCE OCT 1      6.39                      7.60  -1.21     3.89
  SINCE JAN 1      4.29                      4.48  -0.19     3.06

SNOWFALL (IN)
  TODAY            0.0           0.0  2002   0.0    0.0      0.0
                                      2001
                                      2000
  MONTH TO DATE    0.0                       0.0    0.0      0.0
  SINCE JAN 1      1.6                       8.6   -7.0     19.9
  SINCE JUL 1      0.0                       0.0    0.0      0.0
  SNOW DEPTH       0

DEGREE DAYS
 HEATING
  TODAY            0                         0      0        0
  MONTH TO DATE    0                        19    -19        5
  SINCE JUN 1      3                       117   -114       35
  SINCE JUL 1      0                        19    -19        5

 COOLING
  TODAY            1                         7     -6        7
  MONTH TO DATE  335                       155    180      319
  SINCE JUN 1    642                       220    422      421
  SINCE JAN 1    734                       240    494      444
..................................................................


WIND (MPH)
  HIGHEST WIND SPEED    15   HIGHEST WIND DIRECTION     N (360)
  HIGHEST GUST SPEED    17   HIGHEST GUST DIRECTION     N (350)
  AVERAGE WIND SPEED     5.1


SKY COVER
  POSSIBLE SUNSHINE  MM
  AVERAGE SKY COVER 0.3


WEATHER CONDITIONS
 THE FOLLOWING WEATHER WAS RECORDED TODAY.
  NO SIGNIFICANT WEATHER WAS OBSERVED.


RELATIVE HUMIDITY (PERCENT)
 HIGHEST    71           400 AM
 LOWEST     25           200 PM
 AVERAGE    48

..........................................................


THE YAKIMA WA CLIMATE NORMALS FOR TOMORROW
                         NORMAL    RECORD    YEAR
 MAXIMUM TEMPERATURE (F)   90       106      1998
 MINIMUM TEMPERATURE (F)   55        45      1986
                                             1955


SUNRISE AND SUNSET
JULY 26 2015..........SUNRISE   536 AM PDT   SUNSET   841 PM PDT
JULY 27 2015..........SUNRISE   537 AM PDT   SUNSET   840 PM PDT


-  INDICATES NEGATIVE NUMBERS.
R  INDICATES RECORD WAS SET OR TIED.
MM INDICATES DATA IS MISSING.
T  INDICATES TRACE AMOUNT.

$$
