000
CDUS46 KPDT 060050 RRA
CLIYKM

CLIMATE REPORT
NATIONAL WEATHER SERVICE PENDLETON OR
436 PM PST TUE DEC 5 2017


...................................

...THE YAKIMA WA CLIMATE SUMMARY FOR DECEMBER 5 2017...
VALID TODAY AS OF 0400 PM LOCAL TIME.

CLIMATE NORMAL PERIOD 1981 TO 2010
CLIMATE RECORD PERIOD 1946 TO 2017


WEATHER ITEM   OBSERVED TIME   RECORD YEAR NORMAL DEPARTURE LAST
                VALUE   (LST)  VALUE       VALUE  FROM      YEAR
                                                  NORMAL
..................................................................
TEMPERATURE (F)
 TODAY
  MAXIMUM         44    315 PM  58    1991  38      6       35
  MINIMUM         21    745 AM   1    1984  22     -1       18
  AVERAGE         33                        30      3       27

PRECIPITATION (IN)
  TODAY            0.00          0.35 1956   0.05  -0.05      T
  MONTH TO DATE    T                         0.25  -0.25      T
  SINCE OCT 1      1.93                      1.84   0.09     3.05
  SINCE JAN 1      9.88                      6.97   2.91     9.11

SNOWFALL (IN)
  TODAY            0.0           4.5  1956   0.3   -0.3      0.0
  MONTH TO DATE    0.0                       1.4   -1.4      0.0
  SINCE JAN 1     29.5                      13.6   15.9     12.5
  SINCE JUL 1      0.4                       5.0   -4.6       T
  SNOW DEPTH       0

DEGREE DAYS
 HEATING
  TODAY           32                        35     -3       38
  MONTH TO DATE  152                       170    -18      148
  SINCE DEC 1    152                       170    -18      148
  SINCE JUL 1   1421                      1703   -282     1167

 COOLING
  TODAY            0                         0      0        0
  MONTH TO DATE    0                         0      0        0
  SINCE DEC 1      0                         0      0        0
  SINCE JAN 1   1054                       472    582      774
..................................................................


WIND (MPH)
  HIGHEST WIND SPEED     7   HIGHEST WIND DIRECTION     W (280)
  HIGHEST GUST SPEED     8   HIGHEST GUST DIRECTION     E (100)
  AVERAGE WIND SPEED     3.2


SKY COVER
  POSSIBLE SUNSHINE  MM
  AVERAGE SKY COVER 0.0


WEATHER CONDITIONS
THE FOLLOWING WEATHER WAS RECORDED TODAY.
  NO SIGNIFICANT WEATHER WAS OBSERVED.


RELATIVE HUMIDITY (PERCENT)
 HIGHEST    88           400 AM
 LOWEST     53           300 PM
 AVERAGE    71

..........................................................


THE YAKIMA WA CLIMATE NORMALS FOR TOMORROW
                         NORMAL    RECORD    YEAR
 MAXIMUM TEMPERATURE (F)   38        55      1999
 MINIMUM TEMPERATURE (F)   22         0      1984


SUNRISE AND SUNSET
DECEMBER  5 2017......SUNRISE   731 AM PST   SUNSET   415 PM PST
DECEMBER  6 2017......SUNRISE   732 AM PST   SUNSET   415 PM PST


-  INDICATES NEGATIVE NUMBERS.
R  INDICATES RECORD WAS SET OR TIED.
MM INDICATES DATA IS MISSING.
T  INDICATES TRACE AMOUNT.




$$
