000
CDUS46 KPDT 210829
CLIYKM

CLIMATE REPORT
NATIONAL WEATHER SERVICE PENDLETON OR
128 AM PDT SAT MAR 21 2015


...................................

...THE YAKIMA WA CLIMATE SUMMARY FOR MARCH 20 2015...

CLIMATE NORMAL PERIOD 1981 TO 2010
CLIMATE RECORD PERIOD 1946 TO 2015


WEATHER ITEM   OBSERVED TIME   RECORD YEAR NORMAL DEPARTURE LAST
                VALUE   (LST)  VALUE       VALUE  FROM      YEAR
                                                  NORMAL
..................................................................
TEMPERATURE (F)
 YESTERDAY
  MAXIMUM         63    710 PM  79    1947  58      5       55
  MINIMUM         37    336 AM  17    1955  31      6       26
  AVERAGE         50                        44      6       41

PRECIPITATION (IN)
  YESTERDAY        0.00          0.46 1984   0.01  -0.01     0.00
  MONTH TO DATE    0.28                      0.44  -0.16     0.57
  SINCE OCT 1      4.07                      5.48  -1.41     3.13
  SINCE JAN 1      1.97                      2.36  -0.39     2.30

SNOWFALL (IN)
  YESTERDAY        0.0           0.2  1975   0.0    0.0      0.0
  MONTH TO DATE    0.0                       0.6   -0.6      1.7
  SINCE JAN 1      1.6                       8.5   -6.9     19.9
  SINCE JUL 1      1.6                      21.5  -19.9     19.9
  SNOW DEPTH       0

DEGREE DAYS
 HEATING
  YESTERDAY       15                        21     -6       24
  MONTH TO DATE  320                       462   -142      406
  SINCE MAR 1    320                       462   -142      406
  SINCE JUL 1   3902                      4989  -1087     4808

 COOLING
  YESTERDAY        0                         0      0        0
  MONTH TO DATE    0                         0      0        0
  SINCE MAR 1      0                         0      0        0
  SINCE JAN 1      0                         0      0        0
..................................................................


WIND (MPH)
  HIGHEST WIND SPEED    23   HIGHEST WIND DIRECTION    SW (220)
  HIGHEST GUST SPEED    31   HIGHEST GUST DIRECTION    SW (220)
  AVERAGE WIND SPEED     5.3


SKY COVER
  POSSIBLE SUNSHINE  MM
  AVERAGE SKY COVER 0.2


WEATHER CONDITIONS
 THE FOLLOWING WEATHER WAS RECORDED YESTERDAY.
  NO SIGNIFICANT WEATHER WAS OBSERVED.


RELATIVE HUMIDITY (PERCENT)
 HIGHEST    85           400 AM
 LOWEST     39           800 PM
 AVERAGE    62

..........................................................


THE YAKIMA WA CLIMATE NORMALS FOR TODAY
                         NORMAL    RECORD    YEAR
 MAXIMUM TEMPERATURE (F)   58        76      1960
 MINIMUM TEMPERATURE (F)   31        20      1952


SUNRISE AND SUNSET
MARCH 21 2015.........SUNRISE   703 AM PDT   SUNSET   716 PM PDT
MARCH 22 2015.........SUNRISE   701 AM PDT   SUNSET   717 PM PDT


-  INDICATES NEGATIVE NUMBERS.
R  INDICATES RECORD WAS SET OR TIED.
MM INDICATES DATA IS MISSING.
T  INDICATES TRACE AMOUNT.




$$
