924
CDUS46 KPDT 230903 RRA
CLIYKM

CLIMATE REPORT
NATIONAL WEATHER SERVICE PENDLETON OR
126 AM PDT THU MAR 23 2017


...................................

...THE YAKIMA WA CLIMATE SUMMARY FOR MARCH 22 2017...

CLIMATE NORMAL PERIOD 1981 TO 2010
CLIMATE RECORD PERIOD 1946 TO 2017


WEATHER ITEM   OBSERVED TIME   RECORD YEAR NORMAL DEPARTURE LAST
                VALUE   (LST)  VALUE       VALUE  FROM      YEAR
                                                  NORMAL
..................................................................
TEMPERATURE (F)
 YESTERDAY
  MAXIMUM         61    258 PM  75    1960  58      3       64
  MINIMUM         40   1107 PM  17    1994  31      9       38
  AVERAGE         51                        45      6       51

PRECIPITATION (IN)
  YESTERDAY        0.05          0.21 1971   0.02   0.03     0.00
  MONTH TO DATE    0.67                      0.48   0.19     1.80
  SINCE OCT 1      9.15                      5.52   3.63     9.17
  SINCE JAN 1      5.23                      2.40   2.83     4.52

SNOWFALL (IN)
  YESTERDAY       MM             1.4  1971   0.0   MM        0.0
  MONTH TO DATE    T                         0.6   -0.6      0.0
  SINCE JAN 1     29.1                       8.5   20.6     12.5
  SINCE JUL 1     36.5                      21.5   15.0     31.4
  SNOW DEPTH       0

DEGREE DAYS
 HEATING
  YESTERDAY       14                        20     -6       14
  MONTH TO DATE  440                       502    -62      425
  SINCE MAR 1    440                       502    -62      425
  SINCE JUL 1   4869                      5029   -160     4175

 COOLING
  YESTERDAY        0                         0      0        0
  MONTH TO DATE    0                         0      0        0
  SINCE MAR 1      0                         0      0        0
  SINCE JAN 1      0                         0      0        0
..................................................................


WIND (MPH)
  HIGHEST WIND SPEED    23   HIGHEST WIND DIRECTION     S (200)
  HIGHEST GUST SPEED    30   HIGHEST GUST DIRECTION     S (200)
  AVERAGE WIND SPEED     6.5


SKY COVER
  POSSIBLE SUNSHINE  MM
  AVERAGE SKY COVER 0.5


WEATHER CONDITIONS
 THE FOLLOWING WEATHER WAS RECORDED YESTERDAY.
  LIGHT RAIN
  FOG
  FOG W/VISIBILITY <= 1/4 MILE


RELATIVE HUMIDITY (PERCENT)
 HIGHEST   100           300 AM
 LOWEST     40           400 PM
 AVERAGE    70

..........................................................


THE YAKIMA WA CLIMATE NORMALS FOR TODAY
                         NORMAL    RECORD    YEAR
 MAXIMUM TEMPERATURE (F)   59        77      1960
 MINIMUM TEMPERATURE (F)   31        18      1994


SUNRISE AND SUNSET
MARCH 23 2017.........SUNRISE   658 AM PDT   SUNSET   719 PM PDT
MARCH 24 2017.........SUNRISE   657 AM PDT   SUNSET   721 PM PDT


-  INDICATES NEGATIVE NUMBERS.
R  INDICATES RECORD WAS SET OR TIED.
MM INDICATES DATA IS MISSING.
T  INDICATES TRACE AMOUNT.




$$
