000
CDUS46 KPDT 250832
CLIYKM

CLIMATE REPORT
NATIONAL WEATHER SERVICE PENDLETON OR
127 AM PDT MON AUG 25 2014


...................................

...THE YAKIMA WA CLIMATE SUMMARY FOR AUGUST 24 2014...

CLIMATE NORMAL PERIOD 1981 TO 2010
CLIMATE RECORD PERIOD 1946 TO 2014


WEATHER ITEM   OBSERVED TIME   RECORD YEAR NORMAL DEPARTURE LAST
                VALUE   (LST)  VALUE       VALUE  FROM      YEAR
                                                  NORMAL
..................................................................
TEMPERATURE (F)
 YESTERDAY
  MAXIMUM         84   1225 PM 100    1958  85     -1       85
  MINIMUM         55   1159 PM  37    1993  50      5       54
  AVERAGE         70                        68      2       70

PRECIPITATION (IN)
  YESTERDAY        0.47          0.56 1968   0.01   0.46      T
  MONTH TO DATE    0.90                      0.19   0.71     0.02
  SINCE OCT 1      4.79                      7.82  -3.03     7.99
  SINCE JAN 1      3.96                      4.70  -0.74     4.19

SNOWFALL (IN)
  YESTERDAY        0.0           0.0  2002   0.0    0.0      0.0
                                      2001
                                      1999
  MONTH TO DATE    0.0                       0.0    0.0      0.0
  SINCE JAN 1     19.9                       8.6   11.3      1.1
  SINCE JUL 1      0.0                       0.0    0.0      0.0
  SNOW DEPTH       0

DEGREE DAYS
 HEATING
  YESTERDAY        0                         1     -1        0
  MONTH TO DATE    0                        17    -17        0
  SINCE JUN 1     35                       136   -101       39
  SINCE JUL 1      5                        38    -33        0

 COOLING
  YESTERDAY        5                         4      1        5
  MONTH TO DATE  258                       138    120      235
  SINCE JUN 1    768                       398    370      746
  SINCE JAN 1    791                       418    373      798
..................................................................


WIND (MPH)
  HIGHEST WIND SPEED    25   HIGHEST WIND DIRECTION     W (290)
  HIGHEST GUST SPEED    32   HIGHEST GUST DIRECTION     W (280)
  AVERAGE WIND SPEED     6.2


SKY COVER
  POSSIBLE SUNSHINE  MM
  AVERAGE SKY COVER 0.4


WEATHER CONDITIONS
THE FOLLOWING WEATHER WAS RECORDED YESTERDAY.
  THUNDERSTORM
  HEAVY RAIN
  LIGHT RAIN
  FOG


RELATIVE HUMIDITY (PERCENT)
 HIGHEST    93           800 PM
 LOWEST     28          1200 PM
 AVERAGE    61

..........................................................


THE YAKIMA WA CLIMATE NORMALS FOR TODAY
                         NORMAL    RECORD    YEAR
 MAXIMUM TEMPERATURE (F)   85       100      1996
 MINIMUM TEMPERATURE (F)   50        36      1993


SUNRISE AND SUNSET
AUGUST 25 2014........SUNRISE   613 AM PDT   SUNSET   754 PM PDT
AUGUST 26 2014........SUNRISE   615 AM PDT   SUNSET   752 PM PDT


-  INDICATES NEGATIVE NUMBERS.
R  INDICATES RECORD WAS SET OR TIED.
MM INDICATES DATA IS MISSING.
T  INDICATES TRACE AMOUNT.

$$
