000
CDUS46 KPDT 170856
CLIYKM

CLIMATE REPORT
NATIONAL WEATHER SERVICE PENDLETON OR
156 AM PDT WED SEP 17 2014


...................................

...THE YAKIMA WA CLIMATE SUMMARY FOR SEPTEMBER 16 2014...

CLIMATE NORMAL PERIOD 1981 TO 2010
CLIMATE RECORD PERIOD 1946 TO 2014


WEATHER ITEM   OBSERVED TIME   RECORD YEAR NORMAL DEPARTURE LAST
                VALUE   (LST)  VALUE       VALUE  FROM      YEAR
                                                  NORMAL
..................................................................
TEMPERATURE (F)
 YESTERDAY
  MAXIMUM         88    308 PM  94    1981  78     10       79
  MINIMUM         51    603 AM  33    2006  43      8       56
                                      1987
                                      1973
  AVERAGE         70                        61      9       68

PRECIPITATION (IN)
  YESTERDAY        0.00          0.83 1954   0.01  -0.01     0.02
  MONTH TO DATE    T                         0.18  -0.18     0.11
  SINCE OCT 1      4.79                      8.07  -3.28     8.27
  SINCE JAN 1      3.96                      4.95  -0.99     4.47

SNOWFALL (IN)
  YESTERDAY        0.0           0.0  2002   0.0    0.0      0.0
                                      2001
                                      1999
  MONTH TO DATE    0.0                       0.0    0.0      0.0
  SINCE JAN 1     19.9                       8.6   11.3      1.1
  SINCE JUL 1      0.0                       0.0    0.0      0.0
  SNOW DEPTH       0

DEGREE DAYS
 HEATING
  YESTERDAY        0                         5     -5        0
  MONTH TO DATE   40                        55    -15        4
  SINCE SEP 1     40                        55    -15        4
  SINCE JUL 1     46                       103    -57        4

 COOLING
  YESTERDAY        5                         1      4        3
  MONTH TO DATE   12                        25    -13      135
  SINCE SEP 1     12                        25    -13      135
  SINCE JAN 1    839                       465    374      970
..................................................................


WIND (MPH)
  HIGHEST WIND SPEED    12   HIGHEST WIND DIRECTION     W (290)
  HIGHEST GUST SPEED    13   HIGHEST GUST DIRECTION    NW (300)
  AVERAGE WIND SPEED     5.4


SKY COVER
  POSSIBLE SUNSHINE  MM
  AVERAGE SKY COVER 0.0


WEATHER CONDITIONS
THE FOLLOWING WEATHER WAS RECORDED YESTERDAY.
  NO SIGNIFICANT WEATHER WAS OBSERVED.


RELATIVE HUMIDITY (PERCENT)
 HIGHEST    71           500 AM
 LOWEST     18           300 PM
 AVERAGE    45

..........................................................


THE YAKIMA WA CLIMATE NORMALS FOR TODAY
                         NORMAL    RECORD    YEAR
 MAXIMUM TEMPERATURE (F)   78        95      1981
 MINIMUM TEMPERATURE (F)   43        30      1965


SUNRISE AND SUNSET
SEPTEMBER 17 2014.....SUNRISE   643 AM PDT   SUNSET   710 PM PDT
SEPTEMBER 18 2014.....SUNRISE   644 AM PDT   SUNSET   708 PM PDT


-  INDICATES NEGATIVE NUMBERS.
R  INDICATES RECORD WAS SET OR TIED.
MM INDICATES DATA IS MISSING.
T  INDICATES TRACE AMOUNT.

$$
