000
CDUS46 KPDT 200030
CLIYKM

CLIMATE REPORT
NATIONAL WEATHER SERVICE PENDLETON OR

527 PM PDT THU MAY 19 2016


...................................

...THE YAKIMA WA CLIMATE SUMMARY FOR MAY 19 2016...
VALID TODAY AS OF 0500 PM LOCAL TIME.

CLIMATE NORMAL PERIOD 1981 TO 2010
CLIMATE RECORD PERIOD 1946 TO 2016


WEATHER ITEM   OBSERVED TIME   RECORD YEAR NORMAL DEPARTURE LAST
                VALUE   (LST)  VALUE       VALUE  FROM      YEAR
                                                  NORMAL
..................................................................
TEMPERATURE (F)
 TODAY
  MAXIMUM         70    135 PM  88    2008  74     -4       82
                                      1956
  MINIMUM         48    437 AM  29    1987  43      5       49
  AVERAGE         59                        58      1       66

PRECIPITATION (IN)
  TODAY            0.04          0.75 1948   0.01   0.03     0.00
  MONTH TO DATE    0.58                      0.33   0.25     0.75
  SINCE OCT 1     10.04                      6.54   3.50     5.27
  SINCE JAN 1      5.39                      3.42   1.97     3.17

SNOWFALL (IN)
  TODAY           MM             0.0  2002   0.0   MM        0.0
                                      2001
                                      2000
  MONTH TO DATE    0.0                       0.0    0.0      0.0
  SINCE JAN 1     12.5                       8.6    3.9      1.6
  SINCE JUL 1     31.4                      21.6    9.8      1.6
  SNOW DEPTH       0

DEGREE DAYS
 HEATING
  TODAY            6                         7     -1        0
  MONTH TO DATE   28                       187   -159       86
  SINCE MAR 1    783                      1342   -559      925
  SINCE JUL 1   4533                      5869  -1336     4507

 COOLING
  TODAY            0                         1     -1        1
  MONTH TO DATE   33                         8     25       15
  SINCE MAR 1     39                         9     30       15
  SINCE JAN 1     39                         9     30       15
..................................................................


WIND (MPH)
  HIGHEST WIND SPEED    22   HIGHEST WIND DIRECTION    NW (330)
  HIGHEST GUST SPEED    30   HIGHEST GUST DIRECTION    NW (310)
  AVERAGE WIND SPEED    10.1


SKY COVER
  POSSIBLE SUNSHINE  MM
  AVERAGE SKY COVER 0.2


WEATHER CONDITIONS
 THE FOLLOWING WEATHER WAS RECORDED TODAY.
  LIGHT RAIN


RELATIVE HUMIDITY (PERCENT)
 HIGHEST    50           200 AM
 LOWEST     24           200 PM
 AVERAGE    37

..........................................................


THE YAKIMA WA CLIMATE NORMALS FOR TOMORROW
                         NORMAL    RECORD    YEAR
 MAXIMUM TEMPERATURE (F)   74        89      1958
                                             1947
 MINIMUM TEMPERATURE (F)   43        32      1987
                                             1953


SUNRISE AND SUNSET
MAY 19 2016...........SUNRISE   523 AM PDT   SUNSET   835 PM PDT
MAY 20 2016...........SUNRISE   522 AM PDT   SUNSET   836 PM PDT


-  INDICATES NEGATIVE NUMBERS.
R  INDICATES RECORD WAS SET OR TIED.
MM INDICATES DATA IS MISSING.
T  INDICATES TRACE AMOUNT.




$$
