000
CDUS46 KPDT 280849
CLIYKM

CLIMATE REPORT
NATIONAL WEATHER SERVICE PENDLETON OR
149 AM PDT SUN MAY 28 2017


...................................

...THE YAKIMA WA CLIMATE SUMMARY FOR MAY 27 2017...

CLIMATE NORMAL PERIOD 1981 TO 2010
CLIMATE RECORD PERIOD 1946 TO 2017


WEATHER ITEM   OBSERVED TIME   RECORD YEAR NORMAL DEPARTURE LAST
                VALUE   (LST)  VALUE       VALUE  FROM      YEAR
                                                  NORMAL
..................................................................
TEMPERATURE (F)
 YESTERDAY
  MAXIMUM         89    500 PM  91    1983  75     14       71
                                      1947
  MINIMUM         51    429 AM  32    1973  45      6       51
  AVERAGE         70                        60     10       61

PRECIPITATION (IN)
  YESTERDAY        0.00          0.47 2010   0.02  -0.02     0.00
  MONTH TO DATE    0.46                      0.49  -0.03     0.64
  SINCE OCT 1     11.21                      6.70   4.51    10.10
  SINCE JAN 1      7.29                      3.58   3.71     5.45

SNOWFALL (IN)
  YESTERDAY        0.0           0.0  2002   0.0    0.0      0.0
                                      2001
                                      2000
  MONTH TO DATE    0.0                       0.0    0.0      0.0
  SINCE JAN 1     29.1                       8.6   20.5     12.5
  SINCE JUL 1     36.5                      21.6   14.9     31.4
  SNOW DEPTH       0

DEGREE DAYS
 HEATING
  YESTERDAY        0                         6     -6        4
  MONTH TO DATE  165                       239    -74       72
  SINCE MAR 1   1191                      1394   -203      827
  SINCE JUL 1   5620                      5921   -301     4577

 COOLING
  YESTERDAY        5                         1      4        0
  MONTH TO DATE   27                        16     11       33
  SINCE MAR 1     27                        17     10       39
  SINCE JAN 1     27                        17     10       39
..................................................................


WIND (MPH)
  HIGHEST WIND SPEED    12   HIGHEST WIND DIRECTION    SE (150)
  HIGHEST GUST SPEED    16   HIGHEST GUST DIRECTION     S (160)
  AVERAGE WIND SPEED     4.6


SKY COVER
  POSSIBLE SUNSHINE  MM
  AVERAGE SKY COVER 0.0


WEATHER CONDITIONS
 THE FOLLOWING WEATHER WAS RECORDED YESTERDAY.
  NO SIGNIFICANT WEATHER WAS OBSERVED.


RELATIVE HUMIDITY (PERCENT)
 HIGHEST    77           400 AM
 LOWEST     20           500 PM
 AVERAGE    49

..........................................................


THE YAKIMA WA CLIMATE NORMALS FOR TODAY
                         NORMAL    RECORD    YEAR
 MAXIMUM TEMPERATURE (F)   76        97      1983
 MINIMUM TEMPERATURE (F)   45        29      1976


SUNRISE AND SUNSET
MAY 28 2017...........SUNRISE   515 AM PDT   SUNSET   844 PM PDT
MAY 29 2017...........SUNRISE   514 AM PDT   SUNSET   845 PM PDT


-  INDICATES NEGATIVE NUMBERS.
R  INDICATES RECORD WAS SET OR TIED.
MM INDICATES DATA IS MISSING.
T  INDICATES TRACE AMOUNT.

$$
