000
CXUS51 KBTV 230700
CF61V4
PRELIMINARY LOCAL CLIMATOLOGICAL DATA (WS FORM: F-6)

                                          STATION:   ST. JOHNSBURY VT
                                          MONTH:     APRIL
                                          YEAR:      2014
                                          LATITUDE:   44 25 N
                                          LONGITUDE:  72  1 W

  TEMPERATURE IN F:       :PCPN:    SNOW:  WIND      :SUNSHINE: SKY     :PK WND
================================================================================
1   2   3   4   5  6A  6B    7    8   9   10  11  12  13   14  15   16   17  18
                                     12Z  AVG MX 2MIN
DY MAX MIN AVG DEP HDD CDD  WTR  SNW DPTH SPD SPD DIR MIN PSBL S-S WX    SPD DR
================================================================================

 1  51  25  38   0  27   0 0.00  0.0    0   M   M   M   M    M   0         M  M
 2  52  27  40   2  25   0 0.00  0.0    0   M   M   M   M    M   0         M  M
 3  42  27  35  -4  30   0 0.00  0.0    0   M   M   M   M    M   0         M  M
 4  49  20  35  -4  30   0 0.31    M    0   M   M   M   M    M   0         M  M
 5  42  33  38  -2  27   0 0.03    M    0   M   M   M   M    M   0         M  M
 6  49  29  39  -1  26   0 0.00  0.0    0   M   M   M   M    M   0         M  M
 7  57  24  41   0  24   0 0.10    M    0   M   M   M   M    M   0         M  M
 8  55  36  46   5  19   0 0.13    M    0   M   M   M   M    M   0         M  M
 9  43  26  35  -7  30   0 0.00  0.0    0   M   M   M   M    M   0         M  M
10  60  21  41  -1  24   0 0.00  0.0    0   M   M   M   M    M   0         M  M
11  62  34  48   6  17   0 0.00  0.0    0   M   M   M   M    M   0         M  M
12  62  28  45   2  20   0 0.00  0.0    0   M   M   M   M    M   0         M  M
13  54  36  45   2  20   0 0.26    M    0   M   M   M   M    M   0         M  M
14  76  33  55  11  10   0 0.00  0.0    0   M   M   M   M    M   0         M  M
15  65  27  46   2  19   0 1.63    M    0   M   M   M   M    M   0         M  M
16  32  21  27 -18  38   0 0.02    M    0   M   M   M   M    M   0         M  M
17  47  17  32 -13  33   0 0.00  0.0    0   M   M   M   M    M   0         M  M
18  50  24  37  -9  28   0 0.00  0.0    0   M   M   M   M    M   0         M  M
19  47  28  38  -8  27   0 0.00  0.0    0   M   M   M   M    M   0         M  M
20  60  23  42  -4  23   0 0.00  0.0    0   M   M   M   M    M   0         M  M
21  74  36  55   8  10   0 0.00  0.0    0   M   M   M   M    M   0         M  M
22  69  45  57  10   8   0 0.16    M    0   M   M   M   M    M   0         M  M
================================================================================
SM 1198  620       515   0  2.64     0.0     M          M        0
================================================================================
AV 54.5 28.2                                 M FASTST   M    M   0    MAX(MPH)
                                 MISC ---->     M   M                  M    M
================================================================================
NOTES:
# LAST OF SEVERAL OCCURRENCES

COLUMN 17 PEAK WIND IN M.P.H.

PRELIMINARY LOCAL CLIMATOLOGICAL DATA (WS FORM: F-6) , PAGE 2

                                          STATION:  ST. JOHNSBURY VT
                                          MONTH:    APRIL
                                          YEAR:     2014
                                          LATITUDE:   44 25 N
                                          LONGITUDE:  72  1 W

[TEMPERATURE DATA]      [PRECIPITATION DATA]       SYMBOLS USED IN COLUMN 16

AVERAGE MONTHLY: 41.3   TOTAL FOR MONTH:   2.64    1 = FOG OR MIST
DPTR FM NORMAL:  -1.3   DPTR FM NORMAL:    0.58    2 = FOG REDUCING VISIBILITY
HIGHEST:    76 ON 14    GRTST 24HR  1.65 ON 15-16      TO 1/4 MILE OR LESS
LOWEST:     17 ON 17                               3 = THUNDER
                        SNOW, ICE PELLETS, HAIL    4 = ICE PELLETS
                        TOTAL MONTH:   0.0 INCH    5 = HAIL
                        GRTST 24HR     0.0         6 = FREEZING RAIN OR DRIZZLE
                        GRTST DEPTH:   0           7 = DUSTSTORM OR SANDSTORM:
                                                       VSBY 1/2 MILE OR LESS
                                                   8 = SMOKE OR HAZE
[NO. OF DAYS WITH]      [WEATHER - DAYS WITH]      9 = BLOWING SNOW
                                                   X = TORNADO
MAX 32 OR BELOW:   1    0.01 INCH OR MORE:   8
MAX 90 OR ABOVE:   0    0.10 INCH OR MORE:   6
MIN 32 OR BELOW:  15    0.50 INCH OR MORE:   1
MIN  0 OR BELOW:   0    1.00 INCH OR MORE:   1

[HDD (BASE 65) ]
TOTAL THIS MO.   515    CLEAR  (SCALE 0-3)  22
DPTR FM NORMAL    23    PTCLDY (SCALE 4-7)   0
TOTAL FM JUL 1  7968    CLOUDY (SCALE 8-10)  0
DPTR FM NORMAL   676

[CDD (BASE 65) ]
TOTAL THIS MO.     0
DPTR FM NORMAL     0    [PRESSURE DATA]
TOTAL FM JAN 1     0    HIGHEST SLP M ON M
DPTR FM NORMAL     0    LOWEST  SLP M ON M

[REMARKS]
