000
CXUS55 KBOU 011312 RRA
CF620V

PRELIMINARY LOCAL CLIMATOLOGICAL DATA (WS FORM: F-6)

                                          STATION:   KREMMLING
                                          MONTH:     AUGUST
                                          YEAR:      2015
                                          LATITUDE:   40  3 N
                                          LONGITUDE: 106 22 W

  TEMPERATURE IN F:       :PCPN:    SNOW:  WIND      :SUNSHINE: SKY     :PK WND
================================================================================
1   2   3   4   5  6A  6B    7    8   9   10  11  12  13   14  15   16   17  18
                                     12Z  AVG MX 2MIN
DY MAX MIN AVG DEP HDD CDD  WTR  SNW DPTH SPD SPD DIR MIN PSBL S-S WX    SPD DR
================================================================================

 1  88  45  67   M   0   2    M    M    M  2.3  7 320   M    M   0         M  M
 2  86  46  66   M   0   1    M    M    M  4.3 21 190   M    M   1        29  80
 3  77  50  64   M   1   0    M    M    M  4.3 15 220   M    M   1        21 220
 4  79  41  60   M   5   0    M    M    M  6.8 20 300   M    M   1        35 280
 5  90  37  64   M   1   0    M    M    M  5.2 20 260   M    M   0        27 260
 6  81  46  64   M   1   0    M    M    M  5.8 22 270   M    M   0        33 270
 7  79  36  58   M   7   0    M    M    M  3.5 15 230   M    M   2        20 230
 8  81  50  66   M   0   1    M    M    M  7.0 20 210   M    M   1        25 240
 9  81  43  62   M   3   0    M    M    M  3.4 17 340   M    M   1        18 350
10  88  37  63   M   2   0    M    M    M  3.2 13  90   M    M   0        18  90
11  82  52  67   M   0   2    M    M    M  2.7 17 190   M    M   2 3      21 210
12  77  50  64   M   1   0    M    M    M  2.6 12 360   M    M   3        16 360
13  84  46  65   M   0   0    M    M    M  1.6 14  60   M    M   1 3      20  60
14  90  46  68   M   0   3    M    M    M  3.4 15 190   M    M   2 38     22 180
15  90  46  68   M   0   3    M    M    M  2.8 14 310   M    M   3 123    17 310
16  81  54  68   M   0   3    M    M    M  4.4 20 330   M    M   4 3      28 330
17  79  46  63   M   2   0    M    M    M  3.4 12 230   M    M   2 23     18 240
18  73  39  56   M   9   0    M    M    M  6.6 17 320   M    M   2        24 320
19  72  37  55   M  10   0    M    M    M  4.2 13 340   M    M   1        22 340
20  50  50  50   M  15   0    M    M    M  0.0  M   M   M    M   4         M  M
21  82  34  58   M   7   0    M    M    M  5.6 25 250   M    M   1        35 250
22  82  46  64   M   1   0    M    M    M  7.9 18 280   M    M   1        27 280
23  81  36  59   M   6   0    M    M    M  3.5 13 320   M    M   0        18 310
24  84  36  60   M   5   0    M    M    M  2.5 15 350   M    M   0        21 350
25  90  37  64   M   1   0    M    M    M  2.7  9 150   M    M   1 3      21 150
26  81  46  64   M   1   0    M    M    M  3.3 30 160   M    M   3        39 160
27  66  50  58   M   7   0    M    M    M  3.0 12 180   M    M   7 3       M  M
28  77  41  59   M   6   0    M    M    M  1.8 13  30   M    M   2 1      20  30
29  84  37  61   M   4   0    M    M    M  2.2 12 250   M    M   0 1      17 250
30  88  37  63   M   2   0    M    M    M  3.9 13 290   M    M   2        22 220
31  70  50  60   M   5   0    M    M    M  3.3 10 190   M    M   6 3       M  M
================================================================================
SM 2493 1347       102  15    M     M    117.2          M       54
================================================================================
AV 80.4 43.5                               3.8 FASTST   M    M   2    MAX(MPH)
                                 MISC ---->    30   M                 39    M
================================================================================
NOTES:
# LAST OF SEVERAL OCCURRENCES

COLUMN 17 PEAK WIND IN M.P.H.

PRELIMINARY LOCAL CLIMATOLOGICAL DATA (WS FORM: F-6) , PAGE 2

                                          STATION:  KREMMLING
                                          MONTH:    AUGUST
                                          YEAR:     2015
                                          LATITUDE:   40  3 N
                                          LONGITUDE: 106 22 W

[TEMPERATURE DATA]      [PRECIPITATION DATA]       SYMBOLS USED IN COLUMN 16

AVERAGE MONTHLY: 61.9   TOTAL FOR MONTH:      M    1 = FOG OR MIST
DPTR FM NORMAL:     M   DPTR FM NORMAL:       M    2 = FOG REDUCING VISIBILITY
HIGHEST:    90 ON 25,15 GRTST 24HR    M  ON   M        TO 1/4 MILE OR LESS
LOWEST:     34 ON 21                               3 = THUNDER
                        SNOW, ICE PELLETS, HAIL    4 = ICE PELLETS
                        TOTAL MONTH:    M          5 = HAIL
                        GRTST 24HR    M  ON   M    6 = FREEZING RAIN OR DRIZZLE
                        GRTST DEPTH:  M  ON   M    7 = DUSTSTORM OR SANDSTORM:
                                                       VSBY 1/2 MILE OR LESS
                                                   8 = SMOKE OR HAZE
[NO. OF DAYS WITH]      [WEATHER - DAYS WITH]      9 = BLOWING SNOW
                                                   X = TORNADO
MAX 32 OR BELOW:   0    0.01 INCH OR MORE:   0
MAX 90 OR ABOVE:   4    0.10 INCH OR MORE:   0
MIN 32 OR BELOW:   0    0.50 INCH OR MORE:   0
MIN  0 OR BELOW:   0    1.00 INCH OR MORE:   0

[HDD (BASE 65) ]
TOTAL THIS MO.   102    CLEAR  (SCALE 0-3)  27
DPTR FM NORMAL     M    PTCLDY (SCALE 4-7)   4
TOTAL FM JUL 1   189    CLOUDY (SCALE 8-10)  0
DPTR FM NORMAL     M

[CDD (BASE 65) ]
TOTAL THIS MO.    15
DPTR FM NORMAL     M    [PRESSURE DATA]
TOTAL FM JAN 1    58    HIGHEST SLP M ON M
DPTR FM NORMAL     M    LOWEST  SLP M ON M

[REMARKS]
#FINAL-08-15#
