000
CXUS55 KBOU 270949
CF620V
PRELIMINARY LOCAL CLIMATOLOGICAL DATA (WS FORM: F-6)

                                          STATION:   Kremmling
                                          MONTH:     APRIL
                                          YEAR:      2017
                                          LATITUDE:   40  3 N
                                          LONGITUDE: 106 22 W

  TEMPERATURE IN F:       :PCPN:    SNOW:  WIND      :SUNSHINE: SKY     :PK WND
================================================================================
1   2   3   4   5  6A  6B    7    8   9   10  11  12  13   14  15   16   17  18
                                     12Z  AVG MX 2MIN
DY MAX MIN AVG DEP HDD CDD  WTR  SNW DPTH SPD SPD DIR MIN PSBL S-S WX    SPD DR
================================================================================

 1  61  27  44   M  21   0    M    M    M  3.5 10 320   M    M   2        18 320
 2  59  37  48   M  17   0    M    M    M  4.5 14 320   M    M  10        23 320
 3  50  32  41   M  24   0    M    M    M  5.4 14 200   M    M   7        17 220
 4  41  32  37   M  28   0    M    M    M  6.7 15 300   M    M  10        21 300
 5  54  21  38   M  27   0    M    M    M  5.3 12 270   M    M   4        20 270
 6  66  28  47   M  18   0    M    M    M  2.1  7 120   M    M   1         M  M
 7  73  32  53   M  12   0    M    M    M  9.8 31 250   M    M   1        41 250
 8  66  41  54   M  11   0    M    M    M 17.2 39 240   M    M   3        56 240
 9  45  32  39   M  26   0    M    M    M 10.6 21 330   M    M   6        27 280
10  59  21  40   M  25   0    M    M    M  4.7 15 250   M    M   0        24 250
11  64  21  43   M  22   0    M    M    M  3.3 14 270   M    M   0        27 230
12  73  27  50   M  15   0    M    M    M  2.9 10 250   M    M   0        21 230
13  79  28  54   M  11   0    M    M    M  4.5 20 240   M    M   0        27 240
14  73  32  53   M  12   0    M    M    M  7.7 23 220   M    M   2        33 230
15  68  32  50   M  15   0    M    M    M  5.1 15 260   M    M   1        28 240
16  68  27  48   M  17   0    M    M    M  2.1  9 250   M    M   2        17 250
17  73  27  50   M  15   0    M    M    M  7.2 27 260   M    M   2        36 260
18  77  32  55   M  10   0    M    M    M  7.1 21 220   M    M   0        31 260
19  61  36  49   M  16   0    M    M    M  7.5 22 250   M    M   8        37 250
20  64  28  46   M  19   0    M    M    M  2.7 12 230   M    M   5 13     24  90
21  50  37  44   M  21   0    M    M    M  6.0 12  10   M    M   9        20  10
22  59  32  46   M  19   0    M    M    M  1.3  7 250   M    M   3         M  M
23  73  28  51   M  14   0    M    M    M  5.9 20 260   M    M   1        28 240
24  61  37  49   M  16   0    M    M    M  9.6 23 260   M    M   7        33 260
25  52  34  43   M  22   0    M    M    M  5.5 15 350   M    M   8        23 350
26  52  34  43   M  22   0    M    M    M  6.1 18 260   M    M   8        28 260
================================================================================
SM 1621  795       475   0    M     M    154.3          M      100
================================================================================
AV 62.4 30.6                               5.9 FASTST   M    M   4    MAX(MPH)
                                 MISC ---->  # 39 240               # 56  240
================================================================================
NOTES:
# LAST OF SEVERAL OCCURRENCES

COLUMN 17 PEAK WIND IN M.P.H.

PRELIMINARY LOCAL CLIMATOLOGICAL DATA (WS FORM: F-6) , PAGE 2

                                          STATION:  Kremmling
                                          MONTH:    APRIL
                                          YEAR:     2017
                                          LATITUDE:   40  3 N
                                          LONGITUDE: 106 22 W

[TEMPERATURE DATA]      [PRECIPITATION DATA]       SYMBOLS USED IN COLUMN 16

AVERAGE MONTHLY: 46.5   TOTAL FOR MONTH:      M    1 = FOG OR MIST
DPTR FM NORMAL:     M   DPTR FM NORMAL:       M    2 = FOG REDUCING VISIBILITY
HIGHEST:    79 ON 13    GRTST 24HR    M  ON   M        TO 1/4 MILE OR LESS
LOWEST:     21 ON 11,10                            3 = THUNDER
                        SNOW, ICE PELLETS, HAIL    4 = ICE PELLETS
                        TOTAL MONTH:    M          5 = HAIL
                        GRTST 24HR    M  ON   M    6 = FREEZING RAIN OR DRIZZLE
                        GRTST DEPTH:  M  ON   M    7 = DUSTSTORM OR SANDSTORM:
                                                       VSBY 1/2 MILE OR LESS
                                                   8 = SMOKE OR HAZE
[NO. OF DAYS WITH]      [WEATHER - DAYS WITH]      9 = BLOWING SNOW
                                                   X = TORNADO
MAX 32 OR BELOW:   0    0.01 INCH OR MORE:   0
MAX 90 OR ABOVE:   0    0.10 INCH OR MORE:   0
MIN 32 OR BELOW:  19    0.50 INCH OR MORE:   0
MIN  0 OR BELOW:   0    1.00 INCH OR MORE:   0

[HDD (BASE 65) ]
TOTAL THIS MO.   475    CLEAR  (SCALE 0-3)  15
DPTR FM NORMAL     M    PTCLDY (SCALE 4-7)   6
TOTAL FM JUL 1  6453    CLOUDY (SCALE 8-10)  5
DPTR FM NORMAL     M

[CDD (BASE 65) ]
TOTAL THIS MO.     0
DPTR FM NORMAL     M    [PRESSURE DATA]
TOTAL FM JAN 1     0    HIGHEST SLP M ON M
DPTR FM NORMAL     M    LOWEST  SLP M ON M

[REMARKS]
