000
CXUS55 KBOU 011259
CF620V
PRELIMINARY LOCAL CLIMATOLOGICAL DATA (WS FORM: F-6)

                                          STATION:   Kremmling
                                          MONTH:     JUNE
                                          YEAR:      2015
                                          LATITUDE:   40  3 N
                                          LONGITUDE: 106 22 W

  TEMPERATURE IN F:       :PCPN:    SNOW:  WIND      :SUNSHINE: SKY     :PK WND
================================================================================
1   2   3   4   5  6A  6B    7    8   9   10  11  12  13   14  15   16   17  18
                                     12Z  AVG MX 2MIN
DY MAX MIN AVG DEP HDD CDD  WTR  SNW DPTH SPD SPD DIR MIN PSBL S-S WX    SPD DR
================================================================================

 1  81  37  59   M   6   0    M    M    M  4.0 14 210   M    M   2 3      24 260
 2  79  37  58   M   7   0    M    M    M  5.0 16 240   M    M   0        25 230
 3  79  34  57   M   8   0    M    M    M  2.2 10  90   M    M   1 3       M  M
 4  79  37  58   M   7   0    M    M    M  1.8 10 260   M    M   0         M  M
 5  70  41  56   M   9   0    M    M    M  2.2 14 260   M    M   5 3      20 270
 6  70  37  54   M  11   0    M    M    M  5.0 21 250   M    M   4        29 250
 7  72  37  55   M  10   0    M    M    M  4.2 15 330   M    M   4 3      29 270
 8  77  36  57   M   8   0    M    M    M  1.7  8 270   M    M   0         M  M
 9  81  37  59   M   6   0    M    M    M  2.8 13 260   M    M   3        16 260
10  68  54  61   M   4   0    M    M    M  3.4  9 260   M    M   8 3      16 260
11  70  52  61   M   4   0    M    M    M  6.0 15 200   M    M   9 3      23 330
12   M   M   M   M   M   M    M    M    M   M   M   M   M    M   M 3       M  M
13  55  41  48   M  17   0    M    M    M  2.6  9 170   M    M   2         M  M
14  79  43  61   M   4   0    M    M    M  3.0  9 110   M    M   1        16 350
15  79  41  60   M   5   0    M    M    M  3.7 14  30   M    M   3 3      17 330
16  79  46  63   M   2   0    M    M    M  6.1 18 240   M    M   4 3      33 290
17  81  46  64   M   1   0    M    M    M  2.6  9 110   M    M   2 3      20 230
18  82  41  62   M   3   0    M    M    M  1.5  5  40   M    M   1         M  M
19  88  41  65   M   0   0    M    M    M  2.8 15 240   M    M   0        21 220
20  81  46  64   M   1   0    M    M    M  2.6  6 330   M    M   0         M  M
21  90  41  66   M   0   1    M    M    M  6.5 17 220   M    M   0        32 250
22  90  50  70   M   0   5    M    M    M  7.1 21 240   M    M   0        27 240
23  90  41  66   M   0   1    M    M    M  5.1 21 240   M    M   0        29 250
24  88  46  67   M   0   2    M    M    M  4.5 15 180   M    M   1 3      30 240
25  90  46  68   M   0   3    M    M    M  5.1 17 330   M    M   1 3      21 330
26  82  45  64   M   1   0    M    M    M  3.5 10 320   M    M   1        17 320
27  88  43  66   M   0   1    M    M    M  2.3 14 360   M    M   0 3      18 360
28  90  43  67   M   0   2    M    M    M  3.0  9  30   M    M   2 38     16 340
29  90  50  70   M   0   5    M    M    M  4.2 12 330   M    M   1 3      23 340
30  91  46  69   M   0   4    M    M    M  3.9 15 320   M    M   1 3      27 320
================================================================================
SM 2339 1235       114  24    M     M    108.4          M       56
================================================================================
AV 80.7 42.6                               3.7 FASTST   M    M   2    MAX(MPH)
                                 MISC ---->    21   M                 33    M
================================================================================
NOTES:
# LAST OF SEVERAL OCCURRENCES

COLUMN 17 PEAK WIND IN M.P.H.

PRELIMINARY LOCAL CLIMATOLOGICAL DATA (WS FORM: F-6) , PAGE 2

                                          STATION:  Kremmling
                                          MONTH:    JUNE
                                          YEAR:     2015
                                          LATITUDE:   40  3 N
                                          LONGITUDE: 106 22 W

[TEMPERATURE DATA]      [PRECIPITATION DATA]       SYMBOLS USED IN COLUMN 16

AVERAGE MONTHLY: 61.6   TOTAL FOR MONTH:      M    1 = FOG OR MIST
DPTR FM NORMAL:     M   DPTR FM NORMAL:       M    2 = FOG REDUCING VISIBILITY
HIGHEST:    91 ON 30    GRTST 24HR    M  ON   M        TO 1/4 MILE OR LESS
LOWEST:     34 ON  3                               3 = THUNDER
                        SNOW, ICE PELLETS, HAIL    4 = ICE PELLETS
                        TOTAL MONTH:    M          5 = HAIL
                        GRTST 24HR    M  ON   M    6 = FREEZING RAIN OR DRIZZLE
                        GRTST DEPTH:  M  ON   M    7 = DUSTSTORM OR SANDSTORM:
                                                       VSBY 1/2 MILE OR LESS
                                                   8 = SMOKE OR HAZE
[NO. OF DAYS WITH]      [WEATHER - DAYS WITH]      9 = BLOWING SNOW
                                                   X = TORNADO
MAX 32 OR BELOW:   0    0.01 INCH OR MORE:   0
MAX 90 OR ABOVE:   7    0.10 INCH OR MORE:   0
MIN 32 OR BELOW:   0    0.50 INCH OR MORE:   0
MIN  0 OR BELOW:   0    1.00 INCH OR MORE:   0

[HDD (BASE 65) ]
TOTAL THIS MO.   114    CLEAR  (SCALE 0-3)  22
DPTR FM NORMAL     M    PTCLDY (SCALE 4-7)   5
TOTAL FM JUL 1  8070    CLOUDY (SCALE 8-10)  2
DPTR FM NORMAL     M

[CDD (BASE 65) ]
TOTAL THIS MO.    24
DPTR FM NORMAL     M    [PRESSURE DATA]
TOTAL FM JAN 1    24    HIGHEST SLP M ON M
DPTR FM NORMAL     M    LOWEST  SLP M ON M

[REMARKS]
