000
CXUS54 KMAF 311100
CF66R6
PRELIMINARY LOCAL CLIMATOLOGICAL DATA (WS FORM: F-6)

                                          STATION:   Terrell County Airport
                                          MONTH:     AUGUST
                                          YEAR:      2014
                                          LATITUDE:   30  2 N
                                          LONGITUDE: 102 13 W

  TEMPERATURE IN F:       :PCPN:    SNOW:  WIND      :SUNSHINE: SKY     :PK WND
================================================================================
1   2   3   4   5  6A  6B    7    8   9   10  11  12  13   14  15   16   17  18
                                     12Z  AVG MX 2MIN
DY MAX MIN AVG DEP HDD CDD  WTR  SNW DPTH SPD SPD DIR MIN PSBL S-S WX    SPD DR
================================================================================

 1  92  74  83   0   0  18 0.01  0.0    0  9.8 20  30   M    M   0        23 330
 2  90  76  83   0   0  18 0.00  0.0    0  8.2 20  50   M    M   0        24  70
 3  97  73  85   2   0  20 0.00  0.0    0  6.7 16  70   M    M   0        20  70
 4  99  75  87   4   0  22 0.00  0.0    0  7.9 16 120   M    M   0        21 110
 5 102  75  89   6   0  24 0.00  0.0    0  8.2 18 110   M    M   0        24 140
 6 104  75  90   7   0  25 0.00  0.0    0  7.6 18 100   M    M   0        24 130
 7 104  78  91   8   0  26 0.00  0.0    0  9.2 22  90   M    M   0        27 100
 8 105  77  91   8   0  26 0.00  0.0    0 10.9 24 120   M    M   0        30 120
 9  99  78  89   6   0  24 0.00  0.0    0 12.4 22 110   M    M   0        29 140
10  96  77  87   4   0  22 0.00  0.0    0 12.0 24 120   M    M   0        30 120
11 103  79  91   8   0  26 0.00  0.0    0  7.7 24  50   M    M   0        35  40
12 101  73  87   4   0  22 0.55  0.0    0  7.1 28 110   M    M   0        41 130
13  99  72  86   3   0  21 0.00  0.0    0  7.2 20 100   M    M   0        27 100
14 102  73  88   5   0  23 0.00  0.0    0  7.4 18 140   M    M   0        25 150
15 104  74  89   6   0  24 0.00  0.0    0  7.1 17 120   M    M   0        24 120
16 101  76  89   6   0  24 0.01  0.0    0  7.8 18 340   M    M   0        24 340
17  94  77  86   3   0  21 0.11  0.0    0  8.1 17 110   M    M   0        21 110
18  99  76  88   6   0  23 0.00  0.0    0  5.4 23 100   M    M   0        29 100
19  97  75  86   4   0  21 0.00  0.0    0  7.9 18 250   M    M   0        26 100
20 101  78  90   8   0  25 0.00  0.0    0  8.0 32 150   M    M   0        40 150
21 101  77  89   7   0  24 0.02  0.0    0  7.0 33 190   M    M   0        42 190
22 102  76  89   7   0  24 0.00  0.0    0 10.3 22 130   M    M   0        30 120
23 102  74  88   6   0  23 0.00  0.0    0  9.2 17 120   M    M   0        22 120
24 104  77  91   9   0  26 0.00  0.0    0  9.2 21 110   M    M   0        26 110
25 103  76  90   8   0  25 0.00  0.0    0  9.2 20 100   M    M   0        26 120
26 102  76  89   7   0  24 0.00  0.0    0  7.9 18 120   M    M   0        24 130
27 103  76  90   8   0  25 0.00  0.0    0  7.1 16 120   M    M   0        22 140
28 103  77  90   9   0  25 0.00  0.0    0  6.9 22 240   M    M   0        27 230
29 102  78  90   9   0  25 0.00  0.0    0  8.6 22 100   M    M   0        27 110
30 102  77  90   9   0  25 0.00  0.0    0  7.8 16  70   M    M   0        22 130
================================================================================
SM 3013 2275         0 701  0.70     0.0 249.8          M        0
================================================================================
AV100.4 75.8                               8.3 FASTST   M    M   0    MAX(MPH)
                                 MISC ---->  # 33 190               # 42  190
================================================================================
NOTES:
# LAST OF SEVERAL OCCURRENCES

COLUMN 17 PEAK WIND IN M.P.H.

PRELIMINARY LOCAL CLIMATOLOGICAL DATA (WS FORM: F-6) , PAGE 2

                                          STATION:  Terrell County Airport
                                          MONTH:    AUGUST
                                          YEAR:     2014
                                          LATITUDE:   30  2 N
                                          LONGITUDE: 102 13 W

[TEMPERATURE DATA]      [PRECIPITATION DATA]       SYMBOLS USED IN COLUMN 16

AVERAGE MONTHLY: 88.1   TOTAL FOR MONTH:   0.70    1 = FOG OR MIST
DPTR FM NORMAL:   5.7   DPTR FM NORMAL:   -1.06    2 = FOG REDUCING VISIBILITY
HIGHEST:   105 ON  8    GRTST 24HR  0.55 ON 12-12      TO 1/4 MILE OR LESS
LOWEST:     72 ON 13                               3 = THUNDER
                        SNOW, ICE PELLETS, HAIL    4 = ICE PELLETS
                        TOTAL MONTH:   0.0 INCH    5 = HAIL
                        GRTST 24HR     0.0         6 = FREEZING RAIN OR DRIZZLE
                        GRTST DEPTH:   0           7 = DUSTSTORM OR SANDSTORM:
                                                       VSBY 1/2 MILE OR LESS
                                                   8 = SMOKE OR HAZE
[NO. OF DAYS WITH]      [WEATHER - DAYS WITH]      9 = BLOWING SNOW
                                                   X = TORNADO
MAX 32 OR BELOW:   0    0.01 INCH OR MORE:   5
MAX 90 OR ABOVE:  30    0.10 INCH OR MORE:   2
MIN 32 OR BELOW:   0    0.50 INCH OR MORE:   1
MIN  0 OR BELOW:   0    1.00 INCH OR MORE:   0

[HDD (BASE 65) ]
TOTAL THIS MO.     0    CLEAR  (SCALE 0-3)  30
DPTR FM NORMAL     0    PTCLDY (SCALE 4-7)   0
TOTAL FM JUL 1     0    CLOUDY (SCALE 8-10)  0
DPTR FM NORMAL     0

[CDD (BASE 65) ]
TOTAL THIS MO.   701
DPTR FM NORMAL   176    [PRESSURE DATA]
TOTAL FM JAN 1  2905    HIGHEST SLP M ON M
DPTR FM NORMAL   731    LOWEST  SLP 29.70 ON 19

[REMARKS]
