000
CXUS51 KPHI 230800
CF6ABE
PRELIMINARY LOCAL CLIMATOLOGICAL DATA (WS FORM: F-6)

                                          STATION:   ALLENTOWN PA
                                          MONTH:     JULY
                                          YEAR:      2016
                                          LATITUDE:   40 39 N
                                          LONGITUDE:  75 26 W

  TEMPERATURE IN F:       :PCPN:    SNOW:  WIND      :SUNSHINE: SKY     :PK WND
================================================================================
1   2   3   4   5  6A  6B    7    8   9   10  11  12  13   14  15   16   17  18
                                     12Z  AVG MX 2MIN
DY MAX MIN AVG DEP HDD CDD  WTR  SNW DPTH SPD SPD DIR MIN PSBL S-S WX    SPD DR
================================================================================

 1  87  61  74   1   0   9 0.01  0.0    0  5.5 20 280   M    M   3 3      26 280
 2  78  58  68  -5   0   3 0.00  0.0    0  7.8 17 320   M    M   2        23 320
 3  82  56  69  -4   0   4 0.00  0.0    0  4.0 13 220   M    M   0        16 230
 4  83  56  70  -3   0   5 0.38  0.0    0  4.4 14 210   M    M   5 1      20 170
 5  88  69  79   6   0  14 0.34  0.0    0  5.3 14 280   M    M   6 1      18 310
 6  93  67  80   7   0  15 0.00  0.0    0  3.4 13 250   M    M   1        17 250
 7  89  69  79   6   0  14    T  0.0    0  5.1 17 240   M    M   1 18     23 260
 8  93  71  82   9   0  17 0.02  0.0    0  4.4 17  90   M    M   5 13     22 100
 9  76  69  73  -1   0   8 0.67  0.0    0  5.2 21 310   M    M  10 138    30 330
10  82  61  72  -2   0   7 0.00  0.0    0  7.0 16 330   M    M   4 12     24 310
11  84  58  71  -3   0   6 0.00  0.0    0  3.8 10 300   M    M   1        15 350
12  88  62  75   1   0  10 0.00  0.0    0  6.2 14 200   M    M   3        21 180
13  84  70  77   3   0  12 0.02  0.0    0  4.8 16 150   M    M   8        23 150
14  94  73  84  10   0  19 0.00  0.0    0  6.9 22 260   M    M   6 3      28 260
15  92  69  81   7   0  16 0.00  0.0    0  5.8 16 260   M    M   1        22 230
16  92  66  79   5   0  14 0.00  0.0    0  3.9 12 110   M    M   1        16 150
17  91  68  80   6   0  15 0.00  0.0    0  3.8 13 300   M    M   1        18 280
18  93  66  80   6   0  15 0.65  0.0    0  4.3 26 270   M    M   3 13     37 280
19  85  64  75   1   0  10 0.00  0.0    0  6.0 15 340   M    M   2 1      20 310
20  84  60  72  -2   0   7 0.00  0.0    0  3.5 10 100   M    M   2 1      14 230
21  90  58  74   0   0   9 0.00  0.0    0  5.5 14 250   M    M   0        23 170
22  96  65  81   7   0  16 0.00  0.0    0  8.1 21 250   M    M   0        28 210
================================================================================
SM 1924 1416         0 245  2.09     0.0 114.7          M       65
================================================================================
AV 87.5 64.4                               5.2 FASTST   M    M   3    MAX(MPH)
                                 MISC ---->  # 26 270               # 37  280
================================================================================
NOTES:
# LAST OF SEVERAL OCCURRENCES

COLUMN 17 PEAK WIND IN M.P.H.

PRELIMINARY LOCAL CLIMATOLOGICAL DATA (WS FORM: F-6) , PAGE 2

                                          STATION:  ALLENTOWN PA
                                          MONTH:    JULY
                                          YEAR:     2016
                                          LATITUDE:   40 39 N
                                          LONGITUDE:  75 26 W

[TEMPERATURE DATA]      [PRECIPITATION DATA]       SYMBOLS USED IN COLUMN 16

AVERAGE MONTHLY: 75.9   TOTAL FOR MONTH:   2.09    1 = FOG OR MIST
DPTR FM NORMAL:   2.3   DPTR FM NORMAL:   -1.43    2 = FOG REDUCING VISIBILITY
HIGHEST:    96 ON 22    GRTST 24HR  0.72 ON  4- 5      TO 1/4 MILE OR LESS
LOWEST:     56 ON  4, 3                            3 = THUNDER
                        SNOW, ICE PELLETS, HAIL    4 = ICE PELLETS
                        TOTAL MONTH:   0.0 INCH    5 = HAIL
                        GRTST 24HR     0.0         6 = FREEZING RAIN OR DRIZZLE
                        GRTST DEPTH:   0           7 = DUSTSTORM OR SANDSTORM:
                                                       VSBY 1/2 MILE OR LESS
                                                   8 = SMOKE OR HAZE
[NO. OF DAYS WITH]      [WEATHER - DAYS WITH]      9 = BLOWING SNOW
                                                   X = TORNADO
MAX 32 OR BELOW:   0    0.01 INCH OR MORE:   7
MAX 90 OR ABOVE:   9    0.10 INCH OR MORE:   4
MIN 32 OR BELOW:   0    0.50 INCH OR MORE:   2
MIN  0 OR BELOW:   0    1.00 INCH OR MORE:   0

[HDD (BASE 65) ]
TOTAL THIS MO.     0    CLEAR  (SCALE 0-3)  15
DPTR FM NORMAL     0    PTCLDY (SCALE 4-7)   6
TOTAL FM JUL 1     0    CLOUDY (SCALE 8-10)  1
DPTR FM NORMAL     0

[CDD (BASE 65) ]
TOTAL THIS MO.   245
DPTR FM NORMAL    55    [PRESSURE DATA]
TOTAL FM JAN 1   530    HIGHEST SLP M ON M
DPTR FM NORMAL   140    LOWEST  SLP 29.73 ON  7

[REMARKS]
