000
CXUS54 KSJT 250900
CF6ABI
PRELIMINARY LOCAL CLIMATOLOGICAL DATA (WS FORM: F-6)

                                          STATION:   ABILENE
                                          MONTH:     MAY
                                          YEAR:      2015
                                          LATITUDE:   32 25 N
                                          LONGITUDE:  99 41 W

  TEMPERATURE IN F:       :PCPN:    SNOW:  WIND      :SUNSHINE: SKY     :PK WND
================================================================================
1   2   3   4   5  6A  6B    7    8   9   10  11  12  13   14  15   16   17  18
                                     12Z  AVG MX 2MIN
DY MAX MIN AVG DEP HDD CDD  WTR  SNW DPTH SPD SPD DIR MIN PSBL S-S WX    SPD DR
================================================================================

 1  84  52  68  -1   0   3 0.00  0.0    0  6.6 12 130   M    M   0        15 130
 2  83  55  69   0   0   4 0.00  0.0    0 11.5 21 170   M    M   0        26 150
 3  84  57  71   1   0   6 0.00  0.0    0 13.1 21 160   M    M   0        35 150
 4  83  63  73   3   0   8    T  0.0    0 14.1 24 160   M    M   3        32 150
 5  74  65  70   0   0   5    T  0.0    0 18.3 32 150   M    M   7        40 160
 6  88  67  78   8   0  13 0.00  0.0    0 16.1 29 150   M    M   4 8      37 170
 7  87  63  75   4   0  10 0.39  0.0    0 16.1 32 340   M    M   4 13     40 350
 8  88  67  78   7   0  13 0.00  0.0    0 14.7 24 170   M    M   3 13     32 170
 9  93  65  79   8   0  14 0.01  0.0    0 14.1 26 150   M    M   4 13     33 140
10  86  61  74   2   0   9 0.68  0.0    0  8.7 33 270   M    M   3 13     41 270
11  71  56  64  -8   1   0 0.00  0.0    0  9.5 17  30   M    M   2        24  30
12  65  54  60 -12   5   0 0.36  0.0    0  7.8 22  80   M    M  10 1      26  90
13  74  61  68  -4   0   3 0.24  0.0    0 13.6 28 140   M    M   8 13     37 130
14  82  65  74   1   0   9 0.00  0.0    0 12.8 21 160   M    M   2        27 160
15  83  63  73   0   0   8 0.15  0.0    0 14.5 24 140   M    M   2 1      31 140
16  86  63  75   2   0  10 0.79    T    0 16.1 32 330   M    M   6 135    41 320
17  86  60  73   0   0   8 0.00  0.0    0  5.6 16 190   M    M   1        20 200
18  89  65  77   3   0  12 0.01  0.0    0 10.1 20  90   M    M   2 13     25 110
19  82  66  74   0   0   9 0.46  0.0    0 14.1 41 130   M    M   6 13     48 130
20  74  57  66  -8   0   1 0.03  0.0    0 12.5 18  10   M    M   8 12     25  20
21  64  53  59 -15   6   0 0.03  0.0    0 10.0 17 360   M    M  10 1      23  20
22  74  57  66  -9   0   1 0.00  0.0    0 11.1 20 140   M    M   9 1      24 140
23  85  65  75   0   0  10 0.04  0.0    0 15.7 29 170   M    M   8 1      36 160
24  82  64  73  -2   0   8 0.07  0.0    0 12.1 20 180   M    M   3 1      25 150
================================================================================
SM 1947 1464        12 164  3.26    T    298.8          M      105
================================================================================
AV 81.1 61.0                              12.5 FASTST   M    M   4    MAX(MPH)
                                 MISC ---->  # 41 130               # 48  130
================================================================================
NOTES:
# LAST OF SEVERAL OCCURRENCES

COLUMN 17 PEAK WIND IN M.P.H.

PRELIMINARY LOCAL CLIMATOLOGICAL DATA (WS FORM: F-6) , PAGE 2

                                          STATION:  ABILENE
                                          MONTH:    MAY
                                          YEAR:     2015
                                          LATITUDE:   32 25 N
                                          LONGITUDE:  99 41 W

[TEMPERATURE DATA]      [PRECIPITATION DATA]       SYMBOLS USED IN COLUMN 16

AVERAGE MONTHLY: 71.1   TOTAL FOR MONTH:   3.26    1 = FOG OR MIST
DPTR FM NORMAL:  -1.1   DPTR FM NORMAL:    0.96    2 = FOG REDUCING VISIBILITY
HIGHEST:    93 ON  9    GRTST 24HR  0.79 ON 16-16      TO 1/4 MILE OR LESS
LOWEST:     52 ON  1                               3 = THUNDER
                        SNOW, ICE PELLETS, HAIL    4 = ICE PELLETS
                        TOTAL MONTH:    T          5 = HAIL
                        GRTST 24HR    T  ON 16-16  6 = FREEZING RAIN OR DRIZZLE
                        GRTST DEPTH:   0           7 = DUSTSTORM OR SANDSTORM:
                                                       VSBY 1/2 MILE OR LESS
                                                   8 = SMOKE OR HAZE
[NO. OF DAYS WITH]      [WEATHER - DAYS WITH]      9 = BLOWING SNOW
                                                   X = TORNADO
MAX 32 OR BELOW:   0    0.01 INCH OR MORE:  13
MAX 90 OR ABOVE:   1    0.10 INCH OR MORE:   7
MIN 32 OR BELOW:   0    0.50 INCH OR MORE:   2
MIN  0 OR BELOW:   0    1.00 INCH OR MORE:   0

[HDD (BASE 65) ]
TOTAL THIS MO.    12    CLEAR  (SCALE 0-3)  11
DPTR FM NORMAL    -1    PTCLDY (SCALE 4-7)  10
TOTAL FM JUL 1  2478    CLOUDY (SCALE 8-10)  3
DPTR FM NORMAL   -77

[CDD (BASE 65) ]
TOTAL THIS MO.   164
DPTR FM NORMAL   -23    [PRESSURE DATA]
TOTAL FM JAN 1   335    HIGHEST SLP M ON M
DPTR FM NORMAL    15    LOWEST  SLP 29.58 ON 16

[REMARKS]
