000
CXUS55 KABQ 011914
CF6ABQ
PRELIMINARY LOCAL CLIMATOLOGICAL DATA (WS FORM: F-6)

                                          STATION:   ALBUQUERQUE  NM
                                          MONTH:     MAY
                                          YEAR:      2015
                                          LATITUDE:   35  2 N
                                          LONGITUDE: 106 37 W

  TEMPERATURE IN F:       :PCPN:    SNOW:  WIND      :SUNSHINE: SKY     :PK WND
================================================================================
1   2   3   4   5  6A  6B    7    8   9   10  11  12  13   14  15   16   17  18
                                     12Z  AVG MX 2MIN
DY MAX MIN AVG DEP HDD CDD  WTR  SNW DPTH SPD SPD DIR MIN PSBL S-S WX    SPD DR
================================================================================

 1  83  51  67   6   0   2 0.00  0.0    0  5.8 26 290   M    M   7        34 290
 2  81  53  67   6   0   2    T  0.0    0  7.7 41 280   M    M   6 3      51 270
 3  78  50  64   2   1   0 0.00  0.0    0  7.5 25 230   M    M   6        31 240
 4  77  45  61  -1   4   0 0.75    T    0 10.4 40 150   M    M   7 1358   47 170
 5  63  50  57  -5   8   0 0.07  0.0    0  8.9 26 190   M    M   7 3      31 190
 6  71  51  61  -1   4   0 0.16  0.0    0  8.0 31 220   M    M   7 3      44 250
 7  75  47  61  -2   4   0 0.00  0.0    0  7.6 20 180   M    M   3        24 200
 8  76  48  62  -1   3   0 0.00  0.0    0 13.8 39 170   M    M   1        49 160
 9  61  45  53 -11  12   0    T  0.0    0 14.0 39 280   M    M   6        48 280
10  68  39  54 -10  11   0 0.00  0.0    0  5.5 15 300   M    M   2        25 250
11  75  48  62  -2   3   0 0.00  0.0    0  8.0 25 110   M    M   3        30 110
12  70  51  61  -3   4   0 0.12  0.0    0 20.5 37  80   M    M   7 13     42  80
13  73  47  60  -5   5   0 0.10  0.0    0  9.0 20 190   M    M   7        24 230
14  75  55  65   0   0   0 0.00  0.0    0 13.8 35 170   M    M   8        44 170
15  67  48  58  -7   7   0 0.14  0.0    0 14.3 35 180   M    M   8 3      45 190
16  60  40  50 -16  15   0 0.08  0.0    0  9.5 30 240   M    M   7 13     38 230
17  69  40  55 -11  10   0 0.00  0.0    0  3.9 14  70   M    M   5        16 180
18  78  51  65  -1   0   0 0.07  0.0    0 17.2 44 110   M    M   5 3      59 130
19  74  52  63  -4   2   0 0.01  0.0    0  7.4 16  10   M    M   3 3      20 170
20  78  48  63  -4   2   0 0.00  0.0    0 12.1 31 100   M    M   5        40 100
21  64  50  57 -10   8   0 0.13  0.0    0 22.5 36 100   M    M   7 13     43  80
22  75  48  62  -6   3   0 0.00  0.0    0 11.8 33 160   M    M   5        50 160
23  73  51  62  -6   3   0 0.00  0.0    0  7.0 24 280   M    M   5        31 280
24  69  46  58 -10   7   0 0.10  0.0    0  9.4 39 210   M    M   6 3      52 220
25  70  48  59  -9   6   0 0.13  0.0    0  5.2 35 290   M    M   6 38     42 290
26  76  47  62  -7   3   0 0.00  0.0    0  4.8 22 170   M    M   4 3      28 180
27  79  57  68  -1   0   3 0.00  0.0    0  7.0 14 230   M    M   7        19 190
28  86  54  70   1   0   5 0.00  0.0    0  7.3 23 270   M    M   2        29 290
29  81  60  71   1   0   6    T  0.0    0  9.7 36 300   M    M   5        45 290
30  82  59  71   1   0   6 0.00  0.0    0 11.5 33  90   M    M   3        39  90
31  88  59  74   4   0   9 0.00  0.0    0  6.1 17  60   M    M   4        21  70
================================================================================
SM 2295 1538       125  33  1.86    T    307.2          M      164
================================================================================
AV 74.0 49.6                               9.9 FASTST   M    M   5    MAX(MPH)
                                 MISC ---->  # 44 110               # 59  130
================================================================================
NOTES:
# LAST OF SEVERAL OCCURRENCES

COLUMN 17 PEAK WIND IN M.P.H.

PRELIMINARY LOCAL CLIMATOLOGICAL DATA (WS FORM: F-6) , PAGE 2

                                          STATION:  ALBUQUERQUE  NM
                                          MONTH:    MAY
                                          YEAR:     2015
                                          LATITUDE:   35  2 N
                                          LONGITUDE: 106 37 W

[TEMPERATURE DATA]      [PRECIPITATION DATA]       SYMBOLS USED IN COLUMN 16

AVERAGE MONTHLY: 61.8   TOTAL FOR MONTH:   1.86    1 = FOG OR MIST
DPTR FM NORMAL:  -3.8   DPTR FM NORMAL:    1.36    2 = FOG REDUCING VISIBILITY
HIGHEST:    88 ON 31    GRTST 24HR  0.75 ON  4- 4      TO 1/4 MILE OR LESS
LOWEST:     39 ON 10                               3 = THUNDER
                        SNOW, ICE PELLETS, HAIL    4 = ICE PELLETS
                        TOTAL MONTH:    T          5 = HAIL
                        GRTST 24HR    T  ON  4- 4  6 = FREEZING RAIN OR DRIZZLE
                        GRTST DEPTH:   0           7 = DUSTSTORM OR SANDSTORM:
                                                       VSBY 1/2 MILE OR LESS
                                                   8 = SMOKE OR HAZE
[NO. OF DAYS WITH]      [WEATHER - DAYS WITH]      9 = BLOWING SNOW
                                                   X = TORNADO
MAX 32 OR BELOW:   0    0.01 INCH OR MORE:  12
MAX 90 OR ABOVE:   0    0.10 INCH OR MORE:   8
MIN 32 OR BELOW:   0    0.50 INCH OR MORE:   1
MIN  0 OR BELOW:   0    1.00 INCH OR MORE:   0

[HDD (BASE 65) ]
TOTAL THIS MO.   125    CLEAR  (SCALE 0-3)   5
DPTR FM NORMAL    54    PTCLDY (SCALE 4-7)  26
TOTAL FM JUL 1  3651    CLOUDY (SCALE 8-10)  0
DPTR FM NORMAL  -524

[CDD (BASE 65) ]
TOTAL THIS MO.    33
DPTR FM NORMAL   -58    [PRESSURE DATA]
TOTAL FM JAN 1    33    HIGHEST SLP 30.10 ON 30
DPTR FM NORMAL   -65    LOWEST  SLP 29.59 ON  8

[REMARKS]
#FINAL-05-15#
