000
CXUS55 KABQ 221000
CF6ABQ
PRELIMINARY LOCAL CLIMATOLOGICAL DATA (WS FORM: F-6)

                                          STATION:   ALBUQUERQUE  NM
                                          MONTH:     JULY
                                          YEAR:      2014
                                          LATITUDE:   35  2 N
                                          LONGITUDE: 106 37 W

  TEMPERATURE IN F:       :PCPN:    SNOW:  WIND      :SUNSHINE: SKY     :PK WND
================================================================================
1   2   3   4   5  6A  6B    7    8   9   10  11  12  13   14  15   16   17  18
                                     12Z  AVG MX 2MIN
DY MAX MIN AVG DEP HDD CDD  WTR  SNW DPTH SPD SPD DIR MIN PSBL S-S WX    SPD DR
================================================================================

 1  92  71  82   4   0  17 0.01  0.0    0 18.1 38  80   M    M   4 3      46  80
 2  88  67  78   0   0  13 0.00  0.0    0 12.3 33 100   M    M   7 3      41  90
 3  91  61  76  -2   0  11 0.51  0.0    0  9.6 43  70   M    M   5 135    56 100
 4  87  63  75  -3   0  10 0.08  0.0    0  7.4 32 190   M    M   7 3      42 220
 5  90  68  79   1   0  14    T  0.0    0  7.6 31  10   M    M   6 3      37  20
 6  94  68  81   2   0  16 0.03  0.0    0  4.0 25 190   M    M   6 3      30 180
 7  92  65  79   0   0  14 0.00  0.0    0  5.0 14 230   M    M   3        18 240
 8  93  69  81   2   0  16 0.00  0.0    0 15.3 32 310   M    M   5 3      45 320
 9  89  66  78  -1   0  13 0.22  0.0    0  8.4 33 290   M    M   7 3      39 300
10  91  66  79   0   0  14    T  0.0    0  5.1 29 270   M    M   5 3      34 220
11  93  69  81   2   0  16 0.02  0.0    0  5.5 25 210   M    M   5 3      30 210
12  91  66  79   0   0  14    T  0.0    0  5.8 17  80   M    M   3 3      20  80
13  87  70  79   0   0  14 0.11  0.0    0 10.4 39 120   M    M   7 3      57 130
14  91  63  77  -2   0  12 0.01  0.0    0  9.7 37  80   M    M   6 3      46  90
15  81  62  72  -6   0   7 0.21  0.0    0  7.2 31  80   M    M   9        37  80
16  86  61  74  -4   0   9 0.96  0.0    0  8.0 24 330   M    M   7 13     30 340
17  90  63  77  -1   0  12 0.00  0.0    0 11.5 31  90   M    M   4        42  80
18  94  66  80   2   0  15 0.00  0.0    0  7.7 25  90   M    M   2        31  80
19  93  71  82   4   0  17 0.00  0.0    0  9.8 36  90   M    M   4        46  90
20  95  65  80   2   0  15 0.00  0.0    0  6.4 22 280   M    M   6 3      29 150
21  95  70  83   5   0  18 0.00  0.0    0  4.8 14  90   M    M   5        16 110
================================================================================
SM 1903 1390         0 287  2.16     0.0 179.6          M      113
================================================================================
AV 90.6 66.2                               8.6 FASTST   M    M   5    MAX(MPH)
                                 MISC ---->  # 43  70               # 57  130
================================================================================
NOTES:
# LAST OF SEVERAL OCCURRENCES

COLUMN 17 PEAK WIND IN M.P.H.

PRELIMINARY LOCAL CLIMATOLOGICAL DATA (WS FORM: F-6) , PAGE 2

                                          STATION:  ALBUQUERQUE  NM
                                          MONTH:    JULY
                                          YEAR:     2014
                                          LATITUDE:   35  2 N
                                          LONGITUDE: 106 37 W

[TEMPERATURE DATA]      [PRECIPITATION DATA]       SYMBOLS USED IN COLUMN 16

AVERAGE MONTHLY: 78.4   TOTAL FOR MONTH:   2.16    1 = FOG OR MIST
DPTR FM NORMAL:  -0.0   DPTR FM NORMAL:    1.22    2 = FOG REDUCING VISIBILITY
HIGHEST:    95 ON 21,20 GRTST 24HR  0.96 ON 16-16      TO 1/4 MILE OR LESS
LOWEST:     61 ON 16, 3                            3 = THUNDER
                        SNOW, ICE PELLETS, HAIL    4 = ICE PELLETS
                        TOTAL MONTH:   0.0 INCH    5 = HAIL
                        GRTST 24HR     0.0         6 = FREEZING RAIN OR DRIZZLE
                        GRTST DEPTH:   0           7 = DUSTSTORM OR SANDSTORM:
                                                       VSBY 1/2 MILE OR LESS
                                                   8 = SMOKE OR HAZE
[NO. OF DAYS WITH]      [WEATHER - DAYS WITH]      9 = BLOWING SNOW
                                                   X = TORNADO
MAX 32 OR BELOW:   0    0.01 INCH OR MORE:  10
MAX 90 OR ABOVE:  15    0.10 INCH OR MORE:   5
MIN 32 OR BELOW:   0    0.50 INCH OR MORE:   2
MIN  0 OR BELOW:   0    1.00 INCH OR MORE:   0

[HDD (BASE 65) ]
TOTAL THIS MO.     0    CLEAR  (SCALE 0-3)   2
DPTR FM NORMAL     0    PTCLDY (SCALE 4-7)  18
TOTAL FM JUL 1     0    CLOUDY (SCALE 8-10)  1
DPTR FM NORMAL     0

[CDD (BASE 65) ]
TOTAL THIS MO.   287
DPTR FM NORMAL     3    [PRESSURE DATA]
TOTAL FM JAN 1   785    HIGHEST SLP M ON M
DPTR FM NORMAL   101    LOWEST  SLP 29.64 ON  1

[REMARKS]
