000
CXUS54 KFWD 270730
CF6ACT
PRELIMINARY LOCAL CLIMATOLOGICAL DATA (WS FORM: F-6)

                                          STATION:   WACO
                                          MONTH:     NOVEMBER
                                          YEAR:      2014
                                          LATITUDE:   31 37 N
                                          LONGITUDE:  97 13 W

  TEMPERATURE IN F:       :PCPN:    SNOW:  WIND      :SUNSHINE: SKY     :PK WND
================================================================================
1   2   3   4   5  6A  6B    7    8   9   10  11  12  13   14  15   16   17  18
                                     12Z  AVG MX 2MIN
DY MAX MIN AVG DEP HDD CDD  WTR  SNW DPTH SPD SPD DIR MIN PSBL S-S WX    SPD DR
================================================================================

 1  64  36  50 -13  15   0 0.00  0.0    0  6.9 15 120   M    M   0        22 120
 2  72  43  58  -5   7   0 0.00  0.0    0 12.7 22 160   M    M   1        28 160
 3  76  55  66   4   0   1 0.00  0.0    0 12.8 24 160   M    M   7        29 180
 4  72  57  65   3   0   0 1.05  0.0    0 10.4 23  20   M    M  10 1      29  20
 5  57  54  56  -6   9   0 0.78  0.0    0  9.8 16  10   M    M  10 1      21  10
 6  69  48  59  -2   6   0 0.00  0.0    0  8.1 14 350   M    M   1 1      17 360
 7  66  41  54  -7  11   0 0.00  0.0    0  5.2 12 170   M    M   0        18 170
 8  70  43  57  -3   8   0 0.00  0.0    0  9.6 25  20   M    M   0        33  10
 9  72  37  55  -5  10   0 0.00  0.0    0  8.4 16 190   M    M   0        20 170
10  78  51  65   5   0   0 0.00  0.0    0 16.6 31 180   M    M   0        37 180
11  65  39  52  -7  13   0 0.00  0.0    0 16.1 29 340   M    M   2        37 340
12  45  33  39 -20  26   0 0.00  0.0    0 16.7 23  10   M    M   2        29 360
13  39  27  33 -25  32   0 0.00  0.0    0 13.5 23 360   M    M   7        32  10
14  42  26  34 -24  31   0 0.00  0.0    0  4.4  8  60   M    M   8        11  10
15  46  38  42 -16  23   0 0.00  0.0    0  9.3 18 160   M    M  10 18     22 160
16  45  30  38 -19  27   0    T  0.0    0 13.2 26 320   M    M  10 1      33 320
17  48  24  36 -21  29   0 0.00  0.0    0  8.7 23 330   M    M   1        29 330
18  56  22  39 -17  26   0 0.00  0.0    0  8.5 17 180   M    M   0        20 180
19  69  36  53  -3  12   0 0.00  0.0    0 10.9 21 210   M    M   0        26 210
20  73  39  56   0   9   0    T  0.0    0 10.5 22 190   M    M   3        27 180
21  70  59  65  10   0   0 0.02  0.0    0 11.6 22 140   M    M  10 128    28 130
22  68  57  63   8   2   0 0.83  0.0    0 11.3 21 140   M    M   8 13     27 150
23  79  50  65  11   0   0 0.00  0.0    0 12.0 24 330   M    M   2 1      35 330
24  63  34  49  -5  16   0 0.00  0.0    0  5.3 15 330   M    M   0 8      21 340
25  66  30  48  -6  17   0 0.00  0.0    0  6.7 20  10   M    M   0        25 260
26  69  38  54   1  11   0 0.00  0.0    0  9.3 17 290   M    M   0 8      23 280
================================================================================
SM 1639 1047       340   1  2.68     0.0 268.5          M       92
================================================================================
AV 63.0 40.3                              10.3 FASTST   M    M   4    MAX(MPH)
                                 MISC ---->  # 31 180               # 37  180
================================================================================
NOTES:
# LAST OF SEVERAL OCCURRENCES

COLUMN 17 PEAK WIND IN M.P.H.

PRELIMINARY LOCAL CLIMATOLOGICAL DATA (WS FORM: F-6) , PAGE 2

                                          STATION:  WACO
                                          MONTH:    NOVEMBER
                                          YEAR:     2014
                                          LATITUDE:   31 37 N
                                          LONGITUDE:  97 13 W

[TEMPERATURE DATA]      [PRECIPITATION DATA]       SYMBOLS USED IN COLUMN 16

AVERAGE MONTHLY: 51.7   TOTAL FOR MONTH:   2.68    1 = FOG OR MIST
DPTR FM NORMAL:  -6.5   DPTR FM NORMAL:    0.21    2 = FOG REDUCING VISIBILITY
HIGHEST:    79 ON 23    GRTST 24HR  1.62 ON  4- 5      TO 1/4 MILE OR LESS
LOWEST:     22 ON 18                               3 = THUNDER
                        SNOW, ICE PELLETS, HAIL    4 = ICE PELLETS
                        TOTAL MONTH:   0.0 INCH    5 = HAIL
                        GRTST 24HR     0.0         6 = FREEZING RAIN OR DRIZZLE
                        GRTST DEPTH:   0           7 = DUSTSTORM OR SANDSTORM:
                                                       VSBY 1/2 MILE OR LESS
                                                   8 = SMOKE OR HAZE
[NO. OF DAYS WITH]      [WEATHER - DAYS WITH]      9 = BLOWING SNOW
                                                   X = TORNADO
MAX 32 OR BELOW:   0    0.01 INCH OR MORE:   4
MAX 90 OR ABOVE:   0    0.10 INCH OR MORE:   3
MIN 32 OR BELOW:   6    0.50 INCH OR MORE:   3
MIN  0 OR BELOW:   0    1.00 INCH OR MORE:   1

[HDD (BASE 65) ]
TOTAL THIS MO.   340    CLEAR  (SCALE 0-3)  17
DPTR FM NORMAL   131    PTCLDY (SCALE 4-7)   2
TOTAL FM JUL 1   352    CLOUDY (SCALE 8-10)  7
DPTR FM NORMAL    76

[CDD (BASE 65) ]
TOTAL THIS MO.     1
DPTR FM NORMAL   -34    [PRESSURE DATA]
TOTAL FM JAN 1  2744    HIGHEST SLP M ON M
DPTR FM NORMAL   -47    LOWEST  SLP 29.35 ON 23

[REMARKS]
