000
CXUS56 KEKA 301230
CF6ACV
PRELIMINARY LOCAL CLIMATOLOGICAL DATA (WS FORM: F-6)

                                          STATION:   ARCATA CA
                                          MONTH:     MAY
                                          YEAR:      2016
                                          LATITUDE:   40 58 N
                                          LONGITUDE: 124  6 W

  TEMPERATURE IN F:       :PCPN:    SNOW:  WIND      :SUNSHINE: SKY     :PK WND
================================================================================
1   2   3   4   5  6A  6B    7    8   9   10  11  12  13   14  15   16   17  18
                                     12Z  AVG MX 2MIN
DY MAX MIN AVG DEP HDD CDD  WTR  SNW DPTH SPD SPD DIR MIN PSBL S-S WX    SPD DR
================================================================================

 1  76  45  61  11   4   0 0.00  0.0    0  3.8 17 340   M    M   0 18     22 340
 2  62  48  55   5  10   0 0.00  0.0    0  4.0 14 230   M    M   6 18     16 220
 3  59  53  56   6   9   0    T  0.0    0  5.2 16  30   M    M   9 1      20  30
 4  60  53  57   7   8   0 0.03  0.0    0  3.3 10 330   M    M   8 1      14 300
 5  57  52  55   4  10   0 0.12  0.0    0  4.9 13 340   M    M  10 238    15 330
 6  58  52  55   4  10   0 0.00  0.0    0  4.6 12 180   M    M   9 18     14 180
 7  59  53  56   5   9   0    T  0.0    0  5.1 23 110   M    M  10 18     26 110
 8  59  46  53   2  12   0 0.00  0.0    0  7.4 21 320   M    M  10 1      30 280
 9  59  46  53   2  12   0 0.00  0.0    0  6.0 14 310   M    M   5        17 320
10  65  41  53   2  12   0 0.00  0.0    0  4.4 10 190   M    M   0 1      17 110
11  59  47  53   2  12   0 0.00  0.0    0  3.2  9 260   M    M   6 28     12 200
12  56  50  53   2  12   0 0.00  0.0    0  3.1  9 300   M    M  10 2      12 280
13  61  51  56   4   9   0 0.01  0.0    0  2.7  9 230   M    M  10 1      11 250
14  63  52  58   6   7   0 0.06  0.0    0  3.3 13 300   M    M  10 1      15 310
15  62  54  58   6   7   0 0.07  0.0    0  8.7 18 310   M    M   8 1      21 320
16  63  49  56   4   9   0 0.00  0.0    0  9.3 23 320   M    M   4 1      28 330
17  67  45  56   4   9   0 0.00  0.0    0  5.0 20 340   M    M   0 18     25 340
18  60  48  54   2  11   0    T    M    0  7.9 23 320   M    M   6 1      28 320
19  60  49  55   3  10   0 0.00  0.0    0 12.8 24 340   M    M   6        34 340
20  58  48  53   1  12   0 0.09    M    0  7.1 15 310   M    M   6 1      19 310
21  58  50  54   2  11   0 0.24  0.0    0  7.6 16 230   M    M   8 1      21 220
22  59  51  55   3  10   0 0.02  0.0    0  4.3 13 240   M    M   8 1      18 100
23  61  50  56   4   9   0 0.00  0.0    0  5.2 14 310   M    M   5 1      18 320
24  62  52  57   5   8   0 0.00  0.0    0  7.1 17 320   M    M   6 1      22 320
25  64  53  59   6   6   0 0.00  0.0    0  8.1 18 320   M    M  10 1      24 320
26  61  51  56   3   9   0 0.00  0.0    0  9.2 22 320   M    M   7 1      27 320
27  63  45  54   1  11   0 0.00  0.0    0  8.9 22 350   M    M   2        31 350
28  62  41  52  -1  13   0 0.00  0.0    0  8.4 23 320   M    M   0        28 330
29  61  46  54   1  11   0 0.00  0.0    0  8.1 24 330   M    M   3        29 330
================================================================================
SM 1774 1421       282   0  0.64     0.0 178.7          M      182
================================================================================
AV 61.2 49.0                               6.2 FASTST   M    M   6    MAX(MPH)
                                 MISC ---->  # 24 340               # 34  340
================================================================================
NOTES:
# LAST OF SEVERAL OCCURRENCES

COLUMN 17 PEAK WIND IN M.P.H.

PRELIMINARY LOCAL CLIMATOLOGICAL DATA (WS FORM: F-6) , PAGE 2

                                          STATION:  ARCATA CA
                                          MONTH:    MAY
                                          YEAR:     2016
                                          LATITUDE:   40 58 N
                                          LONGITUDE: 124  6 W

[TEMPERATURE DATA]      [PRECIPITATION DATA]       SYMBOLS USED IN COLUMN 16

AVERAGE MONTHLY: 55.1   TOTAL FOR MONTH:   0.64    1 = FOG OR MIST
DPTR FM NORMAL:   3.5   DPTR FM NORMAL:   -1.95    2 = FOG REDUCING VISIBILITY
HIGHEST:    76 ON  1    GRTST 24HR  0.32 ON 20-21      TO 1/4 MILE OR LESS
LOWEST:     41 ON 28,10                            3 = THUNDER
                        SNOW, ICE PELLETS, HAIL    4 = ICE PELLETS
                        TOTAL MONTH:   0.0 INCH    5 = HAIL
                        GRTST 24HR     0.0         6 = FREEZING RAIN OR DRIZZLE
                        GRTST DEPTH:   0           7 = DUSTSTORM OR SANDSTORM:
                                                       VSBY 1/2 MILE OR LESS
                                                   8 = SMOKE OR HAZE
[NO. OF DAYS WITH]      [WEATHER - DAYS WITH]      9 = BLOWING SNOW
                                                   X = TORNADO
MAX 32 OR BELOW:   0    0.01 INCH OR MORE:   8
MAX 90 OR ABOVE:   0    0.10 INCH OR MORE:   2
MIN 32 OR BELOW:   0    0.50 INCH OR MORE:   0
MIN  0 OR BELOW:   0    1.00 INCH OR MORE:   0

[HDD (BASE 65) ]
TOTAL THIS MO.   282    CLEAR  (SCALE 0-3)   6
DPTR FM NORMAL  -104    PTCLDY (SCALE 4-7)  11
TOTAL FM JUL 1  3531    CLOUDY (SCALE 8-10) 12
DPTR FM NORMAL -1179

[CDD (BASE 65) ]
TOTAL THIS MO.     0
DPTR FM NORMAL     0    [PRESSURE DATA]
TOTAL FM JAN 1     0    HIGHEST SLP M ON M
DPTR FM NORMAL     0    LOWEST  SLP 29.82 ON  1

[REMARKS]
