000
CXUS56 KEKA 261230
CF6ACV
PRELIMINARY LOCAL CLIMATOLOGICAL DATA (WS FORM: F-6)

                                          STATION:   ARCATA CA
                                          MONTH:     JANUARY
                                          YEAR:      2015
                                          LATITUDE:   40 58 N
                                          LONGITUDE: 124  6 W

  TEMPERATURE IN F:       :PCPN:    SNOW:  WIND      :SUNSHINE: SKY     :PK WND
================================================================================
1   2   3   4   5  6A  6B    7    8   9   10  11  12  13   14  15   16   17  18
                                     12Z  AVG MX 2MIN
DY MAX MIN AVG DEP HDD CDD  WTR  SNW DPTH SPD SPD DIR MIN PSBL S-S WX    SPD DR
================================================================================

 1  54  29  42  -4  23   0 0.00  0.0    0  4.1  9 180   M    M   0 1      11 220
 2  53  35  44  -3  21   0 0.00  0.0    0  5.5 14 330   M    M   3 1      16 310
 3  53  35  44  -3  21   0 0.00  0.0    0  2.8  9 260   M    M   3 1      11 280
 4  56  42  49   2  16   0 0.01    M    0  3.5 12 100   M    M   7 18     18  50
 5  57  41  49   2  16   0 0.00  0.0    0  3.1 10 320   M    M   1 1      12 320
 6  65  40  53   6  12   0 0.00  0.0    0  3.6 12 310   M    M   0 1      13 300
 7  71  40  56   9   9   0 0.00  0.0    0  3.2 10 320   M    M   0 8      12 310
 8  63  42  53   6  12   0 0.00  0.0    0  3.9 13 220   M    M   0 18     16 220
 9  57  41  49   2  16   0 0.00  0.0    0  3.1  9 270   M    M   2 18     11 280
10  54  48  51   4  14   0 0.00  0.0    0  3.7 13 330   M    M   9 1      15 320
11  55  45  50   3  15   0    T    M    0  2.5  8 110   M    M   9 18     10 110
12  55  43  49   2  16   0 0.00  0.0    0  2.0  8 330   M    M   9 2      10 320
13  63  38  51   4  14   0 0.00  0.0    0  2.3  8  90   M    M   3 28     11 300
14  62  38  50   3  15   0 0.00  0.0    0  4.6 10 120   M    M   1        14 320
15  63  47  55   8  10   0 0.25    M    0  8.4 24 180   M    M   9 18     32 160
16  60  52  56   9   9   0 0.49  0.0    0  3.8 17 130   M    M   8 1      27 150
17  63  56  60  13   5   0 0.80  0.0    0  7.3 17 150   M    M  10 1      24 150
18  59  45  52   5  13   0 0.52  0.0    0  4.7 16 210   M    M   4 18     21 280
19  57  36  47   0  18   0 0.00  0.0    0  4.2 17 330   M    M   0 18     21 320
20  55  34  45  -2  20   0 0.00  0.0    0  3.6 13 310   M    M   0 18     16 310
21  55  34  45  -2  20   0 0.00  0.0    0  3.0 12 330   M    M   0 1      14 330
22  60  42  51   4  14   0 0.00  0.0    0  3.1 12 280   M    M   1 18     14 280
23  62  39  51   4  14   0 0.00  0.0    0  3.0 12 310   M    M   0 18     17 260
24  61  41  51   4  14   0 0.00  0.0    0  2.4 10 170   M    M   3 28     12 170
25  68  45  57  10   8   0 0.00  0.0    0  4.0 13 330   M    M   0 18     17 320
================================================================================
SM 1481 1028       365   0  2.07     0.0  95.4          M       82
================================================================================
AV 59.2 41.1                               3.8 FASTST   M    M   3    MAX(MPH)
                                 MISC ---->  # 24 180               # 32  160
================================================================================
NOTES:
# LAST OF SEVERAL OCCURRENCES

COLUMN 17 PEAK WIND IN M.P.H.

PRELIMINARY LOCAL CLIMATOLOGICAL DATA (WS FORM: F-6) , PAGE 2

                                          STATION:  ARCATA CA
                                          MONTH:    JANUARY
                                          YEAR:     2015
                                          LATITUDE:   40 58 N
                                          LONGITUDE: 124  6 W

[TEMPERATURE DATA]      [PRECIPITATION DATA]       SYMBOLS USED IN COLUMN 16

AVERAGE MONTHLY: 50.2   TOTAL FOR MONTH:   2.07    1 = FOG OR MIST
DPTR FM NORMAL:   3.2   DPTR FM NORMAL:   -4.96    2 = FOG REDUCING VISIBILITY
HIGHEST:    71 ON  7    GRTST 24HR  1.31 ON 17-18      TO 1/4 MILE OR LESS
LOWEST:     29 ON  1                               3 = THUNDER
                        SNOW, ICE PELLETS, HAIL    4 = ICE PELLETS
                        TOTAL MONTH:   0.0 INCH    5 = HAIL
                        GRTST 24HR     0.0         6 = FREEZING RAIN OR DRIZZLE
                        GRTST DEPTH:   0           7 = DUSTSTORM OR SANDSTORM:
                                                       VSBY 1/2 MILE OR LESS
                                                   8 = SMOKE OR HAZE
[NO. OF DAYS WITH]      [WEATHER - DAYS WITH]      9 = BLOWING SNOW
                                                   X = TORNADO
MAX 32 OR BELOW:   0    0.01 INCH OR MORE:   5
MAX 90 OR ABOVE:   0    0.10 INCH OR MORE:   4
MIN 32 OR BELOW:   1    0.50 INCH OR MORE:   2
MIN  0 OR BELOW:   0    1.00 INCH OR MORE:   0

[HDD (BASE 65) ]
TOTAL THIS MO.   365    CLEAR  (SCALE 0-3)  16
DPTR FM NORMAL   -85    PTCLDY (SCALE 4-7)   3
TOTAL FM JUL 1  1837    CLOUDY (SCALE 8-10)  6
DPTR FM NORMAL  -861

[CDD (BASE 65) ]
TOTAL THIS MO.     0
DPTR FM NORMAL     0    [PRESSURE DATA]
TOTAL FM JAN 1     0    HIGHEST SLP M ON M
DPTR FM NORMAL     0    LOWEST  SLP 30.00 ON M

[REMARKS]
