000
CXUS51 KPHI 240800
CF6ACY
PRELIMINARY LOCAL CLIMATOLOGICAL DATA (WS FORM: F-6)

                                          STATION:   ATLANTIC CITY NJ
                                          MONTH:     JANUARY
                                          YEAR:      2017
                                          LATITUDE:   39 27 N
                                          LONGITUDE:  74 34 W

  TEMPERATURE IN F:       :PCPN:    SNOW:  WIND      :SUNSHINE: SKY     :PK WND
================================================================================
1   2   3   4   5  6A  6B    7    8   9   10  11  12  13   14  15   16   17  18
                                     12Z  AVG MX 2MIN
DY MAX MIN AVG DEP HDD CDD  WTR  SNW DPTH SPD SPD DIR MIN PSBL S-S WX    SPD DR
================================================================================

 1  55  28  42   8  23   0 0.00  0.0    0  7.0 21 310   M    M   2        28 230
 2  47  31  39   5  26   0 0.97  0.0    0 10.5 20  40   M    M   8 1      27  60
 3  51  45  48  14  17   0 0.31  0.0    0 10.6 21  50   M    M  10 12     29  50
 4  57  36  47  14  18   0 0.00  0.0    0 12.0 22 280   M    M   5 1      30 280
 5  36  26  31  -2  34   0 0.00  0.0    0  8.3 20 290   M    M   4        25 280
 6  35  27  31  -2  34   0 0.05  1.0    1  8.1 15 300   M    M   8 1      19 330
 7  28  17  23 -10  42   0 0.35  6.0    T 13.8 23 340   M    M   8 1289   28 330
 8  24  11  18 -15  47   0 0.00  0.0    4 13.8 29 310   M    M   0        36 290
 9  24   0  12 -21  53   0 0.00  0.0    2  3.8 12 310   M    M   1        12 300
10  45   4  25  -8  40   0 0.00  0.0    2  4.6 21 190   M    M   3        32 200
11  58  44  51  18  14   0 0.28  0.0    0  9.8 24 210   M    M   4 1      35 190
12  67  49  58  25   7   0 0.00  0.0    0 13.8 25 220   M    M   2        35 220
13  62  36  49  16  16   0 0.00  0.0    0 12.4 23 340   M    M   2        28 320
14  38  28  33   0  32   0 0.14    T    0  5.4 13 110   M    M   5 14     29  70
15  44  28  36   3  29   0 0.00  0.0    0  6.3 17 350   M    M   3 18     22 340
16  46  22  34   1  31   0 0.00  0.0    0  2.9  8 160   M    M   3        10 160
17  47  37  42   9  23   0 0.14  0.0    0  4.1 12 120   M    M  10 18     15 140
18  47  33  40   7  25   0 0.01  0.0    0  7.5 16 350   M    M   9 12     21 360
19  52  31  42   9  23   0 0.00  0.0    0  4.4 16 340   M    M   6 1      20 330
20  44  27  36   3  29   0 0.07  0.0    0  2.3  8 120   M    M   5 1      10 120
21  48  42  45  12  20   0 0.00  0.0    0  3.5  9 260   M    M  10 12     11 250
22  50  44  47  14  18   0 0.37  0.0    0  9.9 25  50   M    M  10 12     34  50
23  47  40  44  11  21   0 1.05  0.0    0 28.0 43  50   M    M  10 1      61  50
================================================================================
SM 1052  686       622   0  3.74     7.0 202.8          M      128
================================================================================
AV 45.7 29.8                               8.8 FASTST   M    M   6    MAX(MPH)
                                 MISC ---->  # 43  50               # 61   50
================================================================================
NOTES:
# LAST OF SEVERAL OCCURRENCES

COLUMN 17 PEAK WIND IN M.P.H.

PRELIMINARY LOCAL CLIMATOLOGICAL DATA (WS FORM: F-6) , PAGE 2

                                          STATION:  ATLANTIC CITY NJ
                                          MONTH:    JANUARY
                                          YEAR:     2017
                                          LATITUDE:   39 27 N
                                          LONGITUDE:  74 34 W

[TEMPERATURE DATA]      [PRECIPITATION DATA]       SYMBOLS USED IN COLUMN 16

AVERAGE MONTHLY: 37.8   TOTAL FOR MONTH:   3.74    1 = FOG OR MIST
DPTR FM NORMAL:   4.7   DPTR FM NORMAL:    1.32    2 = FOG REDUCING VISIBILITY
HIGHEST:    67 ON 12    GRTST 24HR  1.06 ON 22-23      TO 1/4 MILE OR LESS
LOWEST:      0 ON  9                               3 = THUNDER
                        SNOW, ICE PELLETS, HAIL    4 = ICE PELLETS
                        TOTAL MONTH:   7.0 INCHES  5 = HAIL
                        GRTST 24HR   6.0 ON  7- 7  6 = FREEZING RAIN OR DRIZZLE
                        GRTST DEPTH:   4 ON  8     7 = DUSTSTORM OR SANDSTORM:
                                                       VSBY 1/2 MILE OR LESS
                                                   8 = SMOKE OR HAZE
[NO. OF DAYS WITH]      [WEATHER - DAYS WITH]      9 = BLOWING SNOW
                                                   X = TORNADO
MAX 32 OR BELOW:   3    0.01 INCH OR MORE:  11
MAX 90 OR ABOVE:   0    0.10 INCH OR MORE:   8
MIN 32 OR BELOW:  13    0.50 INCH OR MORE:   2
MIN  0 OR BELOW:   1    1.00 INCH OR MORE:   1

[HDD (BASE 65) ]
TOTAL THIS MO.   622    CLEAR  (SCALE 0-3)   7
DPTR FM NORMAL  -112    PTCLDY (SCALE 4-7)   8
TOTAL FM JUL 1  2183    CLOUDY (SCALE 8-10)  8
DPTR FM NORMAL  -320

[CDD (BASE 65) ]
TOTAL THIS MO.     0
DPTR FM NORMAL     0    [PRESSURE DATA]
TOTAL FM JAN 1     0    HIGHEST SLP M ON M
DPTR FM NORMAL     0    LOWEST  SLP 29.26 ON 23

[REMARKS]
