000
CXUS54 KLZK 301330
CF6ADF
PRELIMINARY LOCAL CLIMATOLOGICAL DATA (WS FORM: F-6)

                                          STATION:   Arkadelphia Airport
                                          MONTH:     JUNE
                                          YEAR:      2015
                                          LATITUDE:   34  9 N
                                          LONGITUDE:  93  4 W

  TEMPERATURE IN F:       :PCPN:    SNOW:  WIND      :SUNSHINE: SKY     :PK WND
================================================================================
1   2   3   4   5  6A  6B    7    8   9   10  11  12  13   14  15   16   17  18
                                     12Z  AVG MX 2MIN
DY MAX MIN AVG DEP HDD CDD  WTR  SNW DPTH SPD SPD DIR MIN PSBL S-S WX    SPD DR
================================================================================

 1  82  66  74   0   0   9 0.00  0.0    0  2.7  6  80   M    M   4 1       M  M
 2  83  65  74   0   0   9 0.00  0.0    0  1.6  5  70   M    M   3         M  M
 3  86  64  75   0   0  10 0.00  0.0    0  2.7  5  99   M    M   1 1       M  M
 4  88  67  78   3   0  13    T  0.0    0  1.1  5  10   M    M   2 1       M  M
 5  91  66  79   4   0  14 0.00  0.0    0  2.0  5 260   M    M   0 1       M  M
 6  94  67  81   5   0  16 1.51  0.0    0  1.6  8 150   M    M   2 13     18 150
 7  94  70  82   6   0  17    T  0.0    0  2.0  8 240   M    M   2 12      M  M
 8  93  72  83   7   0  18    T  0.0    0  4.6 12 250   M    M   1 13      M  M
 9  94  74  84   8   0  19    T  0.0    0  2.3  7  50   M    M   1 1       M  M
10  95  71  83   7   0  18 0.00  0.0    0  1.4  5  60   M    M   1 12      M  M
11  95  72  84   7   0  19    T  0.0    0  2.9  8 190   M    M   1 13      M  M
12  92  73  83   6   0  18 0.04  0.0    0  4.8 10 170   M    M   2 1       M  M
13  88  74  81   4   0  16 0.08  0.0    0  4.7 12 140   M    M   4 13      M  M
14  91  73  82   5   0  17 0.53  0.0    0  4.1 15 130   M    M   4 13     18 130
15  92  72  82   5   0  17    T  0.0    0  3.0  8 230   M    M   4 138     M  M
16  93  73  83   5   0  18    T  0.0    0  3.0  7 250   M    M   1 1       M  M
17  92  72  82   4   0  17 0.10  0.0    0  4.2  9 160   M    M   0 13      M  M
18  87  73  80   2   0  15 1.28  0.0    0 10.5 20 180   M    M   5 13     32 170
19  91  73  82   4   0  17 0.29  0.0    0 10.2 17 220   M    M   2 13      M  M
20  93  74  84   6   0  19 0.00  0.0    0  6.0 15 230   M    M   1 1       M  M
21  90  73  82   4   0  17 0.11  0.0    0  4.6  9 240   M    M   0 13      M  M
22  94  73  84   5   0  19 0.00  0.0    0  5.1 14 220   M    M   1 18      M  M
23  96  73  85   6   0  20 0.00  0.0    0  3.5  8 230   M    M   0 1       M  M
24  96  74  85   6   0  20 0.00  0.0    0  2.7  7 280   M    M   0 18      M  M
25  96  73  85   6   0  20    T  0.0    0  3.4  9 230   M    M   0         M  M
26  95  73  84   5   0  19 0.28  0.0    0  6.0 13 230   M    M   1 13      M  M
27  87  71  79   0   0  14 0.01  0.0    0  4.0  9  30   M    M   4 1       M  M
28  90  65  78  -2   0  13 0.00  0.0    0  2.8 10 230   M    M   1 12      M  M
29  93  67  80   0   0  15    T  0.0    0  5.2 10 220   M    M   0 13      M  M
================================================================================
SM 2651 2053         0 473  4.23     0.0 112.7          M       48
================================================================================
AV 91.4 70.8                               3.9 FASTST   M    M   2    MAX(MPH)
                                 MISC ---->    20   M                 32    M
================================================================================
NOTES:
# LAST OF SEVERAL OCCURRENCES

COLUMN 17 PEAK WIND IN M.P.H.

PRELIMINARY LOCAL CLIMATOLOGICAL DATA (WS FORM: F-6) , PAGE 2

                                          STATION:  Arkadelphia Airport
                                          MONTH:    JUNE
                                          YEAR:     2015
                                          LATITUDE:   34  9 N
                                          LONGITUDE:  93  4 W

[TEMPERATURE DATA]      [PRECIPITATION DATA]       SYMBOLS USED IN COLUMN 16

AVERAGE MONTHLY: 81.1   TOTAL FOR MONTH:   4.23    1 = FOG OR MIST
DPTR FM NORMAL:   3.9   DPTR FM NORMAL:    0.42    2 = FOG REDUCING VISIBILITY
HIGHEST:    96 ON 25,24 GRTST 24HR  1.51 ON  6- 6      TO 1/4 MILE OR LESS
LOWEST:     64 ON  3                               3 = THUNDER
                        SNOW, ICE PELLETS, HAIL    4 = ICE PELLETS
                        TOTAL MONTH:   0.0 INCH    5 = HAIL
                        GRTST 24HR     0.0         6 = FREEZING RAIN OR DRIZZLE
                        GRTST DEPTH:   0           7 = DUSTSTORM OR SANDSTORM:
                                                       VSBY 1/2 MILE OR LESS
                                                   8 = SMOKE OR HAZE
[NO. OF DAYS WITH]      [WEATHER - DAYS WITH]      9 = BLOWING SNOW
                                                   X = TORNADO
MAX 32 OR BELOW:   0    0.01 INCH OR MORE:  10
MAX 90 OR ABOVE:  22    0.10 INCH OR MORE:   7
MIN 32 OR BELOW:   0    0.50 INCH OR MORE:   3
MIN  0 OR BELOW:   0    1.00 INCH OR MORE:   2

[HDD (BASE 65) ]
TOTAL THIS MO.     0    CLEAR  (SCALE 0-3)  23
DPTR FM NORMAL     0    PTCLDY (SCALE 4-7)   6
TOTAL FM JUL 1  3030    CLOUDY (SCALE 8-10)  0
DPTR FM NORMAL     3

[CDD (BASE 65) ]
TOTAL THIS MO.   473
DPTR FM NORMAL   116    [PRESSURE DATA]
TOTAL FM JAN 1   826    HIGHEST SLP M ON M
DPTR FM NORMAL   232    LOWEST  SLP M ON M

[REMARKS]
