104
CXAK56 PAFC 271320
CF6ADQ
PRELIMINARY LOCAL CLIMATOLOGICAL DATA (WS FORM: F-6)

                                          STATION:   KODIAK
                                          MONTH:     MARCH
                                          YEAR:      2017
                                          LATITUDE:   57 45 N
                                          LONGITUDE: 152 31 W

  TEMPERATURE IN F:       :PCPN:    SNOW:  WIND      :SUNSHINE: SKY     :PK WND
================================================================================
1   2   3   4   5  6A  6B    7    8   9   10  11  12  13   14  15   16   17  18
                                     12Z  AVG MX 2MIN
DY MAX MIN AVG DEP HDD CDD  WTR  SNW DPTH SPD SPD DIR MIN PSBL S-S WX    SPD DR
================================================================================

 1  26  19  23  -9  42   0    T    T    1 16.7 28 290   M    M   8        40 290
 2  29  20  25  -7  40   0 0.00  0.0    T 23.1 44 290   M    M   3        57 290
 3  33  20  27  -5  38   0 0.00  0.0    T 17.8 35 290   M    M   0        50 290
 4  36  26  31  -1  34   0 0.00  0.0    T 13.1 26 270   M    M   1        37 290
 5  32  23  28  -4  37   0 0.00  0.0    T 12.9 22 280   M    M   3        29 300
 6  29  22  26  -6  39   0 0.00  0.0    T 12.0 20 280   M    M   1        31 280
 7  31  22  27  -5  38   0 0.00  0.0    T 12.4 26 300   M    M   0        32 290
 8  30  24  27  -5  38   0 0.00  0.0    T 15.4 33 320   M    M   1 8      49 300
 9  35  25  30  -2  35   0 0.00  0.0    T 11.0 20 280   M    M   2        25 270
10  36  21  29  -3  36   0 0.00  0.0    T  7.9 16 260   M    M   1        19 260
11  33  24  29  -3  36   0 0.00  0.0    T  8.3 14 270   M    M   8        18 290
12  35  26  31  -1  34   0    T    T    T  9.5 18 290   M    M   6        23 270
13  37  28  33   1  32   0 0.00  0.0    T 12.7 26 290   M    M   1        39 290
14  31  22  27  -5  38   0    T  0.1    T 16.4 26 310   M    M   3 8      44 290
15  22  17  20 -13  45   0    T    T    T 15.8 25 290   M    M   6 8      38 270
16  29  20  25  -8  40   0 0.00  0.0    T 21.2 33 280   M    M   2        45 290
17  31  22  27  -6  38   0 0.00  0.0    T 15.6 28 290   M    M   1        37 290
18  34  16  25  -8  40   0 0.00  0.0    T  7.6 16 300   M    M   3        20 320
19  30  20  25  -8  40   0    T  0.1    T  7.7 16 280   M    M   7 8      22 250
20  37  21  29  -4  36   0 0.00  0.0    T  7.0 15 270   M    M   0        18 260
21  36  25  31  -2  34   0 0.00  0.0    0 13.4 23 280   M    M   1        34 280
22  39  28  34   1  31   0 0.00  0.0    T 11.5 23 280   M    M   1        33 280
23  38  26  32  -1  33   0 0.00  0.0    T 11.1 21 280   M    M   0        30 270
24  37  25  31  -2  34   0 0.00  0.0    T 10.3 20 290   M    M   0        26 260
25  37  21  29  -5  36   0 0.00  0.0    T 10.0 20 280   M    M   0        24 270
26  38  27  33  -1  32   0 0.01  0.1    T 11.1 21 270   M    M   6 1      26 270
================================================================================
SM  861  590       956   0  0.01     0.3 331.5          M       65
================================================================================
AV 33.1 22.7                              12.8 FASTST   M    M   3    MAX(MPH)
                                 MISC ---->  # 44 290               # 57  290
================================================================================
NOTES:
# LAST OF SEVERAL OCCURRENCES

COLUMN 17 PEAK WIND IN M.P.H.

PRELIMINARY LOCAL CLIMATOLOGICAL DATA (WS FORM: F-6) , PAGE 2

                                          STATION:  KODIAK
                                          MONTH:    MARCH
                                          YEAR:     2017
                                          LATITUDE:   57 45 N
                                          LONGITUDE: 152 31 W

[TEMPERATURE DATA]      [PRECIPITATION DATA]       SYMBOLS USED IN COLUMN 16

AVERAGE MONTHLY: 27.9   TOTAL FOR MONTH:   0.01    1 = FOG OR MIST
DPTR FM NORMAL:  -4.6   DPTR FM NORMAL:   -4.64    2 = FOG REDUCING VISIBILITY
HIGHEST:    39 ON 22    GRTST 24HR  0.01 ON 26-26      TO 1/4 MILE OR LESS
LOWEST:     16 ON 18                               3 = THUNDER
                        SNOW, ICE PELLETS, HAIL    4 = ICE PELLETS
                        TOTAL MONTH:   0.3 INCH    5 = HAIL
                        GRTST 24HR   0.1 ON   M    6 = FREEZING RAIN OR DRIZZLE
                        GRTST DEPTH:   1 ON  1     7 = DUSTSTORM OR SANDSTORM:
                                                       VSBY 1/2 MILE OR LESS
                                                   8 = SMOKE OR HAZE
[NO. OF DAYS WITH]      [WEATHER - DAYS WITH]      9 = BLOWING SNOW
                                                   X = TORNADO
MAX 32 OR BELOW:  11    0.01 INCH OR MORE:   1
MAX 90 OR ABOVE:   0    0.10 INCH OR MORE:   0
MIN 32 OR BELOW:  26    0.50 INCH OR MORE:   0
MIN  0 OR BELOW:   0    1.00 INCH OR MORE:   0

[HDD (BASE 65) ]
TOTAL THIS MO.   956    CLEAR  (SCALE 0-3)  19
DPTR FM NORMAL   113    PTCLDY (SCALE 4-7)   7
TOTAL FM JUL 1  6297    CLOUDY (SCALE 8-10)  0
DPTR FM NORMAL  -418

[CDD (BASE 65) ]
TOTAL THIS MO.     0
DPTR FM NORMAL     0    [PRESSURE DATA]
TOTAL FM JAN 1     0    HIGHEST SLP M ON M
DPTR FM NORMAL     0    LOWEST  SLP 29.43 ON 14

[REMARKS]
