000
CXUS52 KFFC 261110
CF6AHN
PRELIMINARY LOCAL CLIMATOLOGICAL DATA (WS FORM: F-6)

                                          STATION:   ATHENS
                                          MONTH:     MARCH
                                          YEAR:      2015
                                          LATITUDE:   33 57 N
                                          LONGITUDE:  83 19 W

  TEMPERATURE IN F:       :PCPN:    SNOW:  WIND      :SUNSHINE: SKY     :PK WND
================================================================================
1   2   3   4   5  6A  6B    7    8   9   10  11  12  13   14  15   16   17  18
                                     12Z  AVG MX 2MIN
DY MAX MIN AVG DEP HDD CDD  WTR  SNW DPTH SPD SPD DIR MIN PSBL S-S WX    SPD DR
================================================================================

 1  43  34  39 -12  26   0 0.31    M    0  5.2 15  60   M    M  10 1      19  50
 2  73  43  58   7   7   0    T    M    0  5.3 12 250   M    M   7 12     17 300
 3  56  45  51   0  14   0 0.14    M    0  6.4 13  50   M    M  10 12     17  80
 4  78  46  62  11   3   0    T    M    0  5.4 18 210   M    M   8 12     30 190
 5  68  40  54   2  11   0 0.16    M    0 10.4 25 300   M    M   9 1      34 300
 6  52  35  44  -8  21   0 0.01    M    0  6.4 14  60   M    M   6 18     18  50
 7  66  27  47  -5  18   0 0.00  0.0    0  3.7 13 280   M    M   0        18 300
 8  74  33  54   2  11   0 0.00  0.0    0  3.6 10 210   M    M   1        17 280
 9  68  51  60   7   5   0    T  0.0    0  4.6 14  60   M    M  10 8      17  50
10  78  52  65  12   0   0 0.01  0.0    0  4.2 15 210   M    M   8        24 240
11  80  55  68  15   0   3    T  0.0    0  3.6 16 210   M    M   4 12     25 220
12  67  56  62   9   3   0    T  0.0    0 11.5 23  80   M    M   9 12     30 100
13  57  44  51  -3  14   0 0.36    M    0 11.0 17  60   M    M  10 1      24  60
14  64  44  54   0  11   0 0.19    M    0  4.5 13  70   M    M   9 1      15  60
15  79  53  66  12   0   1 0.00  0.0    0  4.6  9 300   M    M   0 1      16 290
16  87  43  65  11   0   0 0.00  0.0    0  3.7 13 260   M    M   0 8      21 290
17  82  50  66  11   0   1 0.00  0.0    0  8.1 20 310   M    M   0 8      30 300
18  72  50  61   6   4   0 0.00  0.0    0  5.7 16  80   M    M   0        19  80
19  57  46  52  -3  13   0 0.89  0.0    0  9.0 15  70   M    M  10 1      19  70
20  72  45  59   4   6   0    T  0.0    0  4.4 12  60   M    M   7 18     15  40
21  77  50  64   8   1   0 0.00  0.0    0  3.9 10 300   M    M   2 1      13 330
22  62  53  58   2   7   0 0.55  0.0    0  3.8 12  80   M    M  10 1      17  80
23  69  50  60   4   5   0    T  0.0    0  5.2 17  80   M    M   7        22  70
24  74  43  59   3   6   0 0.00  0.0    0  2.1 10  90   M    M   1 1      15 110
25  69  55  62   5   3   0 0.03  0.0    0  5.4 10  80   M    M   9 18     13 120
================================================================================
SM 1724 1143       189   5  2.65     0.0 141.7          M      147
================================================================================
AV 69.0 45.7                               5.7 FASTST   M    M   6    MAX(MPH)
                                 MISC ---->  # 25 300               # 34  300
================================================================================
NOTES:
# LAST OF SEVERAL OCCURRENCES

COLUMN 17 PEAK WIND IN M.P.H.

PRELIMINARY LOCAL CLIMATOLOGICAL DATA (WS FORM: F-6) , PAGE 2

                                          STATION:  ATHENS
                                          MONTH:    MARCH
                                          YEAR:     2015
                                          LATITUDE:   33 57 N
                                          LONGITUDE:  83 19 W

[TEMPERATURE DATA]      [PRECIPITATION DATA]       SYMBOLS USED IN COLUMN 16

AVERAGE MONTHLY: 57.3   TOTAL FOR MONTH:   2.65    1 = FOG OR MIST
DPTR FM NORMAL:   3.7   DPTR FM NORMAL:   -0.96    2 = FOG REDUCING VISIBILITY
HIGHEST:    87 ON 16    GRTST 24HR  0.89 ON 19-19      TO 1/4 MILE OR LESS
LOWEST:     27 ON  7                               3 = THUNDER
                        SNOW, ICE PELLETS, HAIL    4 = ICE PELLETS
                        TOTAL MONTH:   0.0 INCH    5 = HAIL
                        GRTST 24HR     0.0         6 = FREEZING RAIN OR DRIZZLE
                        GRTST DEPTH:   0           7 = DUSTSTORM OR SANDSTORM:
                                                       VSBY 1/2 MILE OR LESS
                                                   8 = SMOKE OR HAZE
[NO. OF DAYS WITH]      [WEATHER - DAYS WITH]      9 = BLOWING SNOW
                                                   X = TORNADO
MAX 32 OR BELOW:   0    0.01 INCH OR MORE:  10
MAX 90 OR ABOVE:   0    0.10 INCH OR MORE:   7
MIN 32 OR BELOW:   1    0.50 INCH OR MORE:   2
MIN  0 OR BELOW:   0    1.00 INCH OR MORE:   0

[HDD (BASE 65) ]
TOTAL THIS MO.   189    CLEAR  (SCALE 0-3)   8
DPTR FM NORMAL  -102    PTCLDY (SCALE 4-7)   5
TOTAL FM JUL 1  2695    CLOUDY (SCALE 8-10) 12
DPTR FM NORMAL   149

[CDD (BASE 65) ]
TOTAL THIS MO.     5
DPTR FM NORMAL     5    [PRESSURE DATA]
TOTAL FM JAN 1     5    HIGHEST SLP M ON M
DPTR FM NORMAL     4    LOWEST  SLP 29.84 ON  5

[REMARKS]
