000
CXUS51 KPHI 021431
CF6AIY

PRELIMINARY LOCAL CLIMATOLOGICAL DATA (WS FORM: F-6)

                                          STATION:   ATLANTIC CITY MARINA
                                          MONTH:     JANUARY
                                          YEAR:      2015
                                          LATITUDE:   39 16 N
                                          LONGITUDE:  74 20 W

  TEMPERATURE IN F:       :PCPN:    SNOW:  WIND      :SUNSHINE: SKY     :PK WND
================================================================================
1   2   3   4   5  6A  6B    7    8   9   10  11  12  13   14  15   16   17  18
                                     12Z  AVG MX 2MIN
DY MAX MIN AVG DEP HDD CDD  WTR  SNW DPTH SPD SPD DIR MIN PSBL S-S WX    SPD DR
================================================================================
1  43  31  37   0  28   0  0.00   0   0   13.1 18 280  M   M    M  M     29  270
2  45  37  41   5  24   0  0.00   0   0    6.5 11 330  M   M    M  M     24  310
3  54  34  44   8  21   0  0.68   0   0    5.8 12 100  M   M    M  M     18  120
4  56  49  53  17  12   0  0.14   0   0   12.4 19 220  M   M    M  M     34  250
5  54  28  41   5  24   0  0.00   0   0   10.5 17 290  M   M    M  M     41  300
6  29  21  25 -11  40   0  0.00   0   0    4.7  8 10#  M   M    M  M     18   10
7  27  15  21 -15  44   0  0.00   0   0    9.6 15 330  M   M    M  M     35  320
8  28  11  20 -16  45   0  0.00   0   0   11.3 32 230  M   M    M  M     34  320
9  36  23  30  -6  35   0  0.00   0   0   15.4 28 230# M   M    M  M     43  230
10 30  19  25 -11  40   0  0.00   0   0    7.5 11 280  M   M    M  M     23  320
11 39  20  30  -6  35   0  0.00   0   0    6.1 11 210# M   M    M  M     20  210
12 44  36  40   5  25   0  0.98   0   0    5.7 11 330  M   M    M  M     20  330
13 39  24  32  -3  33   0  0.00   0   0    8.6 14  40# M   M    M  M     25   70
14 36  24  30  -5  35   0  0.01   0   0   10.4 14  40# M   M    M  M     27   40
15 36  30  33  -2  32   0  0.00   0   0    6.5 11 290  M   M    M  M     18  290
16 42  27  35   0  30   0  0.00   0   0    9.3 15 300  M   M    M  M     35  300
17 39  20  30  -5  35   0  0.00   0   0    6.6 10 320  M   M    M  M     20  210
18 50  36  43   8  22   0  0.79   0   0    8.3 16 170  M   M    M  M     35  270
19 44  34  39   4  26   0  0.00   0   0   10.2 15 290# M   M    M  M     32  290
20 44  34  39   4  26   0  0.00   0   0    5.2  9 260  M   M    M  M     17  270
21 38  30  34  -1  31   0  0.00   0   0    6.8 14 340  M   M    M  M     34  350
22 36  31  34  -1  31   0  0.09   0   0    6.0 10 270# M   M    M  M     18  310
23 38  30  34  -1  31   0  0.15   0   0    5.6 11 240  M   M    M  M     17  210
24 38  36  37   2  28   0  1.25   0   0   11.3 11 330  M   M    M  M     28   60
25 48  35  42   7  23   0  0.00   0   0    7.3 13 280  M   M    M  M     27  290
26 42  31  37   2  28   0  0.20   0   0   18.3 26  40  M   M    M  M     39   40
27 33  24  29  -6  36   0  0.05   0   0   11.2 16 320  M   M    M  M     40  360
28 34  20  27  -8  38   0  0.00   0   0   11.5 16 330  M   M    M  M     32  320
29 38  22  30  -5  35   0  0.00   0   0    6.5 13 210  M   M    M  M     23  230
30 41  24  33  -2  32   0  0.00   0   0   12.0 21 330  M   M    M  M     37  320
31 29  16  23 -13  42   0  0.00   0   0   12.1 17 320# M   M    M  M     33  320
================================================================================
SM 1230 852       258      4.34   M   M   231.1
================================================================================
AV 39.7  27.5                      M FASTST   M    M   M    MAX(MPH)
                                 MISC ---->     M   M                  M    M
================================================================================
NOTES:
# LAST OF SEVERAL OCCURRENCES

COLUMN 17 PEAK WIND IN M.P.H.

PRELIMINARY LOCAL CLIMATOLOGICAL DATA (WS FORM: F-6) , PAGE 2

                                          STATION:  ATLANTIC CITY MARINA
                                          MONTH:    JANUARY
                                          YEAR:     2015
                                          LATITUDE:   39 16 N
                                          LONGITUDE:  74 20 W

[TEMPERATURE DATA]      [PRECIPITATION DATA]       SYMBOLS USED IN COLUMN 16

AVERAGE MONTHLY:  33.6  TOTAL FOR MONTH:     4.75  1 = FOG OR MIST
DPTR FM NORMAL:   -1.9  DPTR FM NORMAL:     1.67   2 = FOG REDUCING VISIBILITY
HIGHEST:    56 ON  4TH  GRTST 24HR   2.40  ON 25TH     TO 1/4 MILE OR LESS
LOWEST:     11 ON  8TH                             3 = THUNDER
                        SNOW, ICE PELLETS, HAIL    4 = ICE PELLETS
                        TOTAL MONTH:    M          5 = HAIL
                        GRTST 24HR    M  ON   M    6 = FREEZING RAIN OR DRIZZLE
                        GRTST DEPTH:  M  ON   M    7 = DUSTSTORM OR SANDSTORM:
                                                       VSBY 1/2 MILE OR LESS
                                                   8 = SMOKE OR HAZE
[NO. OF DAYS WITH]      [WEATHER - DAYS WITH]      9 = BLOWING SNOW
                                                   X = TORNADO
MAX 32 OR BELOW:   5    0.01 INCH OR MORE:  10
MAX 70 OR ABOVE:   0    0.10 INCH OR MORE:   7
MIN 32 OR BELOW:  22    0.50 INCH OR MORE:   4
MIN  0 OR BELOW:   0    1.00 INCH OR MORE:   1

[HDD (BASE 65) ]
TOTAL THIS MO.    967   CLEAR  (SCALE 0-3)   0
DPTR FM NORMAL     53   PTCLDY (SCALE 4-7)   0
TOTAL FM JUL 1   2325   CLOUDY (SCALE 8-10)  0
DPTR FM NORMAL    -80

[CDD (BASE 65) ]
TOTAL THIS MO.     0
DPTR FM NORMAL     0    [PRESSURE DATA]
TOTAL FM JAN 1     0    HIGHEST SLP M ON M
DPTR FM NORMAL     0    LOWEST  SLP M ON M

[REMARKS]
#LAST OF SEVERAL OCCURANCES
TRACES OF PRECIPITATION NOT RECORDED
* 1 HOUR MISSING DATA FOR DAY
