000
CXAK56 PAJK 221249
CF6AJN
PRELIMINARY LOCAL CLIMATOLOGICAL DATA (WS FORM: F-6)

                                          STATION:   JUNEAU
                                          MONTH:     JANUARY
                                          YEAR:      2018
                                          LATITUDE:   58 22 N
                                          LONGITUDE: 134 35 W

  TEMPERATURE IN F:       :PCPN:    SNOW:  WIND      :SUNSHINE: SKY     :PK WND
================================================================================
1   2   3   4   5  6A  6B    7    8   9   10  11  12  13   14  15   16   17  18
                                     12Z  AVG MX 2MIN
DY MAX MIN AVG DEP HDD CDD  WTR  SNW DPTH SPD SPD DIR MIN PSBL S-S WX    SPD DR
================================================================================

 1  40  18  29   0  36   0 0.51  3.7    3 13.1 25 110   M    M  10 1      31 120
 2  41  38  40  12  25   0 1.29  0.0    0 16.4 25 120   M    M  10 1      34 120
 3  40  37  39  11  26   0 0.55  0.0    0 14.8 25 130   M    M  10 1      44 190
 4  37  33  35   7  30   0 1.30    T    0  1.1  7 270   M    M  10 1       8  90
 5  37  33  35   7  30   0 0.28  0.0    0  4.5 21 120   M    M  10 1      27 110
 6  39  36  38  10  27   0 0.48    T    0 17.1 23 120   M    M  10 1      32 120
 7  39  30  35   7  30   0    T  0.0    0  2.3 10  70   M    M  10 12     13  90
 8  30  21  26  -2  39   0 0.00  0.0    0  0.6  6 250   M    M   4 12      6 240
 9  24  11  18 -10  47   0    T  0.0    0 12.5 23  90   M    M   8        29  90
10  15   9  12 -16  53   0    T    T    T  7.3 17 100   M    M   6        24 100
11  17   9  13 -15  52   0    T    T    T  0.6  5 130   M    M   4         7  30
12  27  15  21  -7  44   0 0.31  4.8    5  2.0 15 100   M    M  10 1      18 110
13  44  27  36   8  29   0 0.45  0.6    5  6.7 25 110   M    M  10 146    30 120
14  52  42  47  19  18   0 0.03  0.0    0 15.3 29 120   M    M   9        37 120
15  53  33  43  15  22   0 0.03  0.0    0  8.1 29 110   M    M   9 1      37 120
16  45  23  34   6  31   0 0.19  0.0    0 10.2 21 100   M    M   9 1      24  90
17  41  26  34   6  31   0    T  0.0    0  4.8 20 100   M    M   3 1      24 110
18  33  22  28   0  37   0 0.00  0.0    0  0.6  6 240   M    M   5 1       6  60
19  35  29  32   4  33   0 0.06    T    0  0.6  5  80   M    M  10 16      6  60
20  34  31  33   5  32   0 0.00  0.0    0  0.9  6  90   M    M  10 1       7  80
21  32  25  29   1  36   0    T    T    0  0.1  5 220   M    M   7 1       6  60
================================================================================
SM  755  548       708   0  5.48     9.1 139.6          M      174
================================================================================
AV 36.0 26.1                               6.6 FASTST   M    M   8    MAX(MPH)
                                 MISC ---->  # 29 120               # 44  190
================================================================================
NOTES:
# LAST OF SEVERAL OCCURRENCES

COLUMN 17 PEAK WIND IN M.P.H.

PRELIMINARY LOCAL CLIMATOLOGICAL DATA (WS FORM: F-6) , PAGE 2

                                          STATION:  JUNEAU
                                          MONTH:    JANUARY
                                          YEAR:     2018
                                          LATITUDE:   58 22 N
                                          LONGITUDE: 134 35 W

[TEMPERATURE DATA]      [PRECIPITATION DATA]       SYMBOLS USED IN COLUMN 16

AVERAGE MONTHLY: 31.0   TOTAL FOR MONTH:   5.48    1 = FOG OR MIST
DPTR FM NORMAL:   2.9   DPTR FM NORMAL:    1.84    2 = FOG REDUCING VISIBILITY
HIGHEST:    53 ON 15    GRTST 24HR  1.30 ON  4- 4      TO 1/4 MILE OR LESS
LOWEST:      9 ON 11,10                            3 = THUNDER
                        SNOW, ICE PELLETS, HAIL    4 = ICE PELLETS
                        TOTAL MONTH:   9.1 INCHES  5 = HAIL
                        GRTST 24HR   4.8 ON 12-12  6 = FREEZING RAIN OR DRIZZLE
                        GRTST DEPTH:   5 ON 13,12  7 = DUSTSTORM OR SANDSTORM:
                                                       VSBY 1/2 MILE OR LESS
                                                   8 = SMOKE OR HAZE
[NO. OF DAYS WITH]      [WEATHER - DAYS WITH]      9 = BLOWING SNOW
                                                   X = TORNADO
MAX 32 OR BELOW:   6    0.01 INCH OR MORE:  12
MAX 90 OR ABOVE:   0    0.10 INCH OR MORE:   9
MIN 32 OR BELOW:  14    0.50 INCH OR MORE:   4
MIN  0 OR BELOW:   0    1.00 INCH OR MORE:   2

[HDD (BASE 65) ]
TOTAL THIS MO.   708    CLEAR  (SCALE 0-3)   1
DPTR FM NORMAL   -69    PTCLDY (SCALE 4-7)   5
TOTAL FM JUL 1  4530    CLOUDY (SCALE 8-10) 15
DPTR FM NORMAL    32

[CDD (BASE 65) ]
TOTAL THIS MO.     0
DPTR FM NORMAL     0    [PRESSURE DATA]
TOTAL FM JAN 1     0    HIGHEST SLP M ON M
DPTR FM NORMAL     0    LOWEST  SLP 29.15 ON 17

[REMARKS]
