000
CXUS55 KBOU 240757
CF6AKO
PRELIMINARY LOCAL CLIMATOLOGICAL DATA (WS FORM: F-6)

                                          STATION:   AKRON CO
                                          MONTH:     MAY
                                          YEAR:      2017
                                          LATITUDE:   40 10 N
                                          LONGITUDE: 103 13 W

  TEMPERATURE IN F:       :PCPN:    SNOW:  WIND      :SUNSHINE: SKY     :PK WND
================================================================================
1   2   3   4   5  6A  6B    7    8   9   10  11  12  13   14  15   16   17  18
                                     12Z  AVG MX 2MIN
DY MAX MIN AVG DEP HDD CDD  WTR  SNW DPTH SPD SPD DIR MIN PSBL S-S WX    SPD DR
================================================================================

 1  61  30  46  -6  19   0    T    M    M 12.6 26 320   M    M   6        33 320
 2  59  38  49  -3  16   0 0.05    M    M  7.1 23 300   M    M   7        29 300
 3  56  35  46  -7  19   0 0.08    M    M 15.0 33 360   M    M   5 1      46 320
 4  69  34  52  -1  13   0 0.00    M    M  9.2 22 350   M    M   0        27 360
 5  77  42  60   6   5   0 0.00    M    M  6.7 13 170   M    M   0        17 170
 6  85  53  69  15   0   4 0.00    M    M 15.2 25 150   M    M   0        32 170
 7  83  54  69  15   0   4 0.03    M    M 12.2 37 240   M    M   1        47 210
 8  77  51  64   9   1   0 0.88    M    M 11.3 41 240   M    M   2 13     52 260
 9  67  49  58   3   7   0 0.14    M    M 13.1 22 130   M    M   7 1      27 130
10  54  47  51  -4  14   0    T    M    M 13.7 21  40   M    M   8 1      27 340
11  61  45  53  -3  12   0 0.00    M    M  8.6 15  60   M    M   7        23  70
12  73  43  58   2   7   0 0.00    M    M 16.1 24 150   M    M   0        32 150
13  84  48  66  10   0   1 0.00    M    M 12.8 28 170   M    M   1        33 170
14  76  47  62   6   3   0 0.00    M    M 13.4 24 340   M    M   0        29 350
15  82  47  65   8   0   0 0.00    M    M 11.7 25 190   M    M   1 1      33 190
16  75  46  61   4   4   0 0.25    M    M 13.7 37 340   M    M   3 13     44 340
17  70  44  57  -1   8   0 0.12    M    M 13.6 30  60   M    M   4 13     37  60
18  46  41  44 -14  21   0 0.33    M    M 18.6 28  80   M    M   9 12     37  90
19  43  32  38 -20  27   0 0.54    M    M 14.6 23 340   M    M  10 1      27 340
20  57  32  45 -13  20   0 0.28    M    M 14.9 32 320   M    M   6 1      40 320
21  66  37  52  -7  13   0 0.03    M    M  8.1 28 350   M    M   5        33 330
22  65  38  52  -7  13   0 0.07    M    M 12.4 33 350   M    M   4 13     41 360
23  62  34  48 -11  17   0 0.00    M    M 15.5 29 330   M    M   3        42 320
================================================================================
SM 1548  967       239   9  2.80    M    290.1          M       89
================================================================================
AV 67.3 42.0                              12.6 FASTST   M    M   4    MAX(MPH)
                                 MISC ---->  # 41 240               # 52  260
================================================================================
NOTES:
# LAST OF SEVERAL OCCURRENCES

COLUMN 17 PEAK WIND IN M.P.H.

PRELIMINARY LOCAL CLIMATOLOGICAL DATA (WS FORM: F-6) , PAGE 2

                                          STATION:  AKRON CO
                                          MONTH:    MAY
                                          YEAR:     2017
                                          LATITUDE:   40 10 N
                                          LONGITUDE: 103 13 W

[TEMPERATURE DATA]      [PRECIPITATION DATA]       SYMBOLS USED IN COLUMN 16

AVERAGE MONTHLY: 54.7   TOTAL FOR MONTH:   2.80    1 = FOG OR MIST
DPTR FM NORMAL:  -1.2   DPTR FM NORMAL:    0.71    2 = FOG REDUCING VISIBILITY
HIGHEST:    85 ON  6    GRTST 24HR  0.88 ON  8- 8      TO 1/4 MILE OR LESS
LOWEST:     30 ON  1                               3 = THUNDER
                        SNOW, ICE PELLETS, HAIL    4 = ICE PELLETS
                        TOTAL MONTH:    M          5 = HAIL
                        GRTST 24HR    M  ON   M    6 = FREEZING RAIN OR DRIZZLE
                        GRTST DEPTH:  M  ON   M    7 = DUSTSTORM OR SANDSTORM:
                                                       VSBY 1/2 MILE OR LESS
                                                   8 = SMOKE OR HAZE
[NO. OF DAYS WITH]      [WEATHER - DAYS WITH]      9 = BLOWING SNOW
                                                   X = TORNADO
MAX 32 OR BELOW:   0    0.01 INCH OR MORE:  12
MAX 90 OR ABOVE:   0    0.10 INCH OR MORE:   7
MIN 32 OR BELOW:   3    0.50 INCH OR MORE:   2
MIN  0 OR BELOW:   0    1.00 INCH OR MORE:   0

[HDD (BASE 65) ]
TOTAL THIS MO.   239    CLEAR  (SCALE 0-3)  10
DPTR FM NORMAL    17    PTCLDY (SCALE 4-7)  10
TOTAL FM JUL 1  5367    CLOUDY (SCALE 8-10)  3
DPTR FM NORMAL  -848

[CDD (BASE 65) ]
TOTAL THIS MO.     9
DPTR FM NORMAL    -1    [PRESSURE DATA]
TOTAL FM JAN 1     9    HIGHEST SLP M ON M
DPTR FM NORMAL    -3    LOWEST  SLP 29.36 ON 17

[REMARKS]
