000
CXUS54 KEPZ 281203
CF6ALM
PRELIMINARY LOCAL CLIMATOLOGICAL DATA (WS FORM: F-6)

                                          STATION:   ALAMOGORDO
                                          MONTH:     FEBRUARY
                                          YEAR:      2015
                                          LATITUDE:   32 49 N
                                          LONGITUDE: 106  0 W

  TEMPERATURE IN F:       :PCPN:    SNOW:  WIND      :SUNSHINE: SKY     :PK WND
================================================================================
1   2   3   4   5  6A  6B    7    8   9   10  11  12  13   14  15   16   17  18
                                     12Z  AVG MX 2MIN
DY MAX MIN AVG DEP HDD CDD  WTR  SNW DPTH SPD SPD DIR MIN PSBL S-S WX    SPD DR
================================================================================

 1  57  37  47   M  18   0 0.00  0.0    0  5.4 13 340   M    M   2         M  M
 2  59  37  48   M  17   0 0.00  0.0    0  4.9 10 340   M    M   2         M  M
 3  66  32  49   M  16   0 0.00  0.0    0  6.0 13 350   M    M   0 1      17 350
 4  68  32  50   M  15   0 0.00  0.0    0  7.1 18 330   M    M   0        24 350
 5  63  32  48   M  17   0 0.00  0.0    0  4.6  9 120   M    M   0         M  M
 6  70  32  51   M  14   0 0.00  0.0    0  3.0  8  80   M    M   0         M  M
 7  73  36  55   M  10   0 0.00  0.0    0  3.2  8 190   M    M   0         M  M
 8  75  37  56   M   9   0 0.00  0.0    0  6.4 14 310   M    M   0        17 330
 9  75  37  56   M   9   0 0.00  0.0    0  3.7  9 140   M    M   0         M  M
10  75  37  56   M   9   0 0.00  0.0    0  5.6  8 160   M    M   0         M  M
11  63  36  50   M  15   0 0.00  0.0    0  9.8 27  70   M    M   0        32  70
12  57  32  45   M  20   0 0.00  0.0    0  4.4 10 190   M    M   0         M  M
13  63  32  48   M  17   0 0.00  0.0    0  4.0  9  40   M    M   0         M  M
14  68  34  51   M  14   0 0.00  0.0    0  2.8  8 140   M    M   0 8       M  M
15  72  45  59   M   6   0 0.00  0.0    0  6.7 13 180   M    M   1 8      20 180
16  59  37  48   M  17   0 0.00  0.0    0 12.8 17 170   M    M   1        24 190
17  55  28  42   M  23   0 0.00  0.0    0  9.5 20 340   M    M   1        25 340
18  68  23  46   M  19   0 0.00  0.0    0  5.8 16 340   M    M   0        21 340
19  72  32  52   M  13   0 0.00  0.0    0  4.3  8  80   M    M   0         M  M
20  68  41  55   M  10   0 0.00  0.0    0  5.1 13 190   M    M   0        20 190
21  70  45  58   M   7   0 0.00  0.0    0  7.3 18 200   M    M   0        28 220
22  64  37  51   M  14   0    T  0.0    0 12.2 21 190   M    M   4        30 160
23  37  30  34   M  31   0 0.00  0.0    0  6.6 13 340   M    M   6         M  M
24  57  21  39   M  26   0 0.00  0.0    0  8.5 21 210   M    M   3        28 340
25  59  32  46   M  19   0 0.00  0.0    0 11.3 16 350   M    M   1        27 360
26  54  28  41   M  24   0 0.00    T    0 14.0 18 170   M    M   2        31 200
27  41  28  35   M  30   0    M    M    0  6.2 12 190   M    M   6         M  M
================================================================================
SM 1708  910       439   0    T     T    181.2          M       29
================================================================================
AV 63.3 33.7                               6.7 FASTST   M    M   1    MAX(MPH)
                                 MISC ---->  # 27  70                 32    M
================================================================================
NOTES:
# LAST OF SEVERAL OCCURRENCES

COLUMN 17 PEAK WIND IN M.P.H.

PRELIMINARY LOCAL CLIMATOLOGICAL DATA (WS FORM: F-6) , PAGE 2

                                          STATION:  ALAMOGORDO
                                          MONTH:    FEBRUARY
                                          YEAR:     2015
                                          LATITUDE:   32 49 N
                                          LONGITUDE: 106  0 W

[TEMPERATURE DATA]      [PRECIPITATION DATA]       SYMBOLS USED IN COLUMN 16

AVERAGE MONTHLY: 48.5   TOTAL FOR MONTH:      T    1 = FOG OR MIST
DPTR FM NORMAL:     M   DPTR FM NORMAL:       M    2 = FOG REDUCING VISIBILITY
HIGHEST:    75 ON 10, 9 GRTST 24HR    T  ON 22-22      TO 1/4 MILE OR LESS
LOWEST:     21 ON 24                               3 = THUNDER
                        SNOW, ICE PELLETS, HAIL    4 = ICE PELLETS
                        TOTAL MONTH:    T          5 = HAIL
                        GRTST 24HR    T  ON 26-26  6 = FREEZING RAIN OR DRIZZLE
                        GRTST DEPTH:   0           7 = DUSTSTORM OR SANDSTORM:
                                                       VSBY 1/2 MILE OR LESS
                                                   8 = SMOKE OR HAZE
[NO. OF DAYS WITH]      [WEATHER - DAYS WITH]      9 = BLOWING SNOW
                                                   X = TORNADO
MAX 32 OR BELOW:   0    0.01 INCH OR MORE:   0
MAX 90 OR ABOVE:   0    0.10 INCH OR MORE:   0
MIN 32 OR BELOW:  14    0.50 INCH OR MORE:   0
MIN  0 OR BELOW:   0    1.00 INCH OR MORE:   0

[HDD (BASE 65) ]
TOTAL THIS MO.   439    CLEAR  (SCALE 0-3)  24
DPTR FM NORMAL     M    PTCLDY (SCALE 4-7)   3
TOTAL FM JUL 1  2283    CLOUDY (SCALE 8-10)  0
DPTR FM NORMAL     M

[CDD (BASE 65) ]
TOTAL THIS MO.     0
DPTR FM NORMAL     M    [PRESSURE DATA]
TOTAL FM JAN 1     0    HIGHEST SLP M ON M
DPTR FM NORMAL     M    LOWEST  SLP M ON M

[REMARKS]
