000
CXUS53 KDMX 200920
CF6ALO
PRELIMINARY LOCAL CLIMATOLOGICAL DATA (WS FORM: F-6)

                                          STATION:   WATERLOO IA
                                          MONTH:     JULY
                                          YEAR:      2017
                                          LATITUDE:   42 32 N
                                          LONGITUDE:  92 24 W

  TEMPERATURE IN F:       :PCPN:    SNOW:  WIND      :SUNSHINE: SKY     :PK WND
================================================================================
1   2   3   4   5  6A  6B    7    8   9   10  11  12  13   14  15   16   17  18
                                     12Z  AVG MX 2MIN
DY MAX MIN AVG DEP HDD CDD  WTR  SNW DPTH SPD SPD DIR MIN PSBL S-S WX    SPD DR
================================================================================

 1  76  59  68  -6   0   3 0.00  0.0    0  8.0 20 280   M    M   1        26 270
 2  84  56  70  -4   0   5 0.00  0.0    0  9.8 25 260   M    M   2 3      34 250
 3  85  63  74   0   0   9 0.00  0.0    0  5.8 14  60   M    M   2 1      16  70
 4  85  64  75   1   0  10 0.00  0.0    0  7.3 14 110   M    M   1 18     17 110
 5  89  65  77   3   0  12 0.00  0.0    0  3.9 18 140   M    M   0 18     26 120
 6  90  69  80   6   0  15 0.00  0.0    0  9.2 18 230   M    M   0        22 230
 7  84  64  74   0   0   9 0.00  0.0    0 11.4 22 340   M    M   1        37 300
 8  82  56  69  -5   0   4 0.00  0.0    0  3.5 13 260   M    M   1        15 270
 9  88  59  74   0   0   9 0.00  0.0    0  6.4 16 180   M    M   0        22 180
10  85  66  76   2   0  11 0.61  0.0    0  8.0 35  10   M    M   3 13     44  10
11  82  65  74   0   0   9    T  0.0    0  6.1 15 210   M    M   2 1      18 210
12  88  68  78   4   0  13 0.19  0.0    0  8.0 28 250   M    M   1 13     41 260
13  79  59  69  -5   0   4 0.00  0.0    0  8.2 17 340   M    M   2        22 350
14  76  54  65  -9   0   0 0.00  0.0    0  5.5 13 340   M    M   2 1      18 300
15  88  60  74   0   0   9 0.00  0.0    0  7.3 16 230   M    M   2 8      24 220
16  84  68  76   2   0  11 0.00  0.0    0  7.4 17  60   M    M   1 1      22  60
17  84  63  74   0   0   9 0.00  0.0    0  9.7 16 150   M    M   1        23 120
18  88  68  78   4   0  13    T  0.0    0  8.0 17 220   M    M   1        22 110
19  92  67  80   6   0  15    T  0.0    0  7.5 28  10   M    M   4 12     32  10
================================================================================
SM 1609 1193         0 170  0.80     0.0 141.0          M       27
================================================================================
AV 84.7 62.8                               7.4 FASTST   M    M   1    MAX(MPH)
                                 MISC ---->  # 35  10               # 44   10
================================================================================
NOTES:
# LAST OF SEVERAL OCCURRENCES

COLUMN 17 PEAK WIND IN M.P.H.

PRELIMINARY LOCAL CLIMATOLOGICAL DATA (WS FORM: F-6) , PAGE 2

                                          STATION:  WATERLOO IA
                                          MONTH:    JULY
                                          YEAR:     2017
                                          LATITUDE:   42 32 N
                                          LONGITUDE:  92 24 W

[TEMPERATURE DATA]      [PRECIPITATION DATA]       SYMBOLS USED IN COLUMN 16

AVERAGE MONTHLY: 73.7   TOTAL FOR MONTH:   0.80    1 = FOG OR MIST
DPTR FM NORMAL:  -0.3   DPTR FM NORMAL:   -2.35    2 = FOG REDUCING VISIBILITY
HIGHEST:    92 ON 19    GRTST 24HR  0.61 ON 10-10      TO 1/4 MILE OR LESS
LOWEST:     54 ON 14                               3 = THUNDER
                        SNOW, ICE PELLETS, HAIL    4 = ICE PELLETS
                        TOTAL MONTH:   0.0 INCH    5 = HAIL
                        GRTST 24HR     0.0         6 = FREEZING RAIN OR DRIZZLE
                        GRTST DEPTH:   0           7 = DUSTSTORM OR SANDSTORM:
                                                       VSBY 1/2 MILE OR LESS
                                                   8 = SMOKE OR HAZE
[NO. OF DAYS WITH]      [WEATHER - DAYS WITH]      9 = BLOWING SNOW
                                                   X = TORNADO
MAX 32 OR BELOW:   0    0.01 INCH OR MORE:   2
MAX 90 OR ABOVE:   2    0.10 INCH OR MORE:   2
MIN 32 OR BELOW:   0    0.50 INCH OR MORE:   1
MIN  0 OR BELOW:   0    1.00 INCH OR MORE:   0

[HDD (BASE 65) ]
TOTAL THIS MO.     0    CLEAR  (SCALE 0-3)  18
DPTR FM NORMAL     0    PTCLDY (SCALE 4-7)   1
TOTAL FM JUL 1     0    CLOUDY (SCALE 8-10)  0
DPTR FM NORMAL     0

[CDD (BASE 65) ]
TOTAL THIS MO.   170
DPTR FM NORMAL    -1    [PRESSURE DATA]
TOTAL FM JAN 1   409    HIGHEST SLP M ON M
DPTR FM NORMAL     5    LOWEST  SLP 29.69 ON 10

[REMARKS]
