000
CXUS56 KPDT 281032
CF6ALW
PRELIMINARY LOCAL CLIMATOLOGICAL DATA (WS FORM: F-6)

                                          STATION:   WALLA WALLA WA
                                          MONTH:     MAY
                                          YEAR:      2016
                                          LATITUDE:   46  5 N
                                          LONGITUDE: 118 17 W

  TEMPERATURE IN F:       :PCPN:    SNOW:  WIND      :SUNSHINE: SKY     :PK WND
================================================================================
1   2   3   4   5  6A  6B    7    8   9   10  11  12  13   14  15   16   17  18
                                     12Z  AVG MX 2MIN
DY MAX MIN AVG DEP HDD CDD  WTR  SNW DPTH SPD SPD DIR MIN PSBL S-S WX    SPD DR
================================================================================

 1  74  42  58   3   7   0 0.00  0.0    0  5.2 10  40   M    M   0        14 340
 2  82  50  66  10   0   1    T  0.0    0  7.9 21 120   M    M   0        28 120
 3  87  58  73  17   0   8 0.00  0.0    0  7.6 23 180   M    M   0        29 180
 4  79  56  68  12   0   3 0.41  0.0    0  7.7 40 220   M    M   1 13     53 200
 5  72  54  63   7   2   0 0.04  0.0    0  5.3 30  40   M    M   5 3      37  40
 6  74  53  64   7   1   0    T  0.0    0  6.0 15 190   M    M   1        19 180
 7  79  54  67  10   0   2 0.00  0.0    0  5.2 10 130   M    M   0        16 250
 8  74  50  62   5   3   0 0.00  0.0    0 14.8 23 240   M    M   0        33 220
 9  62  42  52  -6  13   0    T  0.0    0 10.5 22 190   M    M   6        28 190
10  71  40  56  -2   9   0 0.00  0.0    0  4.6 13 110   M    M   0        16 310
11  79  50  65   7   0   0 0.00  0.0    0  5.3 15 200   M    M   0        23 200
12  83  55  69  11   0   4 0.00  0.0    0  7.3 15 200   M    M   0        19 260
13  83  50  67   8   0   2 0.00  0.0    0  6.3 13  20   M    M   0        16  30
14  66  53  60   1   5   0 0.38  0.0    0  9.1 25 270   M    M   5 13     32 280
15  57  52  55  -4  10   0 0.41  0.0    0  9.1 17 180   M    M  10        20 200
16  70  51  61   1   4   0 0.08  0.0    0  5.9 13 240   M    M   6 1      16 250
17  76  49  63   3   2   0 0.00  0.0    0  3.9 10 170   M    M   0        12 180
18  81  55  68   8   0   3 0.07  0.0    0  9.3 22 240   M    M   2        28 240
19  64  48  56  -4   9   0    T  0.0    0 14.1 22 220   M    M   5        29 210
20  64  40  52  -8  13   0    T  0.0    0  6.8 16  20   M    M   6        19  10
21  64  46  55  -6  10   0 0.03  0.0    0  8.5 24 210   M    M   6        31 210
22  67  49  58  -3   7   0 0.09  0.0    0 15.0 25 240   M    M   7        32 240
23  68  51  60  -1   5   0 0.00  0.0    0 11.5 21 220   M    M   3        27 200
24  72  51  62   1   3   0 0.00  0.0    0  7.7 16 200   M    M   3        23 190
25  75  51  63   1   2   0 0.00  0.0    0  9.3 18 200   M    M   1        23 200
26  69  52  61  -1   4   0 0.00  0.0    0 13.3 23 210   M    M   3 8      30 190
27  66  49  58  -4   7   0 0.00  0.0    0 13.4 21 200   M    M   6        30 260
================================================================================
SM 1958 1351       116  23  1.51     0.0 230.6          M       76
================================================================================
AV 72.5 50.0                               8.5 FASTST   M    M   3    MAX(MPH)
                                 MISC ---->  # 40 220               # 53  200
================================================================================
NOTES:
# LAST OF SEVERAL OCCURRENCES

COLUMN 17 PEAK WIND IN M.P.H.

PRELIMINARY LOCAL CLIMATOLOGICAL DATA (WS FORM: F-6) , PAGE 2

                                          STATION:  WALLA WALLA WA
                                          MONTH:    MAY
                                          YEAR:     2016
                                          LATITUDE:   46  5 N
                                          LONGITUDE: 118 17 W

[TEMPERATURE DATA]      [PRECIPITATION DATA]       SYMBOLS USED IN COLUMN 16

AVERAGE MONTHLY: 61.3   TOTAL FOR MONTH:   1.51    1 = FOG OR MIST
DPTR FM NORMAL:   2.4   DPTR FM NORMAL:   -0.33    2 = FOG REDUCING VISIBILITY
HIGHEST:    87 ON  3    GRTST 24HR  0.47 ON 15-16      TO 1/4 MILE OR LESS
LOWEST:     40 ON 20,10                            3 = THUNDER
                        SNOW, ICE PELLETS, HAIL    4 = ICE PELLETS
                        TOTAL MONTH:   0.0 INCH    5 = HAIL
                        GRTST 24HR     0.0         6 = FREEZING RAIN OR DRIZZLE
                        GRTST DEPTH:   0           7 = DUSTSTORM OR SANDSTORM:
                                                       VSBY 1/2 MILE OR LESS
                                                   8 = SMOKE OR HAZE
[NO. OF DAYS WITH]      [WEATHER - DAYS WITH]      9 = BLOWING SNOW
                                                   X = TORNADO
MAX 32 OR BELOW:   0    0.01 INCH OR MORE:   8
MAX 90 OR ABOVE:   0    0.10 INCH OR MORE:   3
MIN 32 OR BELOW:   0    0.50 INCH OR MORE:   0
MIN  0 OR BELOW:   0    1.00 INCH OR MORE:   0

[HDD (BASE 65) ]
TOTAL THIS MO.   116    CLEAR  (SCALE 0-3)  16
DPTR FM NORMAL   -76    PTCLDY (SCALE 4-7)  10
TOTAL FM JUL 1  4143    CLOUDY (SCALE 8-10)  1
DPTR FM NORMAL  -790

[CDD (BASE 65) ]
TOTAL THIS MO.    23
DPTR FM NORMAL    -4    [PRESSURE DATA]
TOTAL FM JAN 1    24    HIGHEST SLP 29.86 ON M
DPTR FM NORMAL    -5    LOWEST  SLP 29.65 ON 20

[REMARKS]
