862
CXUS54 KBMX 181216
CF6ANB
PRELIMINARY LOCAL CLIMATOLOGICAL DATA (WS FORM: F-6)

                                          STATION:   ANNISTON
                                          MONTH:     NOVEMBER
                                          YEAR:      2017
                                          LATITUDE:   33 35 N
                                          LONGITUDE:  85 51 W

  TEMPERATURE IN F:       :PCPN:    SNOW:  WIND      :SUNSHINE: SKY     :PK WND
================================================================================
1   2   3   4   5  6A  6B    7    8   9   10  11  12  13   14  15   16   17  18
                                     12Z  AVG MX 2MIN
DY MAX MIN AVG DEP HDD CDD  WTR  SNW DPTH SPD SPD DIR MIN PSBL S-S WX    SPD DR
================================================================================

 1  69  45  57  -1   8   0 0.06  0.0    0  3.0 10 180   M    M   2        13 180
 2  74  58  66   8   0   1    T  0.0    0  3.5 13 220   M    M   9        17 180
 3  79  55  67   9   0   2 0.00  0.0    0  2.3 12 220   M    M   3 12     15 220
 4  79  59  69  12   0   4 0.00  0.0    0  1.6 13 270   M    M   4 12     16 270
 5  80  57  69  12   0   4 0.00  0.0    0  2.4 13 210   M    M   1 1      18 220
 6  72  56  64   7   1   0 0.02  0.0    0  3.8 15 240   M    M   9 128    18 240
 7  74  61  68  12   0   3 0.08  0.0    0  5.4 15 240   M    M  10 12     19 240
 8  63  53  58   2   7   0 0.34  0.0    0  3.5 12 350   M    M  10 1      14 340
 9  57  43  50  -6  15   0 0.41  0.0    0  2.2  9 340   M    M   9 12     12 340
10  63  35  49  -6  16   0 0.00  0.0    0  3.9 16  20   M    M   1 12     22  20
11  62  38  50  -5  15   0 0.00  0.0    0  7.3 14  80   M    M   4        20  90
12  57  47  52  -3  13   0 0.01  0.0    0  6.3 10  60   M    M  10 1      15  90
13  66  42  54   0  11   0 0.00  0.0    0  3.2 12 350   M    M   4 12     16 360
14  66  39  53  -1  12   0 0.00  0.0    0  3.8 12 130   M    M   1        16 120
15  64  43  54   0  11   0    T  0.0    0  3.9 13  90   M    M   3        18 140
16  68  39  54   1  11   0 0.00  0.0    0  2.7 12 360   M    M   5 1      14 270
17  70  34  52  -1  13   0 0.00  0.0    0  2.4  8 130   M    M   0 128    12  90
================================================================================
SM 1163  804       133  14  0.92     0.0  61.2          M       85
================================================================================
AV 68.4 47.3                               3.6 FASTST   M    M   5    MAX(MPH)
                                 MISC ---->  # 16  20               # 22   20
================================================================================
NOTES:
# LAST OF SEVERAL OCCURRENCES

COLUMN 17 PEAK WIND IN M.P.H.

PRELIMINARY LOCAL CLIMATOLOGICAL DATA (WS FORM: F-6) , PAGE 2

                                          STATION:  ANNISTON
                                          MONTH:    NOVEMBER
                                          YEAR:     2017
                                          LATITUDE:   33 35 N
                                          LONGITUDE:  85 51 W

[TEMPERATURE DATA]      [PRECIPITATION DATA]       SYMBOLS USED IN COLUMN 16

AVERAGE MONTHLY: 57.9   TOTAL FOR MONTH:   0.92    1 = FOG OR MIST
DPTR FM NORMAL:   2.2   DPTR FM NORMAL:   -1.54    2 = FOG REDUCING VISIBILITY
HIGHEST:    80 ON  5    GRTST 24HR  0.51 ON  8- 9      TO 1/4 MILE OR LESS
LOWEST:     34 ON 17                               3 = THUNDER
                        SNOW, ICE PELLETS, HAIL    4 = ICE PELLETS
                        TOTAL MONTH:   0.0 INCH    5 = HAIL
                        GRTST 24HR     0.0         6 = FREEZING RAIN OR DRIZZLE
                        GRTST DEPTH:   0           7 = DUSTSTORM OR SANDSTORM:
                                                       VSBY 1/2 MILE OR LESS
                                                   8 = SMOKE OR HAZE
[NO. OF DAYS WITH]      [WEATHER - DAYS WITH]      9 = BLOWING SNOW
                                                   X = TORNADO
MAX 32 OR BELOW:   0    0.01 INCH OR MORE:   6
MAX 90 OR ABOVE:   0    0.10 INCH OR MORE:   2
MIN 32 OR BELOW:   0    0.50 INCH OR MORE:   0
MIN  0 OR BELOW:   0    1.00 INCH OR MORE:   0

[HDD (BASE 65) ]
TOTAL THIS MO.   133    CLEAR  (SCALE 0-3)   6
DPTR FM NORMAL   -36    PTCLDY (SCALE 4-7)   5
TOTAL FM JUL 1   268    CLOUDY (SCALE 8-10)  6
DPTR FM NORMAL   -43

[CDD (BASE 65) ]
TOTAL THIS MO.    14
DPTR FM NORMAL     4    [PRESSURE DATA]
TOTAL FM JAN 1  1957    HIGHEST SLP M ON M
DPTR FM NORMAL    93    LOWEST  SLP 29.99 ON  7

[REMARKS]
