000
CXAK56 PAFC 211334 RRA
CF6ANC

PRELIMINARY LOCAL CLIMATOLOGICAL DATA (WS FORM: F-6)

                                          STATION:   ANCHORAGE AK
                                          MONTH:     JANUARY
                                          YEAR:      2018
                                          LATITUDE:   61 10 N
                                          LONGITUDE: 150  2 W

  TEMPERATURE IN F:       :PCPN:    SNOW:  WIND      :SUNSHINE: SKY     :PK WND
================================================================================
1   2   3   4   5  6A  6B    7    8   9   10  11  12  13   14  15   16   17  18
                                     12Z  AVG MX 2MIN
DY MAX MIN AVG DEP HDD CDD  WTR  SNW DPTH SPD SPD DIR MIN PSBL S-S WX    SPD DR
================================================================================

 1  34  19  27   9  38   0 0.01    T    3  4.3  8 270   M    M   8         M  M
 2  44  30  37  19  28   0 0.02  0.0    3 16.9 27 150   M    M   8        43 150
 3  37  32  35  17  30   0 0.45  4.1    2  5.1 10 180   M    M   9 1       M  M
 4  34  21  28  10  37   0    T    T    7  3.9  7  40   M    M   8 12      M  M
 5  22  13  18   1  47   0    T  0.0    7  4.0 10  50   M    M   6 12      M  M
 6  25  19  22   5  43   0    T    T    7  6.2  9  30   M    M   9         M  M
 7  23  12  18   1  47   0 0.00  0.0    7  2.1  8  60   M    M   6         M  M
 8  19   6  13  -4  52   0 0.01  0.0    7  1.6  7 120   M    M   5 128     9 130
 9  17   5  11  -6  54   0 0.00  0.0    7  8.3 14 360   M    M   2 1      18 360
10  11   7   9  -8  56   0 0.01  0.1    7  8.4 12 360   M    M   8 1       M  M
11  23  11  17   0  48   0 0.00  0.0    7  9.7 15 350   M    M   9         M  M
12  30  22  26   9  39   0 0.00  0.0    7  6.6 13 340   M    M   8        26 360
13  43  24  34  17  31   0 0.06    T    7  8.2 18 130   M    M   5 46     40 130
14  43  25  34  17  31   0 0.00  0.0    6  3.1 17 110   M    M   5 8      21 150
15  31  22  27  10  38   0 0.00  0.0    6  3.0  9  20   M    M   7         M  M
16  40  29  35  18  30   0    T  0.0    6  6.6 10 310   M    M   9 6      21  99
17  36  26  31  14  34   0 0.00  0.0    5  2.1 10 260   M    M   8 8      12 260
18  31  22  27  10  38   0 0.00  0.0    5  1.3  6  90   M    M   7 1       8 170
19  26  13  20   3  45   0 0.00  0.0    5  1.7  8  80   M    M   6 12      9  90
20  23  11  17   0  48   0 0.00  0.0    5  6.4 10  20   M    M   4         M  M
================================================================================
SM  592  369       814   0  0.56     4.2 109.5          M      137
================================================================================
AV 29.6 18.5                               5.5 FASTST   M    M   7    MAX(MPH)
                                 MISC ---->  # 27 150               # 43  150
================================================================================
NOTES:
# LAST OF SEVERAL OCCURRENCES

COLUMN 17 PEAK WIND IN M.P.H.

PRELIMINARY LOCAL CLIMATOLOGICAL DATA (WS FORM: F-6) , PAGE 2

                                          STATION:  ANCHORAGE AK
                                          MONTH:    JANUARY
                                          YEAR:     2018
                                          LATITUDE:   61 10 N
                                          LONGITUDE: 150  2 W

[TEMPERATURE DATA]      [PRECIPITATION DATA]       SYMBOLS USED IN COLUMN 16

AVERAGE MONTHLY: 24.0   TOTAL FOR MONTH:   0.56    1 = FOG OR MIST
DPTR FM NORMAL:   6.8   DPTR FM NORMAL:    0.09    2 = FOG REDUCING VISIBILITY
HIGHEST:    44 ON  2    GRTST 24HR  0.45 ON  3- 3      TO 1/4 MILE OR LESS
LOWEST:      5 ON  9                               3 = THUNDER
                        SNOW, ICE PELLETS, HAIL    4 = ICE PELLETS
                        TOTAL MONTH:   4.2 INCHES  5 = HAIL
                        GRTST 24HR   4.1 ON  3- 3  6 = FREEZING RAIN OR DRIZZLE
                        GRTST DEPTH:   7 ON 13,12  7 = DUSTSTORM OR SANDSTORM:
                                                       VSBY 1/2 MILE OR LESS
                                                   8 = SMOKE OR HAZE
[NO. OF DAYS WITH]      [WEATHER - DAYS WITH]      9 = BLOWING SNOW
                                                   X = TORNADO
MAX 32 OR BELOW:  12    0.01 INCH OR MORE:   6
MAX 90 OR ABOVE:   0    0.10 INCH OR MORE:   1
MIN 32 OR BELOW:  20    0.50 INCH OR MORE:   0
MIN  0 OR BELOW:   0    1.00 INCH OR MORE:   0

[HDD (BASE 65) ]
TOTAL THIS MO.   814    CLEAR  (SCALE 0-3)   1
DPTR FM NORMAL  -143    PTCLDY (SCALE 4-7)  13
TOTAL FM JUL 1  4874    CLOUDY (SCALE 8-10)  6
DPTR FM NORMAL  -673

[CDD (BASE 65) ]
TOTAL THIS MO.     0
DPTR FM NORMAL     0    [PRESSURE DATA]
TOTAL FM JAN 1     0    HIGHEST SLP M ON M
DPTR FM NORMAL     0    LOWEST  SLP 29.22 ON 14

[REMARKS]
