000
CXAK56 PAFC 271320
CF6ANC
PRELIMINARY LOCAL CLIMATOLOGICAL DATA (WS FORM: F-6)

                                          STATION:   ANCHORAGE AK
                                          MONTH:     DECEMBER
                                          YEAR:      2014
                                          LATITUDE:   61 10 N
                                          LONGITUDE: 150  2 W

  TEMPERATURE IN F:       :PCPN:    SNOW:  WIND      :SUNSHINE: SKY     :PK WND
================================================================================
1   2   3   4   5  6A  6B    7    8   9   10  11  12  13   14  15   16   17  18
                                     12Z  AVG MX 2MIN
DY MAX MIN AVG DEP HDD CDD  WTR  SNW DPTH SPD SPD DIR MIN PSBL S-S WX    SPD DR
================================================================================

 1  24  19  22   2  43   0 0.12  2.2    5  5.8  9  20   M    M  10 1       M  M
 2  39  24  32  12  33   0 0.16  0.8    4  7.1 15 140   M    M   8 16     32 160
 3  35  26  31  11  34   0 0.03  1.3    5  4.6 14 150   M    M   8 1      18 130
 4  30  24  27   7  38   0    T    T    5  3.7  7  20   M    M  10         M  M
 5  27  21  24   4  41   0 0.00  0.0    4  5.7  9 360   M    M   9         M  M
 6  30  20  25   5  40   0    T    T    4  3.8  7  30   M    M   9 46      M  M
 7  37  30  34  14  31   0 0.00  0.0    4  4.8 10 310   M    M   9         M  M
 8  39  31  35  15  30   0    T  0.0    4  2.7 10 340   M    M  10         M  M
 9  36  28  32  12  33   0 0.01  0.0    4  1.5  6 130   M    M   8         M  M
10  34  20  27   8  38   0 0.00  0.0    4  1.9  7  99   M    M   5 1       M  M
11  30  16  23   4  42   0 0.00  0.0    4  0.8  5  50   M    M  10 12      M  M
12  27  14  21   2  44   0    T  0.0    4  1.8  6 350   M    M   8 1       M  M
13  29  13  21   2  44   0 0.00  0.0    4  3.0  8  10   M    M   8 12      M  M
14  34  28  31  12  34   0    T    T    4  5.8 10 300   M    M   9         M  M
15  35  27  31  12  34   0    T  0.0    4  2.6  7 350   M    M   7         M  M
16  35  27  31  12  34   0    T  0.0    4  1.7  6 130   M    M   9 1       M  M
17  36  22  29  10  36   0 0.01  0.0    4  2.7  8  50   M    M   8 1       M  M
18  26  14  20   1  45   0 0.00  0.0    4  4.4 13 360   M    M   6         M  M
19  26  15  21   2  44   0 0.00  0.0    4  3.9  8  40   M    M   7         M  M
20  27  19  23   4  42   0    T    T    4  7.1 14  10   M    M   6        17  20
21  28  20  24   5  41   0 0.03  0.8    5  2.5  6 360   M    M  10 1       M  M
22  28  25  27   8  38   0 0.02  0.5    5  2.0  5  60   M    M   9         M  M
23  29  23  26   7  39   0    T    T    5  0.7  5  90   M    M  10 12      M  M
24  28  23  26   8  39   0    T    T    5  2.2  7  70   M    M  10 12      M  M
25  38  26  32  14  33   0 0.18  1.6    7  7.9 16 170   M    M   8 1      30 180
26  37  31  34  16  31   0    T    T    6  8.0 14 140   M    M   8        23 140
================================================================================
SM  824  586       981   0  0.56     7.2  98.7          M      219
================================================================================
AV 31.7 22.5                               3.8 FASTST   M    M   8    MAX(MPH)
                                 MISC ---->    16   M                 32    M
================================================================================
NOTES:
# LAST OF SEVERAL OCCURRENCES

COLUMN 17 PEAK WIND IN M.P.H.

PRELIMINARY LOCAL CLIMATOLOGICAL DATA (WS FORM: F-6) , PAGE 2

                                          STATION:  ANCHORAGE AK
                                          MONTH:    DECEMBER
                                          YEAR:     2014
                                          LATITUDE:   61 10 N
                                          LONGITUDE: 150  2 W

[TEMPERATURE DATA]      [PRECIPITATION DATA]       SYMBOLS USED IN COLUMN 16

AVERAGE MONTHLY: 27.1   TOTAL FOR MONTH:   0.56    1 = FOG OR MIST
DPTR FM NORMAL:   7.9   DPTR FM NORMAL:   -0.39    2 = FOG REDUCING VISIBILITY
HIGHEST:    39 ON  8, 2 GRTST 24HR  0.18 ON 25-25      TO 1/4 MILE OR LESS
LOWEST:     13 ON 13                               3 = THUNDER
                        SNOW, ICE PELLETS, HAIL    4 = ICE PELLETS
                        TOTAL MONTH:   7.2 INCHES  5 = HAIL
                        GRTST 24HR   2.2 ON   M    6 = FREEZING RAIN OR DRIZZLE
                        GRTST DEPTH:   7 ON 25     7 = DUSTSTORM OR SANDSTORM:
                                                       VSBY 1/2 MILE OR LESS
                                                   8 = SMOKE OR HAZE
[NO. OF DAYS WITH]      [WEATHER - DAYS WITH]      9 = BLOWING SNOW
                                                   X = TORNADO
MAX 32 OR BELOW:  14    0.01 INCH OR MORE:   8
MAX 90 OR ABOVE:   0    0.10 INCH OR MORE:   3
MIN 32 OR BELOW:  26    0.50 INCH OR MORE:   0
MIN  0 OR BELOW:   0    1.00 INCH OR MORE:   0

[HDD (BASE 65) ]
TOTAL THIS MO.   981    CLEAR  (SCALE 0-3)   0
DPTR FM NORMAL  -210    PTCLDY (SCALE 4-7)  11
TOTAL FM JUL 1  3696    CLOUDY (SCALE 8-10) 15
DPTR FM NORMAL  -659

[CDD (BASE 65) ]
TOTAL THIS MO.     0
DPTR FM NORMAL     0    [PRESSURE DATA]
TOTAL FM JAN 1     3    HIGHEST SLP M ON M
DPTR FM NORMAL     1    LOWEST  SLP M ON M

[REMARKS]
