933
CXUS52 KGSP 280817
CF6AND
PRELIMINARY LOCAL CLIMATOLOGICAL DATA (WS FORM: F-6)

                                          STATION:   ANDERSON SC
                                          MONTH:     MARCH
                                          YEAR:      2017
                                          LATITUDE:   34 30 N
                                          LONGITUDE:  82 43 W

  TEMPERATURE IN F:       :PCPN:    SNOW:  WIND      :SUNSHINE: SKY     :PK WND
================================================================================
1   2   3   4   5  6A  6B    7    8   9   10  11  12  13   14  15   16   17  18
                                     12Z  AVG MX 2MIN
DY MAX MIN AVG DEP HDD CDD  WTR  SNW DPTH SPD SPD DIR MIN PSBL S-S WX    SPD DR
================================================================================

 1  77  52  65  16   0   0 0.63    M    M 11.8 32 290   M    M   6 13     43 280
 2  63  42  53   4  12   0    T    M    M 10.2 25 310   M    M   0        34 310
 3  60  31  46  -3  19   0 0.00    M    M  7.3 18 260   M    M   0        24 260
 4  59  29  44  -6  21   0 0.00    M    M  3.1 13 230   M    M   0        18 240
 5  65  33  49  -1  16   0 0.00    M    M  4.5 13 100   M    M   0        18  70
 6  68  48  58   8   7   0    T    M    M  4.8 15 190   M    M   9        20 210
 7  75  52  64  14   1   0 0.17    M    M 10.3 21 180   M    M   7 1      28 200
 8  72  45  59   9   6   0    T    M    M  4.4 12 240   M    M   4        15 310
 9  74  36  55   4  10   0 0.00    M    M  4.1 16 210   M    M   0        21 210
10  72  46  59   8   6   0 0.27    M    M 12.5 24 320   M    M   2 13     33 320
11  56  34  45  -6  20   0    T    M    M  3.4 13  70   M    M   6        16  70
12  45  32  39 -13  26   0 0.44    M    M  6.8 16  60   M    M   7 1      23  60
13  43  30  37 -15  28   0 0.15    M    M  7.4 20  60   M    M   7 1      26  60
14  53  33  43  -9  22   0 0.07    M    M 11.2 23 280   M    M   5 1      30 250
15  44  28  36 -16  29   0 0.00    M    M 11.7 22 320   M    M   1        28 290
16  54  20  37 -16  28   0 0.00    M    M  5.4 16 230   M    M   0        21 230
17  62  28  45  -8  20   0 0.00    M    M  5.8 16 240   M    M   6        22 210
18  72  54  63  10   2   0    T    M    M 14.0 24 240   M    M   6        32 280
19  63  42  53   0  12   0 0.00    M    M  6.8 17 320   M    M   0        23 330
20  71  34  53  -1  12   0 0.00    M    M  4.1 14 220   M    M   0        17 230
21  86  51  69  15   0   4 0.35    M    M  7.6 20 250   M    M   1 13     24 240
22  69  52  61   7   4   0 0.00    M    M  7.1 15  70   M    M   0 1      19  70
23  62  46  54   0  11   0 0.00    M    M  8.9 20  70   M    M   5        24  70
24  71  50  61   6   4   0 0.00    M    M  3.0 15 270   M    M   7        18 280
25  75  51  63   8   2   0 0.00    M    M  5.7 16 180   M    M   3        19 170
26  76  58  67  12   0   2 0.16    M    M  7.1 15 170   M    M   7 13     21 160
27  78  54  66  11   0   1    T    M    M  5.3 17 210   M    M   5        22 210
================================================================================
SM 1765 1111       318   7  2.24    M    194.3          M       94
================================================================================
AV 65.4 41.2                               7.2 FASTST   M    M   3    MAX(MPH)
                                 MISC ---->  # 32 290               # 43  280
================================================================================
NOTES:
# LAST OF SEVERAL OCCURRENCES

COLUMN 17 PEAK WIND IN M.P.H.

PRELIMINARY LOCAL CLIMATOLOGICAL DATA (WS FORM: F-6) , PAGE 2

                                          STATION:  ANDERSON SC
                                          MONTH:    MARCH
                                          YEAR:     2017
                                          LATITUDE:   34 30 N
                                          LONGITUDE:  82 43 W

[TEMPERATURE DATA]      [PRECIPITATION DATA]       SYMBOLS USED IN COLUMN 16

AVERAGE MONTHLY: 53.3   TOTAL FOR MONTH:   2.24    1 = FOG OR MIST
DPTR FM NORMAL:   1.2   DPTR FM NORMAL:   -1.59    2 = FOG REDUCING VISIBILITY
HIGHEST:    86 ON 21    GRTST 24HR  0.63 ON  1- 1      TO 1/4 MILE OR LESS
LOWEST:     20 ON 16                               3 = THUNDER
                        SNOW, ICE PELLETS, HAIL    4 = ICE PELLETS
                        TOTAL MONTH:    M          5 = HAIL
                        GRTST 24HR    M  ON   M    6 = FREEZING RAIN OR DRIZZLE
                        GRTST DEPTH:  M  ON   M    7 = DUSTSTORM OR SANDSTORM:
                                                       VSBY 1/2 MILE OR LESS
                                                   8 = SMOKE OR HAZE
[NO. OF DAYS WITH]      [WEATHER - DAYS WITH]      9 = BLOWING SNOW
                                                   X = TORNADO
MAX 32 OR BELOW:   0    0.01 INCH OR MORE:   8
MAX 90 OR ABOVE:   0    0.10 INCH OR MORE:   7
MIN 32 OR BELOW:   7    0.50 INCH OR MORE:   1
MIN  0 OR BELOW:   0    1.00 INCH OR MORE:   0

[HDD (BASE 65) ]
TOTAL THIS MO.   318    CLEAR  (SCALE 0-3)  12
DPTR FM NORMAL   -36    PTCLDY (SCALE 4-7)  14
TOTAL FM JUL 1  1993    CLOUDY (SCALE 8-10)  1
DPTR FM NORMAL  -856

[CDD (BASE 65) ]
TOTAL THIS MO.     7
DPTR FM NORMAL     7    [PRESSURE DATA]
TOTAL FM JAN 1    11    HIGHEST SLP M ON M
DPTR FM NORMAL    11    LOWEST  SLP 29.72 ON 14

[REMARKS]
