000
CXUS53 KIWX 220800
CF6AOH
PRELIMINARY LOCAL CLIMATOLOGICAL DATA (WS FORM: F-6)

                                          STATION:   LIMA
                                          MONTH:     MAY
                                          YEAR:      2017
                                          LATITUDE:   40 42 N
                                          LONGITUDE:  84  1 W

  TEMPERATURE IN F:       :PCPN:    SNOW:  WIND      :SUNSHINE: SKY     :PK WND
================================================================================
1   2   3   4   5  6A  6B    7    8   9   10  11  12  13   14  15   16   17  18
                                     12Z  AVG MX 2MIN
DY MAX MIN AVG DEP HDD CDD  WTR  SNW DPTH SPD SPD DIR MIN PSBL S-S WX    SPD DR
================================================================================

 1  70  48  59   3   6   0 0.41    M    0 17.2 35 240   M    M   7 13     46 240
 2  53  43  48  -9  17   0 0.04  0.0    0 21.1 35 260   M    M  10 1      45 250
 3  55  41  48  -9  17   0 0.01  0.0    0  8.5 20 310   M    M   8        24 300
 4  48  44  46 -11  19   0 1.46  0.0    0 13.6 24  60   M    M  10 1      30  60
 5  47  43  45 -13  20   0 1.27  0.0    0 17.9 28  10   M    M   9 1      37  10
 6  58  40  49  -9  16   0    T  0.0    0 11.3 22 300   M    M   3        29 320
 7  57  36  47 -11  18   0 0.00  0.0    0 13.3 26 320   M    M   0        33 300
 8  58  32  45 -13  20   0 0.00  0.0    0  8.7 17 290   M    M   0        23 310
 9  59  41  50  -9  15   0    T  0.0    0  3.0  9 250   M    M   8        10 250
10  73  46  60   1   5   0 0.02  0.0    0  7.0 17  70   M    M   5        20  70
11  61  49  55  -4  10   0 0.59  0.0    0  9.8 18 320   M    M   9 13     24 310
12  64  45  55  -5  10   0 0.00  0.0    0  7.9 16  20   M    M   2        21  30
13  71  42  57  -3   8   0 0.00  0.0    0  4.6 17 260   M    M   1 1      22 270
14  79  53  66   6   0   1    T  0.0    0 10.3 24 320   M    M   3        31 300
15  76  46  61   0   4   0 0.00  0.0    0  7.4 14 120   M    M   0        18 120
16  86  61  74  13   0   9 0.00  0.0    0 12.0 21 200   M    M   0        27 210
17  86  67  77  16   0  12 0.00  0.0    0 15.5 32 230   M    M   1        44 220
18  86  66  76  14   0  11 0.04  0.0    0 13.9 28 240   M    M   4 38     36 230
19  66  50  58  -4   7   0 0.92  0.0    0  9.7 22  30   M    M   7 13     28  60
20  71  50  61  -1   4   0 0.52  0.0    0 12.0 20 130   M    M   6 1      24 140
21  76  58  67   5   0   2 0.12  0.0    0 12.6 22 280   M    M   6        28 210
================================================================================
SM 1400 1001       196  35  5.40     0.0 237.3          M       99
================================================================================
AV 66.7 47.7                              11.3 FASTST   M    M   5    MAX(MPH)
                                 MISC ---->  # 35 240               # 46  240
================================================================================
NOTES:
# LAST OF SEVERAL OCCURRENCES

COLUMN 17 PEAK WIND IN M.P.H.

PRELIMINARY LOCAL CLIMATOLOGICAL DATA (WS FORM: F-6) , PAGE 2

                                          STATION:  LIMA
                                          MONTH:    MAY
                                          YEAR:     2017
                                          LATITUDE:   40 42 N
                                          LONGITUDE:  84  1 W

[TEMPERATURE DATA]      [PRECIPITATION DATA]       SYMBOLS USED IN COLUMN 16

AVERAGE MONTHLY: 57.2   TOTAL FOR MONTH:   5.40    1 = FOG OR MIST
DPTR FM NORMAL:  -2.2   DPTR FM NORMAL:    2.76    2 = FOG REDUCING VISIBILITY
HIGHEST:    86 ON 18,17 GRTST 24HR  1.46 ON  4- 4      TO 1/4 MILE OR LESS
LOWEST:     32 ON  8                               3 = THUNDER
                        SNOW, ICE PELLETS, HAIL    4 = ICE PELLETS
                        TOTAL MONTH:   0.0 INCH    5 = HAIL
                        GRTST 24HR     0.0         6 = FREEZING RAIN OR DRIZZLE
                        GRTST DEPTH:   0           7 = DUSTSTORM OR SANDSTORM:
                                                       VSBY 1/2 MILE OR LESS
                                                   8 = SMOKE OR HAZE
[NO. OF DAYS WITH]      [WEATHER - DAYS WITH]      9 = BLOWING SNOW
                                                   X = TORNADO
MAX 32 OR BELOW:   0    0.01 INCH OR MORE:  11
MAX 90 OR ABOVE:   0    0.10 INCH OR MORE:   7
MIN 32 OR BELOW:   1    0.50 INCH OR MORE:   5
MIN  0 OR BELOW:   0    1.00 INCH OR MORE:   2

[HDD (BASE 65) ]
TOTAL THIS MO.   196    CLEAR  (SCALE 0-3)   9
DPTR FM NORMAL    53    PTCLDY (SCALE 4-7)   7
TOTAL FM JUL 1  4872    CLOUDY (SCALE 8-10)  5
DPTR FM NORMAL  -916

[CDD (BASE 65) ]
TOTAL THIS MO.    35
DPTR FM NORMAL     8    [PRESSURE DATA]
TOTAL FM JAN 1    60    HIGHEST SLP M ON M
DPTR FM NORMAL    23    LOWEST  SLP 29.42 ON  1

[REMARKS]
