000
CXUS53 KIWX 190800
CF6AOH
PRELIMINARY LOCAL CLIMATOLOGICAL DATA (WS FORM: F-6)

                                          STATION:   LIMA
                                          MONTH:     OCTOBER
                                          YEAR:      2017
                                          LATITUDE:   40 42 N
                                          LONGITUDE:  84  1 W

  TEMPERATURE IN F:       :PCPN:    SNOW:  WIND      :SUNSHINE: SKY     :PK WND
================================================================================
1   2   3   4   5  6A  6B    7    8   9   10  11  12  13   14  15   16   17  18
                                     12Z  AVG MX 2MIN
DY MAX MIN AVG DEP HDD CDD  WTR  SNW DPTH SPD SPD DIR MIN PSBL S-S WX    SPD DR
================================================================================

 1  72  40  56  -2   9   0 0.00  0.0    0  7.3 15 120   M    M   0        20 100
 2  79  41  60   2   5   0 0.00  0.0    0  6.2 14 140   M    M   0        22 140
 3  84  56  70  12   0   5 0.00  0.0    0  9.4 17 230   M    M   3        24 240
 4  79  67  73  16   0   8 0.03  0.0    0  9.4 23 240   M    M   7 1      28 240
 5  70  58  64   7   1   0 0.08  0.0    0  4.5 10 250   M    M  10 1      14 250
 6  70  62  66  10   0   1 0.08  0.0    0  6.0 12 210   M    M   8 1      16 200
 7  82  63  73  17   0   8 0.94  0.0    0 13.3 29 230   M    M   5 1      36 200
 8  73  55  64   8   1   0 0.53  0.0    0  8.4 21 220   M    M   4 1      26 220
 9  72  60  66  11   0   1 0.43  0.0    0  5.1 10 250   M    M   7 1      13 250
10  74  54  64   9   1   0    T  0.0    0  4.9 14  80   M    M   4 12     19  80
11  73  53  63   8   2   0 0.07  0.0    0  9.4 28 250   M    M  10 1      34 250
12  59  52  56   2   9   0 0.01  0.0    0  2.6  9 360   M    M  10 12     12 340
13  70  56  63   9   2   0 0.00  0.0    0  4.6 10 200   M    M   5 8      14 200
14  80  56  68  14   0   3    T  0.0    0  8.7 18 170   M    M   5        24 200
15  74  46  60   7   5   0 0.06    M    0 15.4 32 240   M    M   7 1      44 250
16  57  41  49  -4  16   0    T    M    0  4.9 12 320   M    M   5        16 310
17  66  41  54   1  11   0 0.00  0.0    0  9.4 21 230   M    M   0 8      27 240
18  68  41  55   3  10   0 0.00  0.0    0  9.0 17 180   M    M   0        22 190
================================================================================
SM 1302  942        72  26  2.23     0.0 138.5          M       90
================================================================================
AV 72.3 52.3                               7.7 FASTST   M    M   5    MAX(MPH)
                                 MISC ---->  # 32 240               # 44  250
================================================================================
NOTES:
# LAST OF SEVERAL OCCURRENCES

COLUMN 17 PEAK WIND IN M.P.H.

PRELIMINARY LOCAL CLIMATOLOGICAL DATA (WS FORM: F-6) , PAGE 2

                                          STATION:  LIMA
                                          MONTH:    OCTOBER
                                          YEAR:     2017
                                          LATITUDE:   40 42 N
                                          LONGITUDE:  84  1 W

[TEMPERATURE DATA]      [PRECIPITATION DATA]       SYMBOLS USED IN COLUMN 16

AVERAGE MONTHLY: 62.3   TOTAL FOR MONTH:   2.23    1 = FOG OR MIST
DPTR FM NORMAL:   7.1   DPTR FM NORMAL:    0.55    2 = FOG REDUCING VISIBILITY
HIGHEST:    84 ON  3    GRTST 24HR  0.94 ON  7- 7      TO 1/4 MILE OR LESS
LOWEST:     40 ON  1                               3 = THUNDER
                        SNOW, ICE PELLETS, HAIL    4 = ICE PELLETS
                        TOTAL MONTH:   0.0 INCH    5 = HAIL
                        GRTST 24HR     0.0         6 = FREEZING RAIN OR DRIZZLE
                        GRTST DEPTH:   0           7 = DUSTSTORM OR SANDSTORM:
                                                       VSBY 1/2 MILE OR LESS
                                                   8 = SMOKE OR HAZE
[NO. OF DAYS WITH]      [WEATHER - DAYS WITH]      9 = BLOWING SNOW
                                                   X = TORNADO
MAX 32 OR BELOW:   0    0.01 INCH OR MORE:   9
MAX 90 OR ABOVE:   0    0.10 INCH OR MORE:   3
MIN 32 OR BELOW:   0    0.50 INCH OR MORE:   2
MIN  0 OR BELOW:   0    1.00 INCH OR MORE:   0

[HDD (BASE 65) ]
TOTAL THIS MO.    72    CLEAR  (SCALE 0-3)   5
DPTR FM NORMAL  -116    PTCLDY (SCALE 4-7)  10
TOTAL FM JUL 1   171    CLOUDY (SCALE 8-10)  3
DPTR FM NORMAL  -119

[CDD (BASE 65) ]
TOTAL THIS MO.    26
DPTR FM NORMAL    14    [PRESSURE DATA]
TOTAL FM JAN 1   710    HIGHEST SLP M ON M
DPTR FM NORMAL  -114    LOWEST  SLP 29.48 ON  7

[REMARKS]
