000
CXUS55 KCTP 291131
CF6AOO
PRELIMINARY LOCAL CLIMATOLOGICAL DATA (WS FORM: F-6)

                                          STATION:   ALTOONA
                                          MONTH:     JUNE
                                          YEAR:      2015
                                          LATITUDE:   40 17 N
                                          LONGITUDE:  78 19 W

  TEMPERATURE IN F:       :PCPN:    SNOW:  WIND      :SUNSHINE: SKY     :PK WND
================================================================================
1   2   3   4   5  6A  6B    7    8   9   10  11  12  13   14  15   16   17  18
                                     12Z  AVG MX 2MIN
DY MAX MIN AVG DEP HDD CDD  WTR  SNW DPTH SPD SPD DIR MIN PSBL S-S WX    SPD DR
================================================================================

 1  71  56  64   1   1   0    T    M    M  6.8 15 340   M    M   9 12     19 340
 2  60  53  57  -6   8   0 0.94    M    M  6.8 10  80   M    M  10 1      14  10
 3  59  54  57  -6   8   0    T    M    M  5.5 12  90   M    M  10 1      16  90
 4  59  56  58  -6   7   0 0.02    M    M  5.1 10 150   M    M  10 1      16 140
 5  75  56  66   2   0   1 0.17    M    M  3.1 17 270   M    M   8 13     30 290
 6  74  52  63  -1   2   0    T    M    M  5.9 17  10   M    M   5 12     23  40
 7  76  47  62  -3   3   0 0.00    M    M  8.2 18 160   M    M   3        25 170
 8  84  66  75  10   0  10 0.19    M    M 11.9 28 230   M    M   3 138    34 200
 9  75  59  67   2   0   2 0.02    M    M 10.2 24 270   M    M   4 1      31 280
10  83  56  70   5   0   5 0.00    M    M  7.9 14 220   M    M   1 8      19 220
11  89  67  78  12   0  13 0.00    M    M  7.9 16 270   M    M   1 8      22 210
12  89  62  76  10   0  11 0.03    M    M  5.8 25 310   M    M   2 138    33 320
13  83  67  75   9   0  10 0.13    M    M  5.8 14 280   M    M   6 138    18 270
14  80  65  73   6   0   8 0.73    M    M  4.4 13 230   M    M   4 13     16 230
15  83  68  76   9   0  11 0.66  0.0    0  7.3 17 290   M    M   7 13     21 290
16  81  68  75   8   0  10 0.17  0.0    0 10.1 17 290   M    M   5 1      24 290
17  73  55  64  -3   1   0    T  0.0    M  3.6 15 200   M    M   7 1      21 200
18  82  65  74   6   0   9 0.31    M    M  6.5 24 300   M    M   7 13     36 340
19  81  65  73   5   0   8 0.01    M    M  6.8 16 310   M    M   8        20 310
20  79  66  73   5   0   8 0.90  0.0    M  4.6 12 120   M    M   8 13     16 120
21  83  66  75   7   0  10 0.10  0.0    M  8.4 21 330   M    M   7 1      29 320
22  83  63  73   4   0   8 0.00  0.0    M  5.6 14 270   M    M   1 1      19 270
23  87  62  75   6   0  10 0.30  0.0    M  9.5 29 310   M    M   2 13     38 330
24  78  57  68  -1   0   3 0.00    M    M  6.2 16 300   M    M   1        20 330
25  70  55  63  -6   2   0 0.26    M    M  0.6  7 140   M    M   7 1       9  80
26  77  62  70   1   0   5 0.00  0.0    0  3.8 10 100   M    M   6 128    15  40
27  66  57  62  -7   3   0 2.42  0.0    0  7.1 22 120   M    M   9 1      32 120
28  65  56  61  -9   4   0 0.01  0.0    0  9.5 22 270   M    M   9 1      31 270
================================================================================
SM 2145 1681        39 142  7.37     0.0 184.9          M      160
================================================================================
AV 76.6 60.0                               6.6 FASTST   M    M   6    MAX(MPH)
                                 MISC ---->  # 29 310               # 38  330
================================================================================
NOTES:
# LAST OF SEVERAL OCCURRENCES

COLUMN 17 PEAK WIND IN M.P.H.

PRELIMINARY LOCAL CLIMATOLOGICAL DATA (WS FORM: F-6) , PAGE 2

                                          STATION:  ALTOONA
                                          MONTH:    JUNE
                                          YEAR:     2015
                                          LATITUDE:   40 17 N
                                          LONGITUDE:  78 19 W

[TEMPERATURE DATA]      [PRECIPITATION DATA]       SYMBOLS USED IN COLUMN 16

AVERAGE MONTHLY: 68.3   TOTAL FOR MONTH:   7.37    1 = FOG OR MIST
DPTR FM NORMAL:   1.8   DPTR FM NORMAL:    4.11    2 = FOG REDUCING VISIBILITY
HIGHEST:    89 ON 12,11 GRTST 24HR  2.42 ON 27-27      TO 1/4 MILE OR LESS
LOWEST:     47 ON  7                               3 = THUNDER
                        SNOW, ICE PELLETS, HAIL    4 = ICE PELLETS
                        TOTAL MONTH:   0.0 INCH    5 = HAIL
                        GRTST 24HR     0.0         6 = FREEZING RAIN OR DRIZZLE
                        GRTST DEPTH:   0           7 = DUSTSTORM OR SANDSTORM:
                                                       VSBY 1/2 MILE OR LESS
                                                   8 = SMOKE OR HAZE
[NO. OF DAYS WITH]      [WEATHER - DAYS WITH]      9 = BLOWING SNOW
                                                   X = TORNADO
MAX 32 OR BELOW:   0    0.01 INCH OR MORE:  18
MAX 90 OR ABOVE:   0    0.10 INCH OR MORE:  13
MIN 32 OR BELOW:   0    0.50 INCH OR MORE:   5
MIN  0 OR BELOW:   0    1.00 INCH OR MORE:   1

[HDD (BASE 65) ]
TOTAL THIS MO.    39    CLEAR  (SCALE 0-3)   7
DPTR FM NORMAL   -18    PTCLDY (SCALE 4-7)  14
TOTAL FM JUL 1  6294    CLOUDY (SCALE 8-10)  7
DPTR FM NORMAL    91

[CDD (BASE 65) ]
TOTAL THIS MO.   142
DPTR FM NORMAL    44    [PRESSURE DATA]
TOTAL FM JAN 1   246    HIGHEST SLP M ON M
DPTR FM NORMAL   115    LOWEST  SLP 29.63 ON  9

[REMARKS]
