000
CXUS55 KBOU 261109
CF6APA
PRELIMINARY LOCAL CLIMATOLOGICAL DATA (WS FORM: F-6)

                                          STATION:   CENTENNIAL CO
                                          MONTH:     JUNE
                                          YEAR:      2015
                                          LATITUDE:   39 33 N
                                          LONGITUDE: 104 51 W

  TEMPERATURE IN F:       :PCPN:    SNOW:  WIND      :SUNSHINE: SKY     :PK WND
================================================================================
1   2   3   4   5  6A  6B    7    8   9   10  11  12  13   14  15   16   17  18
                                     12Z  AVG MX 2MIN
DY MAX MIN AVG DEP HDD CDD  WTR  SNW DPTH SPD SPD DIR MIN PSBL S-S WX    SPD DR
================================================================================

 1  83  50  67   6   0   2    T    M    M  8.6 29 290   M    M   5 3      38 300
 2  87  54  71  10   0   6 0.00    M    M  7.7 20 240   M    M   3        28 260
 3  74  50  62   0   3   0 0.28    M    M  8.5 23 350   M    M   7 3      36  10
 4  81  52  67   5   0   2 0.02    M    M  7.6 22 120   M    M   6 138    29 110
 5  68  53  61  -1   4   0 0.97    M    M  5.8 24 310   M    M   7 13     29 310
 6  74  51  63   1   2   0 0.01    M    M  7.1 18 340   M    M   5 3      22 350
 7  73  51  62  -1   3   0 0.04    M    M  7.1 22 110   M    M   4 13     28 100
 8  79  50  65   2   0   0 0.00    M    M  5.8 12 150   M    M   2 8      14  80
 9  83  54  69   6   0   4    T    M    M  6.0 20 360   M    M   5 3      25 360
10  74  59  67   3   0   2 0.09    M    M  4.5 16 350   M    M   8 38     19 340
11  75  53  64   0   1   0 1.75    M    M  7.6 26 360   M    M   9 13     32 360
12  70  54  62  -2   3   0 0.86    M    M  5.0 13 200   M    M   7 1      17 200
13  81  53  67   2   0   2 0.34    M    M  7.8 26 360   M    M   4 13     30 350
14  80  55  68   3   0   3 0.00    M    M  7.3 21 150   M    M   6 8      26 150
15  71  52  62  -3   3   0    T    M    M  5.4 14 250   M    M   6 3      17  80
16  83  57  70   4   0   5 0.03    M    M 11.8 28 360   M    M   7 3      37 360
17  83  54  69   3   0   4 0.04    M    M  6.7 18 170   M    M   5 38     23 180
18  77  60  69   3   0   4    T    M    M  7.9 21  20   M    M   5 38     26  20
19  91  59  75   8   0  10 0.00    M    M  8.5 18 150   M    M   2        21 150
20  83  59  71   4   0   6 0.00    M    M  8.1 18 200   M    M   1        29  80
21  92  59  76   9   0  11 0.00    M    M 11.8 29 170   M    M   5        37 170
22  78  59  69   1   0   4 0.00    M    M  9.4 24 350   M    M   5        29 350
23  90  59  75   7   0  10 0.08    M    M  8.6 22 170   M    M   3 3      26 170
24  89  61  75   7   0  10 0.52    M    M 10.5 31 160   M    M   7 13     42 250
25  86  57  72   3   0   7 0.24    M    M  7.5 26 360   M    M   5 13     44 340
================================================================================
SM 2005 1375        19  92  5.27    M    192.6          M      129
================================================================================
AV 80.2 55.0                               7.7 FASTST   M    M   5    MAX(MPH)
                                 MISC ---->  # 31 160               # 44  340
================================================================================
NOTES:
# LAST OF SEVERAL OCCURRENCES

COLUMN 17 PEAK WIND IN M.P.H.

PRELIMINARY LOCAL CLIMATOLOGICAL DATA (WS FORM: F-6) , PAGE 2

                                          STATION:  CENTENNIAL CO
                                          MONTH:    JUNE
                                          YEAR:     2015
                                          LATITUDE:   39 33 N
                                          LONGITUDE: 104 51 W

[TEMPERATURE DATA]      [PRECIPITATION DATA]       SYMBOLS USED IN COLUMN 16

AVERAGE MONTHLY: 67.6   TOTAL FOR MONTH:   5.27    1 = FOG OR MIST
DPTR FM NORMAL:   2.9   DPTR FM NORMAL:    3.44    2 = FOG REDUCING VISIBILITY
HIGHEST:    92 ON 21    GRTST 24HR  2.57 ON 11-12      TO 1/4 MILE OR LESS
LOWEST:     50 ON  8, 3                            3 = THUNDER
                        SNOW, ICE PELLETS, HAIL    4 = ICE PELLETS
                        TOTAL MONTH:    M          5 = HAIL
                        GRTST 24HR    M  ON   M    6 = FREEZING RAIN OR DRIZZLE
                        GRTST DEPTH:  M  ON   M    7 = DUSTSTORM OR SANDSTORM:
                                                       VSBY 1/2 MILE OR LESS
                                                   8 = SMOKE OR HAZE
[NO. OF DAYS WITH]      [WEATHER - DAYS WITH]      9 = BLOWING SNOW
                                                   X = TORNADO
MAX 32 OR BELOW:   0    0.01 INCH OR MORE:  14
MAX 90 OR ABOVE:   3    0.10 INCH OR MORE:   7
MIN 32 OR BELOW:   0    0.50 INCH OR MORE:   4
MIN  0 OR BELOW:   0    1.00 INCH OR MORE:   1

[HDD (BASE 65) ]
TOTAL THIS MO.    19    CLEAR  (SCALE 0-3)   4
DPTR FM NORMAL   -55    PTCLDY (SCALE 4-7)  19
TOTAL FM JUL 1  5807    CLOUDY (SCALE 8-10)  2
DPTR FM NORMAL  -381

[CDD (BASE 65) ]
TOTAL THIS MO.    92
DPTR FM NORMAL    23    [PRESSURE DATA]
TOTAL FM JAN 1    94    HIGHEST SLP M ON M
DPTR FM NORMAL    14    LOWEST  SLP 29.61 ON 10

[REMARKS]
