000
CXUS54 KLCH 180826
CF6ARA
PRELIMINARY LOCAL CLIMATOLOGICAL DATA (WS FORM: F-6)

                                          STATION:   NEW IBERIA
                                          MONTH:     JANUARY
                                          YEAR:      2018
                                          LATITUDE:   30  1 N
                                          LONGITUDE:  91 53 W

  TEMPERATURE IN F:       :PCPN:    SNOW:  WIND      :SUNSHINE: SKY     :PK WND
================================================================================
1   2   3   4   5  6A  6B    7    8   9   10  11  12  13   14  15   16   17  18
                                     12Z  AVG MX 2MIN
DY MAX MIN AVG DEP HDD CDD  WTR  SNW DPTH SPD SPD DIR MIN PSBL S-S WX    SPD DR
================================================================================

 1  32  24  28 -25  37   0 0.00    M    0 18.0 25  10   M    M   0        32 360
 2  32  22  27 -26  38   0 0.00    M    0 12.0 24  40   M    M   8        31  40
 3  43  26  35 -18  30   0    T    T    0  8.1 22 360   M    M   3        26 360
 4  50  23  37 -16  28   0 0.00  0.0    0  3.9 12 330   M    M   0        15 330
 5  51  30  41 -12  24   0 0.00  0.0    0  3.2  9  70   M    M   1        11  60
 6  61  31  46  -7  19   0 0.00  0.0    0  5.6 13  80   M    M   2 8      15  90
 7  67  44  56   3   9   0 0.42    M    0 14.9 31 150   M    M   9 1      40 160
 8  67  52  60   7   5   0 0.83  0.0    0 11.5 20 360   M    M   9 13     25 360
 9  57  50  54   1  11   0 0.00  0.0    0  8.9 18 360   M    M  10 1      22 360
10  63  52  58   5   7   0 0.00  0.0    0  4.4 13 140   M    M  10 12     15 150
11  72  56  64  11   1   0 0.42  0.0    0  7.0 25 250   M    M  10 123    34 250
12  57  31  44  -9  21   0    T    M    0 16.0 28 310   M    M   7 1      34 320
13  46  30  38 -15  27   0    T    M    0 12.1 22 360   M    M   0        25 360
14  51  26  39 -14  26   0 0.00  0.0    0  6.4 14  30   M    M   0 8      18  40
15  60  27  44  -9  21   0 0.00    M    0  3.2 10 190   M    M   0        13 180
16  46  24  35 -18  30   0 0.01    T    T 15.6 30  10   M    M   9 146    35 360
17  32  17  25 -28  40   0 0.00  0.0    0 14.9 24  20   M    M   0        30  10
================================================================================
SM  887  565       374   0  1.68    T    165.7          M       78
================================================================================
AV 52.2 33.2                               9.7 FASTST   M    M   5    MAX(MPH)
                                 MISC ---->  # 31 150               # 40  160
================================================================================
NOTES:
# LAST OF SEVERAL OCCURRENCES

COLUMN 17 PEAK WIND IN M.P.H.

PRELIMINARY LOCAL CLIMATOLOGICAL DATA (WS FORM: F-6) , PAGE 2

                                          STATION:  NEW IBERIA
                                          MONTH:    JANUARY
                                          YEAR:     2018
                                          LATITUDE:   30  1 N
                                          LONGITUDE:  91 53 W

[TEMPERATURE DATA]      [PRECIPITATION DATA]       SYMBOLS USED IN COLUMN 16

AVERAGE MONTHLY: 42.7   TOTAL FOR MONTH:   1.68    1 = FOG OR MIST
DPTR FM NORMAL: -10.3   DPTR FM NORMAL:   -1.14    2 = FOG REDUCING VISIBILITY
HIGHEST:    72 ON 11    GRTST 24HR  0.83 ON  8- 8      TO 1/4 MILE OR LESS
LOWEST:     17 ON 17                               3 = THUNDER
                        SNOW, ICE PELLETS, HAIL    4 = ICE PELLETS
                        TOTAL MONTH:    T          5 = HAIL
                        GRTST 24HR    T  ON 16-16  6 = FREEZING RAIN OR DRIZZLE
                        GRTST DEPTH:   T           7 = DUSTSTORM OR SANDSTORM:
                                                       VSBY 1/2 MILE OR LESS
                                                   8 = SMOKE OR HAZE
[NO. OF DAYS WITH]      [WEATHER - DAYS WITH]      9 = BLOWING SNOW
                                                   X = TORNADO
MAX 32 OR BELOW:   3    0.01 INCH OR MORE:   4
MAX 90 OR ABOVE:   0    0.10 INCH OR MORE:   3
MIN 32 OR BELOW:  12    0.50 INCH OR MORE:   1
MIN  0 OR BELOW:   0    1.00 INCH OR MORE:   0

[HDD (BASE 65) ]
TOTAL THIS MO.   374    CLEAR  (SCALE 0-3)   8
DPTR FM NORMAL   153    PTCLDY (SCALE 4-7)   3
TOTAL FM JUL 1   921    CLOUDY (SCALE 8-10)  6
DPTR FM NORMAL   153

[CDD (BASE 65) ]
TOTAL THIS MO.     0
DPTR FM NORMAL    -9    [PRESSURE DATA]
TOTAL FM JAN 1     0    HIGHEST SLP M ON M
DPTR FM NORMAL    -9    LOWEST  SLP 29.73 ON 11

[REMARKS]
