000
CXUS54 KHGX 271415
CF6ARM
PRELIMINARY LOCAL CLIMATOLOGICAL DATA (WS FORM: F-6)

                                          STATION:   Wharton
                                          MONTH:     AUGUST
                                          YEAR:      2016
                                          LATITUDE:   29 15 N
                                          LONGITUDE:  96  9 W

  TEMPERATURE IN F:       :PCPN:    SNOW:  WIND      :SUNSHINE: SKY     :PK WND
================================================================================
1   2   3   4   5  6A  6B    7    8   9   10  11  12  13   14  15   16   17  18
                                     12Z  AVG MX 2MIN
DY MAX MIN AVG DEP HDD CDD  WTR  SNW DPTH SPD SPD DIR MIN PSBL S-S WX    SPD DR
================================================================================

 1  95  90  93   M   0  28 0.00  0.0    M  5.5  6 180   M    M   0         M  M
 2  97  75  86   M   0  21 0.00  0.0    M  7.1 10 140   M    M   0 8       M  M
 3  99  77  88   M   0  23 0.00  0.0    0  5.8 12 160   M    M   2         M  M
 4  98  73  86   M   0  21 0.06  0.0    0  3.5 12 150   M    M   2 1       M  M
 5  98  74  86   M   0  21 0.08  0.0    0  4.0 10 160   M    M   1 1       M  M
 6  99  74  87   M   0  22 0.00  0.0    0  4.5 12 180   M    M   1 1      17 160
 7 101  73  87   M   0  22 0.00  0.0    0  4.1 13 150   M    M   2 1      17 140
 8 101  74  88   M   0  23 0.00  0.0    0  4.7 15 150   M    M   1 1       M  M
 9 101  74  88   M   0  23 0.00  0.0    0  4.7 13 150   M    M   2         M  M
10 101  76  89   M   0  24 0.00  0.0    0  5.2 14 170   M    M   2 18     18 170
11 101  75  88   M   0  23 0.00  0.0    0  6.7 17 170   M    M   2 1      20 170
12  96  73  85   M   0  20 0.00  0.0    0  6.9 18 170   M    M   1 1      23 170
13  96  74  85   M   0  20 3.27  0.0    0  6.4 28 310   M    M   4 13     33 310
14  88  73  81   M   0  16 0.18  0.0    0  5.3 12 230   M    M   4         M  M
15  88  74  81   M   0  16 0.83  0.0    0  3.3  7  60   M    M   4 13      M  M
16  82  73  78   M   0  13 1.93  0.0    0  5.8 14 150   M    M   5 13      M  M
17  84  73  79   M   0  14 0.36  0.0    0  4.0 13 120   M    M   3 3       M  M
18  87  73  80   M   0  15 0.38  0.0    0  1.5 14 270   M    M   2 13      M  M
19  90  74  82   M   0  17 0.00  0.0    0  5.5 14 170   M    M   1 13      M  M
20  90  74  82   M   0  17 0.01  0.0    0  5.8 16 140   M    M   1 3      21 140
21  84  74  79   M   0  14 0.21  0.0    0  2.6  9  60   M    M   2 3       M  M
22  90  73  82   M   0  17 0.29  0.0    0  4.3 15 140   M    M   2 13     16 170
23  91  75  83   M   0  18 0.00  0.0    0  6.0 13 160   M    M   1 1      17 160
24  91  74  83   M   0  18 0.00  0.0    0  4.4 10 140   M    M   1 1       M  M
25  91  74  83   M   0  18 0.00  0.0    0  2.4  9 140   M    M   2 13      M  M
26  87  73  80   M   0  15 1.63  0.0    0  2.1 10 220   M    M   2 13      M  M
================================================================================
SM 2426 1939         0 499  9.23     0.0 122.1          M       50
================================================================================
AV 93.3 74.6                               4.7 FASTST   M    M   2    MAX(MPH)
                                 MISC ---->    28   M                 33    M
================================================================================
NOTES:
# LAST OF SEVERAL OCCURRENCES

COLUMN 17 PEAK WIND IN M.P.H.

PRELIMINARY LOCAL CLIMATOLOGICAL DATA (WS FORM: F-6) , PAGE 2

                                          STATION:  Wharton
                                          MONTH:    AUGUST
                                          YEAR:     2016
                                          LATITUDE:   29 15 N
                                          LONGITUDE:  96  9 W

[TEMPERATURE DATA]      [PRECIPITATION DATA]       SYMBOLS USED IN COLUMN 16

AVERAGE MONTHLY: 83.9   TOTAL FOR MONTH:   9.23    1 = FOG OR MIST
DPTR FM NORMAL:     M   DPTR FM NORMAL:       M    2 = FOG REDUCING VISIBILITY
HIGHEST:   101 ON 11,10 GRTST 24HR  3.27 ON 13-13      TO 1/4 MILE OR LESS
LOWEST:     73 ON 26,22                            3 = THUNDER
                        SNOW, ICE PELLETS, HAIL    4 = ICE PELLETS
                        TOTAL MONTH:   0.0 INCH    5 = HAIL
                        GRTST 24HR     0.0         6 = FREEZING RAIN OR DRIZZLE
                        GRTST DEPTH:   0           7 = DUSTSTORM OR SANDSTORM:
                                                       VSBY 1/2 MILE OR LESS
                                                   8 = SMOKE OR HAZE
[NO. OF DAYS WITH]      [WEATHER - DAYS WITH]      9 = BLOWING SNOW
                                                   X = TORNADO
MAX 32 OR BELOW:   0    0.01 INCH OR MORE:  12
MAX 90 OR ABOVE:  19    0.10 INCH OR MORE:   9
MIN 32 OR BELOW:   0    0.50 INCH OR MORE:   4
MIN  0 OR BELOW:   0    1.00 INCH OR MORE:   3

[HDD (BASE 65) ]
TOTAL THIS MO.     0    CLEAR  (SCALE 0-3)  22
DPTR FM NORMAL     M    PTCLDY (SCALE 4-7)   4
TOTAL FM JUL 1     0    CLOUDY (SCALE 8-10)  0
DPTR FM NORMAL     M

[CDD (BASE 65) ]
TOTAL THIS MO.   499
DPTR FM NORMAL     M    [PRESSURE DATA]
TOTAL FM JAN 1  2366    HIGHEST SLP M ON M
DPTR FM NORMAL     M    LOWEST  SLP M ON M

[REMARKS]
