000
CXUS53 KARX 251651
CF6ARX
PRELIMINARY LOCAL CLIMATOLOGICAL DATA (WS FORM: F-6)

                                          STATION:   La Crosse Weather Office WI
                                          MONTH:     FEBRUARY
                                          YEAR:      2018
                                          LATITUDE:   43 49 N
                                          LONGITUDE:  91 12 W

  TEMPERATURE IN F:       :PCPN:    SNOW:  WIND      :SUNSHINE: SKY     :PK WND
================================================================================
1   2   3   4   5  6A  6B    7    8   9   10  11  12  13   14  15   16   17  18
                                     12Z  AVG MX 2MIN
DY MAX MIN AVG DEP HDD CDD  WTR  SNW DPTH SPD SPD DIR MIN PSBL S-S WX    SPD DR
================================================================================

 1  25  -3  11  -6  54   0    T    T    T   M   M   M   M    M   M        33  M
 2  15  -6   5 -12  60   0    T    T    0   M   M   M   M    M   M        29  M
 3  25  14  20   3  45   0 0.15  2.0    0   M   M   M   M    M   M 1      21  M
 4  15  -7   4 -13  61   0 0.03  0.9    3   M   M   M   M    M   M        23  M
 5   9  -7   1 -17  64   0 0.06  0.8    3   M   M   M   M    M   M        23  M
 6  11  -5   3 -15  62   0    T  0.2    4   M   M   M   M    M   M        18  M
 7  15   3   9  -9  56   0 0.02  0.7    4   M   M   M   M    M   M        18  M
 8  22   3  13  -5  52   0 0.02  0.8    4   M   M   M   M    M   M         5  M
 9  17   3  10  -8  55   0 0.06  1.8    6   M   M   M   M    M   M        16  M
10  16   1   9 -10  56   0 0.00  0.0    6   M   M   M   M    M   M        16  M
11  23   5  14  -5  51   0 0.00  0.0    5   M   M   M   M    M   M         7  M
12  17   2  10  -9  55   0 0.00  0.0    5   M   M   M   M    M   M         8  M
13  32  10  21   1  44   0 0.00  0.0    4   M   M   M   M    M   M        26  M
14  47  23  35  15  30   0 0.00  0.0    4   M   M   M   M    M   M        27  M
15  42  26  34  14  31   0 0.01  0.2    1   M   M   M   M    M   M        27 330
16  27   7  17  -4  48   0    T    T    T   M   M   M   M    M   M        25 310
17  28  12  20  -1  45   0 0.06  0.6    T   M   M   M   M    M   M        25 160
18  40  18  29   8  36   0 0.00  0.0    1   M   M   M   M    M   M        40 180
19  37  28  33  11  32   0 0.03  0.0    T   M   M   M   M    M   M 126    40  M
20  29  13  21  -1  44   0 0.24    T    T   M   M   M   M    M   M 126    21 360
21  24   6  15  -7  50   0    T    T    T   M   M   M   M    M   M        13 320
22  29  14  22  -1  43   0 0.01  0.1    T   M   M   M   M    M   M 6      18  M
23  33  18  26   3  39   0 0.25    T    T   M   M   M   M    M   M 16     20  M
24  33  16  25   1  40   0 0.32  2.0    T   M   M   M   M    M   M 46     24  M
================================================================================
SM  611  194      1153   0  1.26    10.1     M          M        M
================================================================================
AV 25.5  8.1                                 M FASTST   M    M   5    MAX(MPH)
                                 MISC ---->     M   M               # 40  180
================================================================================
NOTES:
# LAST OF SEVERAL OCCURRENCES

COLUMN 17 PEAK WIND IN M.P.H.

PRELIMINARY LOCAL CLIMATOLOGICAL DATA (WS FORM: F-6) , PAGE 2

                                          STATION:  La Crosse Weather Office WI
                                          MONTH:    FEBRUARY
                                          YEAR:     2018
                                          LATITUDE:   43 49 N
                                          LONGITUDE:  91 12 W

[TEMPERATURE DATA]      [PRECIPITATION DATA]       SYMBOLS USED IN COLUMN 16

AVERAGE MONTHLY: 16.8   TOTAL FOR MONTH:   1.26    1 = FOG OR MIST
DPTR FM NORMAL:  -3.0   DPTR FM NORMAL:    0.45    2 = FOG REDUCING VISIBILITY
HIGHEST:    47 ON 14    GRTST 24HR  0.32 ON 24-24      TO 1/4 MILE OR LESS
LOWEST:     -7 ON  5, 4                            3 = THUNDER
                        SNOW, ICE PELLETS, HAIL    4 = ICE PELLETS
                        TOTAL MONTH:  10.1 INCHES  5 = HAIL
                        GRTST 24HR   2.0 ON 24-24  6 = FREEZING RAIN OR DRIZZLE
                        GRTST DEPTH:   6 ON 10, 9  7 = DUSTSTORM OR SANDSTORM:
                                                       VSBY 1/2 MILE OR LESS
                                                   8 = SMOKE OR HAZE
[NO. OF DAYS WITH]      [WEATHER - DAYS WITH]      9 = BLOWING SNOW
                                                   X = TORNADO
MAX 32 OR BELOW:  18    0.01 INCH OR MORE:  13
MAX 90 OR ABOVE:   0    0.10 INCH OR MORE:   4
MIN 32 OR BELOW:  24    0.50 INCH OR MORE:   0
MIN  0 OR BELOW:   5    1.00 INCH OR MORE:   0

[HDD (BASE 65) ]
TOTAL THIS MO.  1153    CLEAR  (SCALE 0-3)   0
DPTR FM NORMAL    68    PTCLDY (SCALE 4-7)   0
TOTAL FM JUL 1  5552    CLOUDY (SCALE 8-10)  0
DPTR FM NORMAL   -98

[CDD (BASE 65) ]
TOTAL THIS MO.     0
DPTR FM NORMAL     0    [PRESSURE DATA]
TOTAL FM JAN 1     0    HIGHEST SLP M ON M
DPTR FM NORMAL     0    LOWEST  SLP M ON M

[REMARKS]
