000
CXUS56 KPQR 161200
CF6AST
PRELIMINARY LOCAL CLIMATOLOGICAL DATA (WS FORM: F-6)

                                          STATION:   ASTORIA OR
                                          MONTH:     JANUARY
                                          YEAR:      2018
                                          LATITUDE:   46  9 N
                                          LONGITUDE: 123 53 W

  TEMPERATURE IN F:       :PCPN:    SNOW:  WIND      :SUNSHINE: SKY     :PK WND
================================================================================
1   2   3   4   5  6A  6B    7    8   9   10  11  12  13   14  15   16   17  18
                                     12Z  AVG MX 2MIN
DY MAX MIN AVG DEP HDD CDD  WTR  SNW DPTH SPD SPD DIR MIN PSBL S-S WX    SPD DR
================================================================================

 1  48  33  41  -2  24   0 0.00    M    0  6.5 13  40   M    M   0        17 360
 2  48  36  42  -1  23   0 0.00    M    0  8.8 14  80   M    M   1        16  70
 3  51  41  46   3  19   0 0.00  0.0    0  9.8 16  50   M    M   2        19  50
 4  52  43  48   5  17   0 0.60    M    0  7.8 15  70   M    M   5 18     17  70
 5  53  45  49   6  16   0 0.74    M    0  7.7 21 310   M    M   9 1      30 200
 6  50  39  45   2  20   0 0.20  0.0    0  3.3 14 270   M    M   6 1      20 300
 7  47  42  45   2  20   0 0.79  0.0    0  5.4 10  90   M    M  10 1      14 150
 8  49  44  47   4  18   0 0.08    M    0  4.0  8  20   M    M  10 1      13  70
 9  49  38  44   0  21   0 0.14    M    0  5.1 15 280   M    M   8 1      20 280
10  50  39  45   1  20   0 0.25    M    0  4.5 18 210   M    M  10 18     24 210
11  54  47  51   7  14   0 1.44    M    0 16.6 32 200   M    M  10 1      50 220
12  52  48  50   6  15   0 0.10    M    M 10.3 21 200   M    M   9 1      34 190
13  58  46  52   8  13   0 0.06    M    M  6.6 14  90   M    M   2 1      17  90
14  61  48  55  11  10   0 0.00    M    M  8.0 15  70   M    M   0        20  90
15  60  47  54  10  11   0 0.06    M    M  8.6 22 110   M    M   3 1      34 180
================================================================================
SM  782  636       261   0  4.46     0.0 113.0          M       85
================================================================================
AV 52.1 42.4                               7.5 FASTST   M    M   6    MAX(MPH)
                                 MISC ---->  # 32 200               # 50  220
================================================================================
NOTES:
# LAST OF SEVERAL OCCURRENCES

COLUMN 17 PEAK WIND IN M.P.H.

PRELIMINARY LOCAL CLIMATOLOGICAL DATA (WS FORM: F-6) , PAGE 2

                                          STATION:  ASTORIA OR
                                          MONTH:    JANUARY
                                          YEAR:     2018
                                          LATITUDE:   46  9 N
                                          LONGITUDE: 123 53 W

[TEMPERATURE DATA]      [PRECIPITATION DATA]       SYMBOLS USED IN COLUMN 16

AVERAGE MONTHLY: 47.3   TOTAL FOR MONTH:   4.46    1 = FOG OR MIST
DPTR FM NORMAL:   3.8   DPTR FM NORMAL:   -0.72    2 = FOG REDUCING VISIBILITY
HIGHEST:    61 ON 14    GRTST 24HR  1.44 ON 11-11      TO 1/4 MILE OR LESS
LOWEST:     33 ON  1                               3 = THUNDER
                        SNOW, ICE PELLETS, HAIL    4 = ICE PELLETS
                        TOTAL MONTH:   0.0 INCH    5 = HAIL
                        GRTST 24HR     0.0         6 = FREEZING RAIN OR DRIZZLE
                        GRTST DEPTH:   0           7 = DUSTSTORM OR SANDSTORM:
                                                       VSBY 1/2 MILE OR LESS
                                                   8 = SMOKE OR HAZE
[NO. OF DAYS WITH]      [WEATHER - DAYS WITH]      9 = BLOWING SNOW
                                                   X = TORNADO
MAX 32 OR BELOW:   0    0.01 INCH OR MORE:  11
MAX 90 OR ABOVE:   0    0.10 INCH OR MORE:   8
MIN 32 OR BELOW:   0    0.50 INCH OR MORE:   4
MIN  0 OR BELOW:   0    1.00 INCH OR MORE:   1

[HDD (BASE 65) ]
TOTAL THIS MO.   261    CLEAR  (SCALE 0-3)   6
DPTR FM NORMAL   -63    PTCLDY (SCALE 4-7)   2
TOTAL FM JUL 1  2247    CLOUDY (SCALE 8-10)  7
DPTR FM NORMAL  -183

[CDD (BASE 65) ]
TOTAL THIS MO.     0
DPTR FM NORMAL     0    [PRESSURE DATA]
TOTAL FM JAN 1     0    HIGHEST SLP M ON M
DPTR FM NORMAL     0    LOWEST  SLP 29.61 ON  9

[REMARKS]
