873
CXUS56 KPQR 261200
CF6AST
PRELIMINARY LOCAL CLIMATOLOGICAL DATA (WS FORM: F-6)

                                          STATION:   ASTORIA OR
                                          MONTH:     SEPTEMBER
                                          YEAR:      2016
                                          LATITUDE:   46  9 N
                                          LONGITUDE: 123 53 W

  TEMPERATURE IN F:       :PCPN:    SNOW:  WIND      :SUNSHINE: SKY     :PK WND
================================================================================
1   2   3   4   5  6A  6B    7    8   9   10  11  12  13   14  15   16   17  18
                                     12Z  AVG MX 2MIN
DY MAX MIN AVG DEP HDD CDD  WTR  SNW DPTH SPD SPD DIR MIN PSBL S-S WX    SPD DR
================================================================================

 1  65  58  62   2   3   0 0.34  0.0    0  6.8 20 220   M    M   7 1      28 220
 2  69  54  62   2   3   0 0.21  0.0    0  7.5 16 260   M    M   6 1      20 220
 3  68  55  62   2   3   0 0.02  0.0    0  7.3 15 300   M    M   6 12     19 300
 4  66  53  60   0   5   0 0.00  0.0    0  4.2 13 300   M    M   7        17 260
 5  68  55  62   2   3   0 0.25  0.0    0  4.9 14 250   M    M   8 1      17 250
 6  67  58  63   3   2   0 0.19  0.0    0  7.9 18 200   M    M  10 18     27 180
 7  69  58  64   4   1   0 0.02  0.0    0  5.6 12 330   M    M   8 1      15 280
 8  68  54  61   1   4   0 0.04  0.0    0  9.2 17 310   M    M   7 1      22 320
 9  76  48  62   2   3   0 0.00  0.0    0  7.0 21 320   M    M   1 1      25 320
10  74  51  63   3   2   0 0.00  0.0    0  8.6 20 310   M    M   3        23 300
11  67  50  59   0   6   0 0.00  0.0    0  7.7 15 310   M    M   6        24  70
12  78  45  62   3   3   0 0.00  0.0    0  5.2 15 320   M    M   0        20 320
13  80  48  64   5   1   0 0.00  0.0    0  6.4 17 320   M    M   0        21 320
14  63  46  55  -4  10   0 0.00  0.0    0  7.5 21 220   M    M   4        26 220
15  68  53  61   2   4   0 0.00  0.0    0  4.7 14 280   M    M   5 1      17 280
16  66  53  60   1   5   0    T  0.0    0  4.8 13 270   M    M   9 1      17 270
17  64  60  62   4   3   0 0.76  0.0    0 11.8 23 200   M    M  10 1      32 190
18  69  57  63   5   2   0 0.04  0.0    0  4.6 13 250   M    M   4 1      16 340
19  68  52  60   2   5   0 0.07  0.0    0  7.6 15 250   M    M   3 18     20 190
20  67  49  58   0   7   0 0.00  0.0    0  6.0 14 300   M    M   4        20 320
21  70  46  58   0   7   0 0.00  0.0    0  6.4 21 310   M    M   3 12     25 330
22  66  49  58   0   7   0 0.00  0.0    0  5.9 14 270   M    M   6        18 280
23  65  52  59   2   6   0 0.18  0.0    0  7.6 28 200   M    M   8 18     40 220
24  70  48  59   2   6   0    T    M    0  4.6 13  40   M    M   5 1      14  40
25  78  59  69  12   0   4 0.00  0.0    0  3.9 14 310   M    M   4        17 310
================================================================================
SM 1729 1311       101   4  2.12     0.0 163.7          M      134
================================================================================
AV 69.2 52.4                               6.5 FASTST   M    M   5    MAX(MPH)
                                 MISC ---->  # 28 200               # 40  220
================================================================================
NOTES:
# LAST OF SEVERAL OCCURRENCES

COLUMN 17 PEAK WIND IN M.P.H.

PRELIMINARY LOCAL CLIMATOLOGICAL DATA (WS FORM: F-6) , PAGE 2

                                          STATION:  ASTORIA OR
                                          MONTH:    SEPTEMBER
                                          YEAR:     2016
                                          LATITUDE:   46  9 N
                                          LONGITUDE: 123 53 W

[TEMPERATURE DATA]      [PRECIPITATION DATA]       SYMBOLS USED IN COLUMN 16

AVERAGE MONTHLY: 60.8   TOTAL FOR MONTH:   2.12    1 = FOG OR MIST
DPTR FM NORMAL:   1.9   DPTR FM NORMAL:    0.46    2 = FOG REDUCING VISIBILITY
HIGHEST:    80 ON 13    GRTST 24HR  0.80 ON 17-18      TO 1/4 MILE OR LESS
LOWEST:     45 ON 12                               3 = THUNDER
                        SNOW, ICE PELLETS, HAIL    4 = ICE PELLETS
                        TOTAL MONTH:   0.0 INCH    5 = HAIL
                        GRTST 24HR     0.0         6 = FREEZING RAIN OR DRIZZLE
                        GRTST DEPTH:   0           7 = DUSTSTORM OR SANDSTORM:
                                                       VSBY 1/2 MILE OR LESS
                                                   8 = SMOKE OR HAZE
[NO. OF DAYS WITH]      [WEATHER - DAYS WITH]      9 = BLOWING SNOW
                                                   X = TORNADO
MAX 32 OR BELOW:   0    0.01 INCH OR MORE:  11
MAX 90 OR ABOVE:   0    0.10 INCH OR MORE:   6
MIN 32 OR BELOW:   0    0.50 INCH OR MORE:   1
MIN  0 OR BELOW:   0    1.00 INCH OR MORE:   0

[HDD (BASE 65) ]
TOTAL THIS MO.   101    CLEAR  (SCALE 0-3)   5
DPTR FM NORMAL   -55    PTCLDY (SCALE 4-7)  16
TOTAL FM JUL 1   222    CLOUDY (SCALE 8-10)  4
DPTR FM NORMAL  -215

[CDD (BASE 65) ]
TOTAL THIS MO.     4
DPTR FM NORMAL     4    [PRESSURE DATA]
TOTAL FM JAN 1    59    HIGHEST SLP M ON M
DPTR FM NORMAL    52    LOWEST  SLP 29.88 ON 13

[REMARKS]
