000
CXUS52 KFFC 291110
CF6ATL
PRELIMINARY LOCAL CLIMATOLOGICAL DATA (WS FORM: F-6)

                                          STATION:   ATLANTA
                                          MONTH:     AUGUST
                                          YEAR:      2015
                                          LATITUDE:   33 39 N
                                          LONGITUDE:  84 26 W

  TEMPERATURE IN F:       :PCPN:    SNOW:  WIND      :SUNSHINE: SKY     :PK WND
================================================================================
1   2   3   4   5  6A  6B    7    8   9   10  11  12  13   14  15   16   17  18
                                     12Z  AVG MX 2MIN
DY MAX MIN AVG DEP HDD CDD  WTR  SNW DPTH SPD SPD DIR MIN PSBL S-S WX    SPD DR
================================================================================

 1  89  73  81   1   0  16 0.00  0.0    0  7.2 21  60   M    M   5        25  40
 2  94  70  82   2   0  17 0.00  0.0    0  5.7 15  70   M    M   4        21  20
 3  94  73  84   4   0  19    T  0.0    0  3.7 18 170   M    M   5        26 170
 4  97  74  86   6   0  21 0.00  0.0    0  4.1 12 290   M    M   5        16 280
 5  95  74  85   5   0  20 0.00  0.0    0  6.8 21 170   M    M   5        28 170
 6  88  73  81   1   0  16 0.12  0.0    0  7.7 22 290   M    M   8 13     29 290
 7  88  73  81   1   0  16    T  0.0    0  9.6 23 320   M    M   6 1      28 330
 8  92  70  81   1   0  16 0.00  0.0    0  4.1 12  90   M    M   4        13  90
 9  93  73  83   3   0  18    T  0.0    0  4.8 10 230   M    M   5        16 160
10  94  75  85   5   0  20 0.05  0.0    0  6.3 22  20   M    M   7 3      28  10
11  91  72  82   2   0  17 0.01  0.0    0  8.0 16 350   M    M   7        21 260
12  90  71  81   1   0  16 0.00  0.0    0  9.2 17 350   M    M   2        22 340
13  89  71  80   0   0  15    T  0.0    0  7.0 17  60   M    M   6 3      22 190
14  90  72  81   1   0  16 0.00  0.0    0  7.1 17 100   M    M   7        23  90
15  90  71  81   1   0  16 0.00  0.0    0  5.7 14 130   M    M   5        18 120
16  90  71  81   1   0  16    T  0.0    0  6.4 17  90   M    M   8        25  90
17  89  71  80   0   0  15 1.26  0.0    0  7.0 10 160   M    M   9 13      M  M
18  88  72  80   0   0  15 0.72  0.0    0  6.2 23 340   M    M   9 13     28 340
19  89  73  81   2   0  16 1.25  0.0    0  5.9 22 290   M    M   8 1238   25 290
20  88  73  81   2   0  16 0.27  0.0    0  5.7 17 310   M    M   8 1      22 310
21  89  73  81   2   0  16    T  0.0    0  5.6 12 340   M    M   8        16 350
22  92  74  83   4   0  18 0.00  0.0    0  2.7  9 290   M    M   8        10 290
23  87  70  79   0   0  14 1.42  0.0    0  6.0 18  80   M    M   6 123    21  80
24  89  72  81   2   0  16 0.00  0.0    0  8.8 15 340   M    M   2        23 350
25  84  64  74  -5   0   9 0.00  0.0    0 10.6 16 320   M    M   1        22 320
26  86  60  73  -6   0   8 0.00  0.0    0  8.7 16 350   M    M   2        22 350
27  85  67  76  -2   0  11 0.00  0.0    0  9.3 16  80   M    M   3        22  60
28  83  70  77  -1   0  12 0.00  0.0    0  9.0 17  90   M    M   7 18     22  80
================================================================================
SM 2513 1995         0 441  5.10     0.0 188.9          M      160
================================================================================
AV 89.8 71.2                               6.7 FASTST   M    M   6    MAX(MPH)
                                 MISC ---->  # 23 320               # 29  290
================================================================================
NOTES:
# LAST OF SEVERAL OCCURRENCES

COLUMN 17 PEAK WIND IN M.P.H.

PRELIMINARY LOCAL CLIMATOLOGICAL DATA (WS FORM: F-6) , PAGE 2

                                          STATION:  ATLANTA
                                          MONTH:    AUGUST
                                          YEAR:     2015
                                          LATITUDE:   33 39 N
                                          LONGITUDE:  84 26 W

[TEMPERATURE DATA]      [PRECIPITATION DATA]       SYMBOLS USED IN COLUMN 16

AVERAGE MONTHLY: 80.5   TOTAL FOR MONTH:   5.10    1 = FOG OR MIST
DPTR FM NORMAL:   0.9   DPTR FM NORMAL:    1.58    2 = FOG REDUCING VISIBILITY
HIGHEST:    97 ON  4    GRTST 24HR  1.84 ON 18-19      TO 1/4 MILE OR LESS
LOWEST:     60 ON 26                               3 = THUNDER
                        SNOW, ICE PELLETS, HAIL    4 = ICE PELLETS
                        TOTAL MONTH:   0.0 INCH    5 = HAIL
                        GRTST 24HR     0.0         6 = FREEZING RAIN OR DRIZZLE
                        GRTST DEPTH:   0           7 = DUSTSTORM OR SANDSTORM:
                                                       VSBY 1/2 MILE OR LESS
                                                   8 = SMOKE OR HAZE
[NO. OF DAYS WITH]      [WEATHER - DAYS WITH]      9 = BLOWING SNOW
                                                   X = TORNADO
MAX 32 OR BELOW:   0    0.01 INCH OR MORE:   8
MAX 90 OR ABOVE:  13    0.10 INCH OR MORE:   6
MIN 32 OR BELOW:   0    0.50 INCH OR MORE:   4
MIN  0 OR BELOW:   0    1.00 INCH OR MORE:   3

[HDD (BASE 65) ]
TOTAL THIS MO.     0    CLEAR  (SCALE 0-3)   4
DPTR FM NORMAL     0    PTCLDY (SCALE 4-7)  20
TOTAL FM JUL 1     0    CLOUDY (SCALE 8-10)  4
DPTR FM NORMAL     0

[CDD (BASE 65) ]
TOTAL THIS MO.   441
DPTR FM NORMAL    33    [PRESSURE DATA]
TOTAL FM JAN 1  1763    HIGHEST SLP M ON M
DPTR FM NORMAL   263    LOWEST  SLP 29.77 ON  7

[REMARKS]
