000
CXUS54 KMAF 231100
CF6ATS
PRELIMINARY LOCAL CLIMATOLOGICAL DATA (WS FORM: F-6)

                                          STATION:   Artesia
                                          MONTH:     MARCH
                                          YEAR:      2017
                                          LATITUDE:   32 54 N
                                          LONGITUDE: 104 30 W

  TEMPERATURE IN F:       :PCPN:    SNOW:  WIND      :SUNSHINE: SKY     :PK WND
================================================================================
1   2   3   4   5  6A  6B    7    8   9   10  11  12  13   14  15   16   17  18
                                     12Z  AVG MX 2MIN
DY MAX MIN AVG DEP HDD CDD  WTR  SNW DPTH SPD SPD DIR MIN PSBL S-S WX    SPD DR
================================================================================

 1  61  39  50   M  15   0 0.00  0.0    0  7.2 14  40   M    M   0        15  60
 2  63  27  45   M  20   0 0.00  0.0    0  5.2 14 150   M    M   0        22 150
 3  59  32  46   M  19   0 0.00  0.0    0  8.4 18 160   M    M   0        24 160
 4  73  36  55   M  10   0 0.00  0.0    0 11.8 27 150   M    M   1        32 150
 5  79  39  59   M   6   0 0.00  0.0    0 12.8 24 230   M    M   3 12     32 210
 6  79  50  65   M   0   0 0.00  0.0    0 19.5 41 240   M    M   0        53 250
 7  66  34  50   M  15   0 0.00  0.0    0  8.2 14 140   M    M   0 8      21 150
 8  79  32  56   M   9   0 0.00  0.0    0  5.3 14 260   M    M   0 8      20 160
 9  84  39  62   M   3   0 0.00  0.0    0  6.2 13 280   M    M   0        12  30
10  77  41  59   M   6   0 0.00  0.0    0 11.6 23 340   M    M   0        28 360
11  79  46  63   M   2   0 0.00  0.0    0 11.8 32  10   M    M   4 123    40  10
12  68  43  56   M   9   0 0.00  0.0    0 10.3 20 150   M    M   5 1      21 160
13  64  43  54   M  11   0 0.00  0.0    0 12.0 22 360   M    M   0        25 330
14  84  39  62   M   3   0 0.00  0.0    0  7.5 14 270   M    M   0         M  M
15  79  41  60   M   5   0 0.00  0.0    0  8.1 14 340   M    M   0        17 330
16  86  45  66   M   0   1 0.00  0.0    0  8.1 16 260   M    M   2 12      M  M
17  84  48  66   M   0   1 0.00  0.0    0 10.5 20 350   M    M   0        21  10
18  84  50  67   M   0   2 0.00  0.0    0 10.1 16 140   M    M   0        14  10
19  91  48  70   M   0   5 0.00  0.0    0  7.4 18 240   M    M   0        18 240
20  90  50  70   M   0   5 0.00  0.0    0  5.6 13 270   M    M   0        13 350
21  90  52  71   M   0   6 0.00  0.0    0  7.8 15 290   M    M   0        14 160
22  86  48  67   M   0   2 0.00  0.0    0 10.3 27 160   M    M   0        27 140
================================================================================
SM 1705  922       133  22  0.00     0.0 205.7          M       15
================================================================================
AV 77.5 41.9                               9.4 FASTST   M    M   1    MAX(MPH)
                                 MISC ---->    41   M                 53    M
================================================================================
NOTES:
# LAST OF SEVERAL OCCURRENCES

COLUMN 17 PEAK WIND IN M.P.H.

PRELIMINARY LOCAL CLIMATOLOGICAL DATA (WS FORM: F-6) , PAGE 2

                                          STATION:  Artesia
                                          MONTH:    MARCH
                                          YEAR:     2017
                                          LATITUDE:   32 54 N
                                          LONGITUDE: 104 30 W

[TEMPERATURE DATA]      [PRECIPITATION DATA]       SYMBOLS USED IN COLUMN 16

AVERAGE MONTHLY: 59.7   TOTAL FOR MONTH:   0.00    1 = FOG OR MIST
DPTR FM NORMAL:     M   DPTR FM NORMAL:       M    2 = FOG REDUCING VISIBILITY
HIGHEST:    91 ON 19    GRTST 24HR  0.00 ON 22-22      TO 1/4 MILE OR LESS
LOWEST:     27 ON  2                               3 = THUNDER
                        SNOW, ICE PELLETS, HAIL    4 = ICE PELLETS
                        TOTAL MONTH:   0.0 INCH    5 = HAIL
                        GRTST 24HR     0.0         6 = FREEZING RAIN OR DRIZZLE
                        GRTST DEPTH:   0           7 = DUSTSTORM OR SANDSTORM:
                                                       VSBY 1/2 MILE OR LESS
                                                   8 = SMOKE OR HAZE
[NO. OF DAYS WITH]      [WEATHER - DAYS WITH]      9 = BLOWING SNOW
                                                   X = TORNADO
MAX 32 OR BELOW:   0    0.01 INCH OR MORE:   0
MAX 90 OR ABOVE:   3    0.10 INCH OR MORE:   0
MIN 32 OR BELOW:   3    0.50 INCH OR MORE:   0
MIN  0 OR BELOW:   0    1.00 INCH OR MORE:   0

[HDD (BASE 65) ]
TOTAL THIS MO.   133    CLEAR  (SCALE 0-3)  20
DPTR FM NORMAL     M    PTCLDY (SCALE 4-7)   2
TOTAL FM JUL 1  2140    CLOUDY (SCALE 8-10)  0
DPTR FM NORMAL     M

[CDD (BASE 65) ]
TOTAL THIS MO.    22
DPTR FM NORMAL     M    [PRESSURE DATA]
TOTAL FM JAN 1    26    HIGHEST SLP M ON M
DPTR FM NORMAL     M    LOWEST  SLP M ON M

[REMARKS]
