000
CXUS54 KMAF 281100
CF6ATS
PRELIMINARY LOCAL CLIMATOLOGICAL DATA (WS FORM: F-6)

                                          STATION:   Artesia
                                          MONTH:     MARCH
                                          YEAR:      2015
                                          LATITUDE:   32 54 N
                                          LONGITUDE: 104 30 W

  TEMPERATURE IN F:       :PCPN:    SNOW:  WIND      :SUNSHINE: SKY     :PK WND
================================================================================
1   2   3   4   5  6A  6B    7    8   9   10  11  12  13   14  15   16   17  18
                                     12Z  AVG MX 2MIN
DY MAX MIN AVG DEP HDD CDD  WTR  SNW DPTH SPD SPD DIR MIN PSBL S-S WX    SPD DR
================================================================================

 1  48  30  39   M  26   0 0.00  0.0    0  6.2 15 160   M    M   8 12      M  M
 2  41  32  37   M  28   0 0.00  0.0    0 13.8 22 150   M    M   7 1      28 150
 3  63  36  50   M  15   0 0.00  0.0    0  9.2 18 150   M    M   6 1      18 220
 4  50  27  39   M  26   0 0.00  0.0    0 13.7 25  10   M    M   9        33  10
 5  43  25  34   M  31   0 0.00  0.0    0  7.8 18 150   M    M   5        13   0
 6  59  23  41   M  24   0 0.00  0.0    0  5.6 15 160   M    M   4 12     14 150
 7  59  30  45   M  20   0 0.00  0.0    0  4.6 13 230   M    M   0         M  M
 8  64  41  53   M  12   0 0.00  0.0    0  4.1 10 170   M    M   4         M  M
 9  66  41  54   M  11   0 0.00  0.0    0  9.4 23 300   M    M   1        14 320
10  70  34  52   M  13   0 0.00  0.0    0  6.2 13 300   M    M   0         M  M
11  72  36  54   M  11   0 0.00  0.0    0  7.0 12 240   M    M   0         M  M
12  68  37  53   M  12   0 0.00  0.0    0  8.2 15 140   M    M   0        12 200
13  72  36  54   M  11   0 0.00  0.0    0  9.6 21  40   M    M   1        31  40
14  68  43  56   M   9   0 0.00  0.0    0 10.8 18  30   M    M   4        27  30
15  66  32  49   M  16   0 0.00  0.0    0  7.5 12 240   M    M   0        18  99
16  75  39  57   M   8   0 0.00  0.0    0  6.9 16 160   M    M   0        20 140
17  63  43  53   M  12   0 0.04    M    0 10.0 28  10   M    M   9        28  10
18  68  43  56   M   9   0 0.00  0.0    0  6.7 15 150   M    M   5 1      20 140
19  75  48  62   M   3   0 0.00  0.0    0  9.4 22  10   M    M   2 3      30  10
20  61  46  54   M  11   0 0.00  0.0    0  8.8 15 350   M    M   7        14 320
21  57  41  49   M  16   0 0.01    M    0  5.5 10 160   M    M   2         M  M
22  82  37  60   M   5   0 0.00  0.0    0  6.3 15 250   M    M   1 128    17  99
23  84  45  65   M   0   0 0.00  0.0    0 10.8 28 240   M    M   0        36 240
24  81  41  61   M   4   0 0.00  0.0    0  9.2 17 150   M    M   0        21 130
25  79  45  62   M   3   0 0.00  0.0    0 13.9 37  20   M    M   0 8      51  20
26  63  34  49   M  16   0 0.00  0.0    0  7.3 14 340   M    M   0         M  M
27  81  37  59   M   6   0 0.00  0.0    0  5.8 15 260   M    M   0        13 160
================================================================================
SM 1778 1002       358   0  0.05     0.0 224.3          M       75
================================================================================
AV 65.9 37.1                               8.3 FASTST   M    M   3    MAX(MPH)
                                 MISC ---->    37   M                 51    M
================================================================================
NOTES:
# LAST OF SEVERAL OCCURRENCES

COLUMN 17 PEAK WIND IN M.P.H.

PRELIMINARY LOCAL CLIMATOLOGICAL DATA (WS FORM: F-6) , PAGE 2

                                          STATION:  Artesia
                                          MONTH:    MARCH
                                          YEAR:     2015
                                          LATITUDE:   32 54 N
                                          LONGITUDE: 104 30 W

[TEMPERATURE DATA]      [PRECIPITATION DATA]       SYMBOLS USED IN COLUMN 16

AVERAGE MONTHLY: 51.5   TOTAL FOR MONTH:   0.05    1 = FOG OR MIST
DPTR FM NORMAL:     M   DPTR FM NORMAL:       M    2 = FOG REDUCING VISIBILITY
HIGHEST:    84 ON 23    GRTST 24HR  0.04 ON 17-17      TO 1/4 MILE OR LESS
LOWEST:     23 ON  6                               3 = THUNDER
                        SNOW, ICE PELLETS, HAIL    4 = ICE PELLETS
                        TOTAL MONTH:   0.0 INCH    5 = HAIL
                        GRTST 24HR     0.0         6 = FREEZING RAIN OR DRIZZLE
                        GRTST DEPTH:   0           7 = DUSTSTORM OR SANDSTORM:
                                                       VSBY 1/2 MILE OR LESS
                                                   8 = SMOKE OR HAZE
[NO. OF DAYS WITH]      [WEATHER - DAYS WITH]      9 = BLOWING SNOW
                                                   X = TORNADO
MAX 32 OR BELOW:   0    0.01 INCH OR MORE:   2
MAX 90 OR ABOVE:   0    0.10 INCH OR MORE:   0
MIN 32 OR BELOW:   7    0.50 INCH OR MORE:   0
MIN  0 OR BELOW:   0    1.00 INCH OR MORE:   0

[HDD (BASE 65) ]
TOTAL THIS MO.   358    CLEAR  (SCALE 0-3)  16
DPTR FM NORMAL     M    PTCLDY (SCALE 4-7)   9
TOTAL FM JUL 1  2322    CLOUDY (SCALE 8-10)  2
DPTR FM NORMAL     M

[CDD (BASE 65) ]
TOTAL THIS MO.     0
DPTR FM NORMAL     M    [PRESSURE DATA]
TOTAL FM JAN 1     0    HIGHEST SLP M ON M
DPTR FM NORMAL     M    LOWEST  SLP M ON M

[REMARKS]
