000
CXUS55 KABR 181400
CF6ATY
PRELIMINARY LOCAL CLIMATOLOGICAL DATA (WS FORM: F-6)

                                          STATION:   WATERTOWN SD
                                          MONTH:     SEPTEMBER
                                          YEAR:      2014
                                          LATITUDE:   44 55 N
                                          LONGITUDE:  97  9 W

  TEMPERATURE IN F:       :PCPN:    SNOW:  WIND      :SUNSHINE: SKY     :PK WND
================================================================================
1   2   3   4   5  6A  6B    7    8   9   10  11  12  13   14  15   16   17  18
                                     12Z  AVG MX 2MIN
DY MAX MIN AVG DEP HDD CDD  WTR  SNW DPTH SPD SPD DIR MIN PSBL S-S WX    SPD DR
================================================================================

 1  76  58  67   2   0   2    T  0.0    0  8.2 25 240   M    M   3 123    35 220
 2  76  49  63  -2   2   0 0.00  0.0    0  8.9 20 210   M    M   0        26 220
 3  78  59  69   5   0   4 0.26  0.0    0  9.8 18 180   M    M   6 13     24 180
 4  80  57  69   5   0   4 0.00  0.0    0 12.3 22 310   M    M   3        29 310
 5  65  49  57  -7   8   0 0.00  0.0    0  8.8 17 330   M    M   1        23 310
 6  74  46  60  -3   5   0 0.00  0.0    0  8.6 18 220   M    M   0        26 250
 7  77  50  64   1   1   0 0.00  0.0    0 12.9 23 180   M    M   0        31 200
 8  77  57  67   5   0   2    T  0.0    0 12.5 26 210   M    M   0 138    32 210
 9  62  51  57  -5   8   0 0.19  0.0    0 12.9 29  10   M    M   9 12     36  10
10  51  44  48 -14  17   0 0.02  0.0    0 15.9 26 360   M    M  10 1      35 360
11  52  37  45 -16  20   0 0.01  0.0    0  9.7 18  10   M    M   9        22  20
12  52  36  44 -17  21   0 0.00  0.0    0  4.3 13 340   M    M   6        17 340
13  61  34  48 -12  17   0 0.00  0.0    0 13.2 31 200   M    M   0        37 200
14  59  40  50 -10  15   0    T  0.0    0  4.7 12 220   M    M   3        16 280
15  61  39  50  -9  15   0 0.07    M    0  5.8 14 350   M    M   3        19 350
16  69  36  53  -6  12   0 0.00  0.0    0  9.4 20 180   M    M   2        24 180
17  74  46  60   2   5   0 0.00  0.0    0  4.2 12  50   M    M   1 1      15  60
================================================================================
SM 1144  788       146  12  0.55     0.0 162.1          M       56
================================================================================
AV 67.3 46.4                               9.5 FASTST   M    M   3    MAX(MPH)
                                 MISC ---->  # 31 200               # 37  200
================================================================================
NOTES:
# LAST OF SEVERAL OCCURRENCES

COLUMN 17 PEAK WIND IN M.P.H.

PRELIMINARY LOCAL CLIMATOLOGICAL DATA (WS FORM: F-6) , PAGE 2

                                          STATION:  WATERTOWN SD
                                          MONTH:    SEPTEMBER
                                          YEAR:     2014
                                          LATITUDE:   44 55 N
                                          LONGITUDE:  97  9 W

[TEMPERATURE DATA]      [PRECIPITATION DATA]       SYMBOLS USED IN COLUMN 16

AVERAGE MONTHLY: 56.8   TOTAL FOR MONTH:   0.55    1 = FOG OR MIST
DPTR FM NORMAL:  -5.1   DPTR FM NORMAL:   -1.03    2 = FOG REDUCING VISIBILITY
HIGHEST:    80 ON  4    GRTST 24HR  0.26 ON  3- 3      TO 1/4 MILE OR LESS
LOWEST:     34 ON 13                               3 = THUNDER
                        SNOW, ICE PELLETS, HAIL    4 = ICE PELLETS
                        TOTAL MONTH:   0.0 INCH    5 = HAIL
                        GRTST 24HR     0.0         6 = FREEZING RAIN OR DRIZZLE
                        GRTST DEPTH:   0           7 = DUSTSTORM OR SANDSTORM:
                                                       VSBY 1/2 MILE OR LESS
                                                   8 = SMOKE OR HAZE
[NO. OF DAYS WITH]      [WEATHER - DAYS WITH]      9 = BLOWING SNOW
                                                   X = TORNADO
MAX 32 OR BELOW:   0    0.01 INCH OR MORE:   5
MAX 90 OR ABOVE:   0    0.10 INCH OR MORE:   2
MIN 32 OR BELOW:   0    0.50 INCH OR MORE:   0
MIN  0 OR BELOW:   0    1.00 INCH OR MORE:   0

[HDD (BASE 65) ]
TOTAL THIS MO.   146    CLEAR  (SCALE 0-3)  10
DPTR FM NORMAL    60    PTCLDY (SCALE 4-7)   4
TOTAL FM JUL 1   200    CLOUDY (SCALE 8-10)  3
DPTR FM NORMAL    57

[CDD (BASE 65) ]
TOTAL THIS MO.    12
DPTR FM NORMAL   -21    [PRESSURE DATA]
TOTAL FM JAN 1   345    HIGHEST SLP M ON M
DPTR FM NORMAL  -162    LOWEST  SLP 29.46 ON  4

[REMARKS]
