000
CXUS51 KGYX 011000
CF6AUG
PRELIMINARY LOCAL CLIMATOLOGICAL DATA (WS FORM: F-6)

                                          STATION:   AUGUSTA
                                          MONTH:     AUGUST
                                          YEAR:      2014
                                          LATITUDE:   44 18 N
                                          LONGITUDE:  69 48 W

  TEMPERATURE IN F:       :PCPN:    SNOW:  WIND      :SUNSHINE: SKY     :PK WND
================================================================================
1   2   3   4   5  6A  6B    7    8   9   10  11  12  13   14  15   16   17  18
                                     12Z  AVG MX 2MIN
DY MAX MIN AVG DEP HDD CDD  WTR  SNW DPTH SPD SPD DIR MIN PSBL S-S WX    SPD DR
================================================================================

 1  80  57  69  -1   0   4 0.00  0.0    0  3.8 14 160   M    M   3 12     21 170
 2  75  58  67  -3   0   2    T  0.0    0  3.6 12 170   M    M   4 1      18 190
 3  74  55  65  -5   0   0 0.00  0.0    0  3.8  9 150   M    M   2 12     13 140
 4  81  57  69  -1   0   4    T  0.0    0  3.3 12 220   M    M   4 12     19 220
 5  82  62  72   2   0   7 0.04  0.0    0  3.7 13 160   M    M   2 13     17 170
 6  77  62  70   0   0   5 0.79  0.0    0  3.8 21 300   M    M   4 13     29 290
 7  71  57  64  -6   1   0    T  0.0    0  4.6 12 310   M    M   4 3      18 280
 8  80  57  69  -1   0   4 0.37  0.0    0  7.2 17  10   M    M   5 13     23 360
 9  81  59  70   1   0   5 0.00  0.0    0  6.2 15 350   M    M   2        19 360
10  80  59  70   1   0   5 0.00  0.0    0  3.8  9  40   M    M   1        11  50
11  83  59  71   2   0   6 0.00  0.0    0  3.3 13 160   M    M   1 12     18 150
12  76  62  69   0   0   4 0.00  0.0    0  7.3 14 140   M    M   8 12     18 150
13  66  60  63  -6   2   0 3.02  0.0    0  9.4 21 110   M    M  10 13     29 100
14  75  59  67  -2   0   2 0.51  0.0    0  6.6 14 340   M    M   9 13     18 320
15  67  54  61  -8   4   0 0.03  0.0    0  2.6  8  60   M    M   7 1      11 160
16  72  57  65  -4   0   0    T  0.0    0  3.5 12 240   M    M   6        17 280
17  71  59  65  -3   0   0 0.04  0.0    0  4.9 14 280   M    M   8 1      20 310
18  72  53  63  -5   2   0 0.03  0.0    0  8.0 16 310   M    M   6 1      22 290
19  76  50  63  -5   2   0 0.00  0.0    0  3.9  9 300   M    M   1        13 240
20  79  53  66  -2   0   1 0.00  0.0    0  2.5  8  40   M    M   1 1      13 200
21  75  56  66  -2   0   1    T  0.0    0  2.9  8  90   M    M   3        12 210
22  74  61  68   0   0   3 0.01  0.0    0  4.6 13  80   M    M   9 1      17  30
23  75  57  66  -1   0   1 0.00  0.0    0  5.1 12  30   M    M   8        15  20
24  82  54  68   1   0   3 0.00  0.0    0  4.5 13 350   M    M   1        17 340
25  87  61  74   7   0   9 0.00  0.0    0  3.8  9 330   M    M   0        12 330
26  83  60  72   5   0   7 0.00  0.0    0  5.5 13 160   M    M   2 12     19 180
27  87  62  75   9   0  10 0.26  0.0    0  4.3 12 330   M    M   1 1      15 330
28  76  57  67   1   0   2 0.00  0.0    0  8.8 22 320   M    M   3 1      28 330
29  71  52  62  -4   3   0 0.00  0.0    0  5.2 12 350   M    M   0         M  M
30  72  52  62  -4   3   0 0.00  0.0    0  7.8 16 160   M    M   1        26 180
31  79  60  70   4   0   5 0.13  0.0    0  5.3 10 160   M    M   5 1      16 200
================================================================================
SM 2379 1781        17  90  5.23     0.0 153.6          M      121
================================================================================
AV 76.7 57.5                               5.0 FASTST   M    M   4    MAX(MPH)
                                 MISC ---->  # 22 320               # 29  290
================================================================================
NOTES:
# LAST OF SEVERAL OCCURRENCES

COLUMN 17 PEAK WIND IN M.P.H.

PRELIMINARY LOCAL CLIMATOLOGICAL DATA (WS FORM: F-6) , PAGE 2

                                          STATION:  AUGUSTA
                                          MONTH:    AUGUST
                                          YEAR:     2014
                                          LATITUDE:   44 18 N
                                          LONGITUDE:  69 48 W

[TEMPERATURE DATA]      [PRECIPITATION DATA]       SYMBOLS USED IN COLUMN 16

AVERAGE MONTHLY: 67.1   TOTAL FOR MONTH:   5.23    1 = FOG OR MIST
DPTR FM NORMAL:  -1.2   DPTR FM NORMAL:    1.92    2 = FOG REDUCING VISIBILITY
HIGHEST:    87 ON 27,25 GRTST 24HR  3.53 ON 13-14      TO 1/4 MILE OR LESS
LOWEST:     50 ON 19                               3 = THUNDER
                        SNOW, ICE PELLETS, HAIL    4 = ICE PELLETS
                        TOTAL MONTH:   0.0 INCH    5 = HAIL
                        GRTST 24HR     0.0         6 = FREEZING RAIN OR DRIZZLE
                        GRTST DEPTH:   0           7 = DUSTSTORM OR SANDSTORM:
                                                       VSBY 1/2 MILE OR LESS
                                                   8 = SMOKE OR HAZE
[NO. OF DAYS WITH]      [WEATHER - DAYS WITH]      9 = BLOWING SNOW
                                                   X = TORNADO
MAX 32 OR BELOW:   0    0.01 INCH OR MORE:  11
MAX 90 OR ABOVE:   0    0.10 INCH OR MORE:   6
MIN 32 OR BELOW:   0    0.50 INCH OR MORE:   3
MIN  0 OR BELOW:   0    1.00 INCH OR MORE:   1

[HDD (BASE 65) ]
TOTAL THIS MO.    17    CLEAR  (SCALE 0-3)  15
DPTR FM NORMAL    -9    PTCLDY (SCALE 4-7)  12
TOTAL FM JUL 1    19    CLOUDY (SCALE 8-10)  4
DPTR FM NORMAL   -23

[CDD (BASE 65) ]
TOTAL THIS MO.    90
DPTR FM NORMAL   -37    [PRESSURE DATA]
TOTAL FM JAN 1   314    HIGHEST SLP 30.28 ON 30
DPTR FM NORMAL   -43    LOWEST  SLP 29.60 ON 14

[REMARKS]
#FINAL-08-14#
